{"id":23448,"date":"2026-03-14T10:50:16","date_gmt":"2026-03-14T14:50:16","guid":{"rendered":"https:\/\/plq.enconstruction.website\/?p=23448"},"modified":"2026-08-31T15:13:36","modified_gmt":"2026-08-31T19:13:36","slug":"sophie-martinbeault-candidate-officielle-du-parti-liberal-du-quebec-dans-nicolet-becancour","status":"publish","type":"communique","link":"https:\/\/plq.org\/en\/communique\/sophie-martinbeault-candidate-officielle-du-parti-liberal-du-quebec-dans-nicolet-becancour\/","title":{"rendered":"Sophie Martinbeault, candidate officielle du Parti lib\u00e9ral du Qu\u00e9bec dans Nicolet-B\u00e9cancour"},"content":{"rendered":"[vc_row type=\"in_container\u00a0\" full_screen_row_position=\"middle\" column_margin=\"default\" column_direction=\"default\" column_direction_tablet=\"default\" column_direction_phone=\"default\" scene_position=\"center\" text_color=\"dark\u00a0\" text_align=\"left\" row_border_radius=\"none\" row_border_radius_applies=\"bg\u00a0\" row_position_desktop=\"default\" row_position_tablet=\"inherit\" row_position_phone=\"inherit\" overflow=\"visible\" overlay_strength=\u00a0\"0.3\" gradient_direction=\"left_to_right\" shape_divider_position=\"bottom\" bg_image_animation=\"none\"][vc_column column_padding=\"no-extra-padding\" column_padding_tablet=\"inherit\" column_padding_phone=\"inherit\" column_padding_position=\"all\u00a0\" flex_gap_desktop=\"10px\" column_element_direction_desktop=\"default\" column_element_spacing=\"default\" desktop_text_alignment=\"default\" tablet_text_alignment=\"default\" phone_text_alignment=\u00a0\"default\" background_color_opacity=\"1\" background_hover_color_opacity=\"1\" column_backdrop_filter=\"none\" column_shadow=\"none\" column_border_radius=\"none\" column_link_target=\u00a0\"_self\" column_position=\"default\" gradient_direction=\"left_to_right\" overlay_strength=\"0.3\" width=\u00a0\"1\/1\" tablet_width_inherit=\"default\" animation_type=\"default\" bg_image_animation=\"none\" border_type=\"simple\" column_border_width=\"none\" column_border_style=\"solid\"][image_with_animation image_url=\"23449\" image_size=\"full\" max_width=\"100%\u00a0\" max_width_mobile=\"default\" animation_type=\"entrance\" animation=\"None\" animation_movement_type=\"transform_y\" hover_animation=\"none\" alignment=\"\" border_radius=\"none\u00a0\" box_shadow=\"none\" image_loading=\"default\"][vc_column_text css=\"\" text_direction=\"default\"]<strong>In the presence of Charles Milliard, Leader of the Quebec Liberal Party, Brigitte Garceau, MNA for Robert-Baldwin and godmother of the Centre-du-Qu\u00e9bec region, and more than sixty activists from the region, Sophie Martinbeault was officially nominated as the QLP candidate in the Nicolet-B\u00e9cancour riding.<\/strong>\n<p>Sophie Martinbeault, 30, has been teaching vocational training for nearly ten years and is co-founder of an organic farming business in Saint-Wenceslas. After arriving in the region nine years ago to build a market-gardening project, she quickly became involved in her community, notably as an elected municipal official.<\/p>\n<p>A graduate of the \u00c9cole d'agriculture de Nicolet, she knows first-hand the realities of the riding and its thirty or so municipalities, including the Abenaki communities of Odanak and W\u00f4linak.<\/p>\n<p><strong>Biographical details<\/strong><\/p>\n<p>A vocational training teacher since 2018, Sophie Martinbeault is also co-owner of an organic market gardening business. Her background has enabled her to develop solid expertise in sustainable agriculture, management and local development.<\/p>\n<p>Over the years, her professional commitment has taken her throughout the Nicolet-B\u00e9cancour riding to meet producers, workers and entrepreneurs. These exchanges have strengthened her conviction that the region's vitality depends on making the most of our resources, and improving access to healthy, local food products for the entire population.<\/p>\n<p>Currently in the process of completing a bachelor's degree in vocational education, she sees education as an essential pillar of progress, in both technological and human terms.<\/p>\n<p>From 2021 to 2024, Sophie was a municipal councillor in Saint-Wenceslas, and also served as deputy mayor. This experience enabled her to gain a concrete understanding of municipal challenges, particularly in the areas of citizen services, infrastructure and regional economic development.<\/p>\n<p>A candidate in the 2026 provincial elections, Sophie has joined the Quebec Liberal Party with the goal of actively contributing to her region\u2019s prosperity and Quebec\u2019s vitality.[\/vc_column_text][\/vc_column][\/vc_row]<\/p>","protected":false},"featured_media":23449,"template":"","meta":{"_acf_changed":false,"_seopress_titles_title":"","_seopress_titles_desc":"","_seopress_robots_index":"","_seopress_robots_follow":"","_seopress_robots_imageindex":"","_seopress_robots_snippet":"","_seopress_robots_primary_cat":"","_seopress_robots_breadcrumbs":"","_seopress_robots_freeze_modified_date":"","_seopress_robots_custom_modified_date":"","_seopress_robots_canonical":"","_seopress_social_fb_title":"","_seopress_social_fb_desc":"","_seopress_social_fb_img":"","_seopress_social_fb_img_attachment_id":0,"_seopress_social_fb_img_width":0,"_seopress_social_fb_img_height":0,"_seopress_social_twitter_title":"","_seopress_social_twitter_desc":"","_seopress_social_twitter_img":"","_seopress_social_twitter_img_attachment_id":0,"_seopress_social_twitter_img_width":0,"_seopress_social_twitter_img_height":0,"_seopress_redirections_value":"","_seopress_redirections_enabled":"","_seopress_redirections_enabled_regex":"","_seopress_redirections_logged_status":"","_seopress_redirections_param":"","_seopress_redirections_type":0,"_seopress_analysis_target_kw":"","_seopress_news_disabled":"","_seopress_video_disabled":"","_seopress_video":[],"_seopress_pro_schemas_manual":[],"_seopress_pro_rich_snippets_disable_all":"","_seopress_pro_rich_snippets_disable":[],"_seopress_pro_schemas":[],"inline_featured_image":false},"circonscription":[],"dossier":[],"langue":[173],"nouvelle-a-la-une":[],"class_list":["post-23448","communique","type-communique","status-publish","has-post-thumbnail","langue-francais"],"acf":[],"_links":{"self":[{"href":"https:\/\/plq.org\/en\/wp-json\/wp\/v2\/communique\/23448","targetHints":{"allow":["GET"]}}],"collection":[{"href":"https:\/\/plq.org\/en\/wp-json\/wp\/v2\/communique"}],"about":[{"href":"https:\/\/plq.org\/en\/wp-json\/wp\/v2\/types\/communique"}],"wp:featuredmedia":[{"embeddable":true,"href":"https:\/\/plq.org\/en\/wp-json\/wp\/v2\/media\/23449"}],"wp:attachment":[{"href":"https:\/\/plq.org\/en\/wp-json\/wp\/v2\/media?parent=23448"}],"wp:term":[{"taxonomy":"circonscription","embeddable":true,"href":"https:\/\/plq.org\/en\/wp-json\/wp\/v2\/circonscription?post=23448"},{"taxonomy":"dossier","embeddable":true,"href":"https:\/\/plq.org\/en\/wp-json\/wp\/v2\/dossier?post=23448"},{"taxonomy":"langue","embeddable":true,"href":"https:\/\/plq.org\/en\/wp-json\/wp\/v2\/langue?post=23448"},{"taxonomy":"nouvelle-a-la-une","embeddable":true,"href":"https:\/\/plq.org\/en\/wp-json\/wp\/v2\/nouvelle-a-la-une?post=23448"}],"curies":[{"name":"wp","href":"https:\/\/api.w.org\/{rel}","templated":true}]}}

Sophie Martinbeault, candidate officielle du Parti libéral du Québec dans Nicolet-Bécancour

[vc_row type="in_container " full_screen_row_position="middle" column_margin="default" column_direction="default" column_direction_tablet="default" column_direction_phone="default" scene_position="center" text_color="dark " text_align="left" row_border_radius="none" row_border_radius_applies="bg " row_position_desktop="default" row_position_tablet="inherit" row_position_phone="inherit" overflow="visible" overlay_strength= "0.3" gradient_direction="left_to_right" shape_divider_position="bottom" bg_image_animation="none"][vc_column column_padding="no-extra-padding" column_padding_tablet="inherit" column_padding_phone="inherit" column_padding_position="all " flex_gap_desktop="10px" column_element_direction_desktop="default" column_element_spacing="default" desktop_text_alignment="default" tablet_text_alignment="default" phone_text_alignment= "default" background_color_opacity="1" background_hover_color_opacity="1" column_backdrop_filter="none" column_shadow="none" column_border_radius="none" column_link_target= "_self" column_position="default" gradient_direction="left_to_right" overlay_strength="0.3" width= "1/1" tablet_width_inherit="default" animation_type="default" bg_image_animation="none" border_type="simple" column_border_width="none" column_border_style="solid"][image_with_animation image_url="23449" image_size="full" max_width="100% " max_width_mobile="default" animation_type="entrance" animation="None" animation_movement_type="transform_y" hover_animation="none" alignment="" border_radius="none " box_shadow="none" image_loading="default"][vc_column_text css="" text_direction="default"]<strong>In the presence of Charles Milliard, Leader of the Quebec Liberal Party, Brigitte Garceau, MNA for Robert-Baldwin and godmother of the Centre-du-Québec region, and more than sixty activists from the region, Sophie Martinbeault was officially nominated as the QLP candidate in the Nicolet-Bécancour riding.</strong>
<p>Sophie Martinbeault, 30, has been teaching vocational training for nearly ten years and is co-founder of an organic farming business in Saint-Wenceslas. After arriving in the region nine years ago to build a market-gardening project, she quickly became involved in her community, notably as an elected municipal official.</p>
<p>A graduate of the École d'agriculture de Nicolet, she knows first-hand the realities of the riding and its thirty or so municipalities, including the Abenaki communities of Odanak and Wôlinak.</p>
<p><strong>Biographical details</strong></p>
<p>A vocational training teacher since 2018, Sophie Martinbeault is also co-owner of an organic market gardening business. Her background has enabled her to develop solid expertise in sustainable agriculture, management and local development.</p>
<p>Over the years, her professional commitment has taken her throughout the Nicolet-Bécancour riding to meet producers, workers and entrepreneurs. These exchanges have strengthened her conviction that the region's vitality depends on making the most of our resources, and improving access to healthy, local food products for the entire population.</p>
<p>Currently in the process of completing a bachelor's degree in vocational education, she sees education as an essential pillar of progress, in both technological and human terms.</p>
<p>From 2021 to 2024, Sophie was a municipal councillor in Saint-Wenceslas, and also served as deputy mayor. This experience enabled her to gain a concrete understanding of municipal challenges, particularly in the areas of citizen services, infrastructure and regional economic development.</p>
<p>A candidate in the 2026 provincial elections, Sophie has joined the Quebec Liberal Party with the goal of actively contributing to her region’s prosperity and Quebec’s vitality.[/vc_column_text][/vc_column][/vc_row]</p>
