{"id":23936,"date":"2026-06-03T09:26:51","date_gmt":"2026-06-03T13:26:51","guid":{"rendered":"https:\/\/plq.enconstruction.website\/?p=23936"},"modified":"2026-08-31T15:13:33","modified_gmt":"2026-08-31T19:13:33","slug":"pierre-cossette-candidat-officiel-du-parti-liberal-du-quebec-dans-sherbrooke","status":"publish","type":"communique","link":"https:\/\/plq.org\/en\/communique\/pierre-cossette-candidat-officiel-du-parti-liberal-du-quebec-dans-sherbrooke\/","title":{"rendered":"Pierre Cossette, candidat officiel du Parti lib\u00e9ral du Qu\u00e9bec dans Sherbrooke"},"content":{"rendered":"[vc_row type=\"in_container\u00a0\" full_screen_row_position=\"middle\" column_margin=\"default\" column_direction=\"default\" column_direction_tablet=\"default\" column_direction_phone=\"default\" scene_position=\"center\" text_color=\"dark\u00a0\" text_align=\"left\" row_border_radius=\"none\" row_border_radius_applies=\"bg\u00a0\" row_position_desktop=\"default\" row_position_tablet=\"inherit\" row_position_phone=\"inherit\" overflow=\"visible\" overlay_strength=\u00a0\"0.3\" gradient_direction=\"left_to_right\" shape_divider_position=\"bottom\" bg_image_animation=\"none\"][vc_column column_padding=\"no-extra-padding\" column_padding_tablet=\"inherit\" column_padding_phone=\"inherit\" column_padding_position=\"all\u00a0\" flex_gap_desktop=\"10px\" column_element_direction_desktop=\"default\" column_element_spacing=\"default\" desktop_text_alignment=\"default\" tablet_text_alignment=\"default\" phone_text_alignment=\u00a0\"default\" background_color_opacity=\"1\" background_hover_color_opacity=\"1\" column_backdrop_filter=\"none\" column_shadow=\"none\" column_border_radius=\"none\" column_link_target=\u00a0\"_self\" column_position=\"default\" gradient_direction=\"left_to_right\" overlay_strength=\"0.3\" width=\u00a0\"1\/1\" tablet_width_inherit=\"default\" animation_type=\"default\" bg_image_animation=\"none\" border_type=\"simple\" column_border_width=\"none\" column_border_style=\"solid\"][image_with_animation image_url=\"23937\" image_size=\"full\" max_width=\"100%\u00a0\" max_width_mobile=\"default\" animation_type=\"entrance\" animation=\"None\" animation_movement_type=\"transform_y\" hover_animation=\"none\" alignment=\"\" border_radius=\"none\u00a0\" box_shadow=\"none\" image_loading=\"default\"][\/vc_column][\/vc_row][vc_row type=\"in_container\u00a0\" full_screen_row_position=\"middle\" column_margin=\"default\" column_direction=\"default\" column_direction_tablet=\"default\" column_direction_phone=\"default\" scene_position=\"center\" text_color=\"dark\u00a0\" text_align=\"left\" row_border_radius=\"none\" row_border_radius_applies=\"bg\u00a0\" row_position_desktop=\"default\" row_position_tablet=\"inherit\" row_position_phone=\"inherit\" overflow=\"visible\" overlay_strength=\u00a0\"0.3\" gradient_direction=\"left_to_right\" shape_divider_position=\"bottom\" bg_image_animation=\"none\"][vc_column column_padding=\"no-extra-padding\" column_padding_tablet=\"inherit\" column_padding_phone=\"inherit\" column_padding_position=\"all\u00a0\" flex_gap_desktop=\"10px\" column_element_direction_desktop=\"default\" column_element_spacing=\"default\" desktop_text_alignment=\"default\" tablet_text_alignment=\"default\" phone_text_alignment=\u00a0\"default\" background_color_opacity=\"1\" background_hover_color_opacity=\"1\" column_backdrop_filter=\"none\" column_shadow=\"none\" column_border_radius=\"none\" column_link_target=\u00a0\"_self\" column_position=\"default\" gradient_direction=\"left_to_right\" overlay_strength=\"0.3\" width=\u00a0\"1\/1\" tablet_width_inherit=\"default\" animation_type=\"default\" bg_image_animation=\"none\" border_type=\"simple\" column_border_width=\"none\" column_border_style=\"solid\"][vc_column_text css=\"\" text_direction=\"default\"]<strong>Sherbrooke, May 11, 2026 - In the presence of Quebec Liberal Party leader Charles Milliard, Brome-Missisquoi MNA Fr\u00e9d\u00e9ric Beauchemin and local activists, Pierre Cossette was officially nominated as the QLP candidate in the Sherbrooke riding.<\/strong>\n<p>After beginning his career as a physician and teacher, and spending many years as a manager in hospitals and universities, Pierre Cossette is entering provincial politics as a member of the Quebec Liberal Party. After earning a doctorate in medicine from the Universit\u00e9 de Montr\u00e9al in 1991, he pursued postdoctoral studies in internal medicine at the Universit\u00e9 de Sherbrooke, completing them in 1995. He also obtained a Master's degree in Epidemiology and Biostatistics from McGill University in 1999. In 1997, he became a professor in the Department of Medicine, before rising through the Faculty's administrative ranks to become Dean in 2010.<\/p>\n<p>An avid supporter of development and innovation within his organization, Pierre Cossette led the Universit\u00e9 de Sherbrooke's Faculty of Medicine and Health Sciences to undertake a complete overhaul of the medical program, create a clinical simulation laboratory in cooperation with the CHUS, and develop the first cooperative nursing program in Quebec.<\/p>\n<p>In 2017, he became Rector of the Universit\u00e9 de Sherbrooke, a position he will hold until 2025. Under his leadership, thanks to the work of mobilized and committed teams, the university doubles its research revenues and implements a partnership strategy that will contribute to the development of nearly 500 research and innovation projects involving students, mainly with SMEs and the Quebec community. UdeS is also distinguished by the highest rating ever awarded in the world in the STARS sustainable development ranking.<\/p>\n<p>Mr. Cossette\u2019s dedication has been recognized on numerous occasions. In 2008, he received the Grand Prize from the Board of Directors of the Sherbrooke University Hospital Center (CHUS), and in 2009, he was awarded the Leadership Award by the Quebec Association of Health and Social Services Institutions. He was inducted into the Ordre national du Qu\u00e9bec at the rank of Chevalier in June 2024. Earlier this year, in February 2026, he was named a Chevalier of France\u2019s Ordre des Palmes acad\u00e9miques. These honors illustrate the impact of his leadership in the fields of health care, science, research, and higher education.[\/vc_column_text][\/vc_column][\/vc_row][vc_row type=\"in_container\u00a0\" full_screen_row_position=\"middle\" column_margin=\"default\" column_direction=\"default\" column_direction_tablet=\"default\" column_direction_phone=\"default\" scene_position=\"center\" text_color=\"dark\u00a0\" text_align=\"left\" row_border_radius=\"none\" row_border_radius_applies=\"bg\u00a0\" row_position_desktop=\"default\" row_position_tablet=\"inherit\" row_position_phone=\"inherit\" overflow=\"visible\" overlay_strength=\u00a0\"0.3\" gradient_direction=\"left_to_right\" shape_divider_position=\"bottom\" bg_image_animation=\"none\"][vc_column column_padding=\"no-extra-padding\" column_padding_tablet=\"inherit\" column_padding_phone=\"inherit\" column_padding_position=\"all\u00a0\" flex_gap_desktop=\"10px\" column_element_direction_desktop=\"default\" column_element_spacing=\"default\" desktop_text_alignment=\"default\" tablet_text_alignment=\"default\" phone_text_alignment=\u00a0\"default\" background_color_opacity=\"1\" background_hover_color_opacity=\"1\" column_backdrop_filter=\"none\" column_shadow=\"none\" column_border_radius=\"none\" column_link_target=\u00a0\"_self\" column_position=\"default\" gradient_direction=\"left_to_right\" overlay_strength=\"0.3\" width=\u00a0\"1\/1\" tablet_width_inherit=\"default\" animation_type=\"default\" bg_image_animation=\"none\" border_type=\"simple\" column_border_width=\"none\" column_border_style=\"solid\"][vc_column_text css= \u201d \u201d text_direction= \u201ddefault \u201d]<\/p><blockquote><p>\"Drawing on my career in medicine and my experience as a manager in hospitals and universities, I decided to pursue my commitment to the development of my community by getting involved in provincial politics, under the leadership of Charles Milliard. As a resident of the region for over thirty years, I know the people who live here and the issues that concern them. I am also aware of Sherbrooke's considerable potential, and I hope that, if the population places its trust in me, I will be able to contribute concrete ideas and proposals to the development of our community and of Quebec as a whole. It is with great enthusiasm that I embark on this adventure!<br>- Pierre Cossette, QLP candidate in Sherbrooke<\/p><\/blockquote>[\/vc_column_text][\/vc_column][\/vc_row][vc_row type=\"in_container\u00a0\" full_screen_row_position=\"middle\" column_margin=\"default\" column_direction=\"default\" column_direction_tablet=\"default\" column_direction_phone=\"default\" scene_position=\"center\" text_color=\"dark\u00a0\" text_align=\"left\" row_border_radius=\"none\" row_border_radius_applies=\"bg\u00a0\" row_position_desktop=\"default\" row_position_tablet=\"inherit\" row_position_phone=\"inherit\" overflow=\"visible\" overlay_strength=\u00a0\"0.3\" gradient_direction=\"left_to_right\" shape_divider_position=\"bottom\" bg_image_animation=\"none\"][vc_column column_padding=\"no-extra-padding\" column_padding_tablet=\"inherit\" column_padding_phone=\"inherit\" column_padding_position=\"all\u00a0\" flex_gap_desktop=\"10px\" column_element_direction_desktop=\"default\" column_element_spacing=\"default\" desktop_text_alignment=\"default\" tablet_text_alignment=\"default\" phone_text_alignment=\u00a0\"default\" background_color_opacity=\"1\" background_hover_color_opacity=\"1\" column_backdrop_filter=\"none\" column_shadow=\"none\" column_border_radius=\"none\" column_link_target=\u00a0\"_self\" column_position=\"default\" gradient_direction=\"left_to_right\" overlay_strength=\"0.3\" width=\u00a0\"1\/1\" tablet_width_inherit=\"default\" animation_type=\"default\" bg_image_animation=\"none\" border_type=\"simple\" column_border_width=\"none\" column_border_style=\"solid\"][vc_column_text css=\"\" text_direction=\"default\"]<blockquote><p>\"Pierre Cossette's arrival is great news for the Estrie region, which will be able to express itself strongly with the Quebec Liberal Party. Pierre's candidacy fits perfectly with our desire to find innovative solutions to the challenges facing our society, and to improve public services in Quebec, particularly in health and education. His experience and knowledge of local players make him the ideal candidate to represent the colors of the Quebec Liberal Party in the riding of Sherbrooke.\"<br>- Charles Milliard, Leader of the Quebec Liberal Party<\/p><\/blockquote>[\/vc_column_text][\/vc_column][\/vc_row]","protected":false},"featured_media":23937,"template":"","meta":{"_acf_changed":false,"_seopress_titles_title":"","_seopress_titles_desc":"","_seopress_robots_index":"","_seopress_robots_follow":"","_seopress_robots_imageindex":"","_seopress_robots_snippet":"","_seopress_robots_primary_cat":"","_seopress_robots_breadcrumbs":"","_seopress_robots_freeze_modified_date":"","_seopress_robots_custom_modified_date":"","_seopress_robots_canonical":"","_seopress_social_fb_title":"","_seopress_social_fb_desc":"","_seopress_social_fb_img":"","_seopress_social_fb_img_attachment_id":0,"_seopress_social_fb_img_width":0,"_seopress_social_fb_img_height":0,"_seopress_social_twitter_title":"","_seopress_social_twitter_desc":"","_seopress_social_twitter_img":"","_seopress_social_twitter_img_attachment_id":0,"_seopress_social_twitter_img_width":0,"_seopress_social_twitter_img_height":0,"_seopress_redirections_value":"","_seopress_redirections_enabled":"","_seopress_redirections_enabled_regex":"","_seopress_redirections_logged_status":"","_seopress_redirections_param":"","_seopress_redirections_type":0,"_seopress_analysis_target_kw":"","_seopress_news_disabled":"","_seopress_video_disabled":"","_seopress_video":[],"_seopress_pro_schemas_manual":[],"_seopress_pro_rich_snippets_disable_all":"","_seopress_pro_rich_snippets_disable":[],"_seopress_pro_schemas":[],"inline_featured_image":false},"circonscription":[117],"dossier":[175],"langue":[173,174],"nouvelle-a-la-une":[],"class_list":["post-23936","communique","type-communique","status-publish","has-post-thumbnail","circonscription-sherbrooke","dossier-le-parti","langue-francais","langue-anglais"],"acf":[],"_links":{"self":[{"href":"https:\/\/plq.org\/en\/wp-json\/wp\/v2\/communique\/23936","targetHints":{"allow":["GET"]}}],"collection":[{"href":"https:\/\/plq.org\/en\/wp-json\/wp\/v2\/communique"}],"about":[{"href":"https:\/\/plq.org\/en\/wp-json\/wp\/v2\/types\/communique"}],"wp:featuredmedia":[{"embeddable":true,"href":"https:\/\/plq.org\/en\/wp-json\/wp\/v2\/media\/23937"}],"wp:attachment":[{"href":"https:\/\/plq.org\/en\/wp-json\/wp\/v2\/media?parent=23936"}],"wp:term":[{"taxonomy":"circonscription","embeddable":true,"href":"https:\/\/plq.org\/en\/wp-json\/wp\/v2\/circonscription?post=23936"},{"taxonomy":"dossier","embeddable":true,"href":"https:\/\/plq.org\/en\/wp-json\/wp\/v2\/dossier?post=23936"},{"taxonomy":"langue","embeddable":true,"href":"https:\/\/plq.org\/en\/wp-json\/wp\/v2\/langue?post=23936"},{"taxonomy":"nouvelle-a-la-une","embeddable":true,"href":"https:\/\/plq.org\/en\/wp-json\/wp\/v2\/nouvelle-a-la-une?post=23936"}],"curies":[{"name":"wp","href":"https:\/\/api.w.org\/{rel}","templated":true}]}}

Pierre Cossette, candidat officiel du Parti libéral du Québec dans Sherbrooke

[vc_row type="in_container " full_screen_row_position="middle" column_margin="default" column_direction="default" column_direction_tablet="default" column_direction_phone="default" scene_position="center" text_color="dark " text_align="left" row_border_radius="none" row_border_radius_applies="bg " row_position_desktop="default" row_position_tablet="inherit" row_position_phone="inherit" overflow="visible" overlay_strength= "0.3" gradient_direction="left_to_right" shape_divider_position="bottom" bg_image_animation="none"][vc_column column_padding="no-extra-padding" column_padding_tablet="inherit" column_padding_phone="inherit" column_padding_position="all " flex_gap_desktop="10px" column_element_direction_desktop="default" column_element_spacing="default" desktop_text_alignment="default" tablet_text_alignment="default" phone_text_alignment= "default" background_color_opacity="1" background_hover_color_opacity="1" column_backdrop_filter="none" column_shadow="none" column_border_radius="none" column_link_target= "_self" column_position="default" gradient_direction="left_to_right" overlay_strength="0.3" width= "1/1" tablet_width_inherit="default" animation_type="default" bg_image_animation="none" border_type="simple" column_border_width="none" column_border_style="solid"][image_with_animation image_url="23937" image_size="full" max_width="100% " max_width_mobile="default" animation_type="entrance" animation="None" animation_movement_type="transform_y" hover_animation="none" alignment="" border_radius="none " box_shadow="none" image_loading="default"][/vc_column][/vc_row][vc_row type="in_container " full_screen_row_position="middle" column_margin="default" column_direction="default" column_direction_tablet="default" column_direction_phone="default" scene_position="center" text_color="dark " text_align="left" row_border_radius="none" row_border_radius_applies="bg " row_position_desktop="default" row_position_tablet="inherit" row_position_phone="inherit" overflow="visible" overlay_strength= "0.3" gradient_direction="left_to_right" shape_divider_position="bottom" bg_image_animation="none"][vc_column column_padding="no-extra-padding" column_padding_tablet="inherit" column_padding_phone="inherit" column_padding_position="all " flex_gap_desktop="10px" column_element_direction_desktop="default" column_element_spacing="default" desktop_text_alignment="default" tablet_text_alignment="default" phone_text_alignment= "default" background_color_opacity="1" background_hover_color_opacity="1" column_backdrop_filter="none" column_shadow="none" column_border_radius="none" column_link_target= "_self" column_position="default" gradient_direction="left_to_right" overlay_strength="0.3" width= "1/1" tablet_width_inherit="default" animation_type="default" bg_image_animation="none" border_type="simple" column_border_width="none" column_border_style="solid"][vc_column_text css="" text_direction="default"]<strong>Sherbrooke, May 11, 2026 - In the presence of Quebec Liberal Party leader Charles Milliard, Brome-Missisquoi MNA Frédéric Beauchemin and local activists, Pierre Cossette was officially nominated as the QLP candidate in the Sherbrooke riding.</strong>
<p>After beginning his career as a physician and teacher, and spending many years as a manager in hospitals and universities, Pierre Cossette is entering provincial politics as a member of the Quebec Liberal Party. After earning a doctorate in medicine from the Université de Montréal in 1991, he pursued postdoctoral studies in internal medicine at the Université de Sherbrooke, completing them in 1995. He also obtained a Master's degree in Epidemiology and Biostatistics from McGill University in 1999. In 1997, he became a professor in the Department of Medicine, before rising through the Faculty's administrative ranks to become Dean in 2010.</p>
<p>An avid supporter of development and innovation within his organization, Pierre Cossette led the Université de Sherbrooke's Faculty of Medicine and Health Sciences to undertake a complete overhaul of the medical program, create a clinical simulation laboratory in cooperation with the CHUS, and develop the first cooperative nursing program in Quebec.</p>
<p>In 2017, he became Rector of the Université de Sherbrooke, a position he will hold until 2025. Under his leadership, thanks to the work of mobilized and committed teams, the university doubles its research revenues and implements a partnership strategy that will contribute to the development of nearly 500 research and innovation projects involving students, mainly with SMEs and the Quebec community. UdeS is also distinguished by the highest rating ever awarded in the world in the STARS sustainable development ranking.</p>
<p>Mr. Cossette’s dedication has been recognized on numerous occasions. In 2008, he received the Grand Prize from the Board of Directors of the Sherbrooke University Hospital Center (CHUS), and in 2009, he was awarded the Leadership Award by the Quebec Association of Health and Social Services Institutions. He was inducted into the Ordre national du Québec at the rank of Chevalier in June 2024. Earlier this year, in February 2026, he was named a Chevalier of France’s Ordre des Palmes académiques. These honors illustrate the impact of his leadership in the fields of health care, science, research, and higher education.[/vc_column_text][/vc_column][/vc_row][vc_row type="in_container " full_screen_row_position="middle" column_margin="default" column_direction="default" column_direction_tablet="default" column_direction_phone="default" scene_position="center" text_color="dark " text_align="left" row_border_radius="none" row_border_radius_applies="bg " row_position_desktop="default" row_position_tablet="inherit" row_position_phone="inherit" overflow="visible" overlay_strength= "0.3" gradient_direction="left_to_right" shape_divider_position="bottom" bg_image_animation="none"][vc_column column_padding="no-extra-padding" column_padding_tablet="inherit" column_padding_phone="inherit" column_padding_position="all " flex_gap_desktop="10px" column_element_direction_desktop="default" column_element_spacing="default" desktop_text_alignment="default" tablet_text_alignment="default" phone_text_alignment= "default" background_color_opacity="1" background_hover_color_opacity="1" column_backdrop_filter="none" column_shadow="none" column_border_radius="none" column_link_target= "_self" column_position="default" gradient_direction="left_to_right" overlay_strength="0.3" width= "1/1" tablet_width_inherit="default" animation_type="default" bg_image_animation="none" border_type="simple" column_border_width="none" column_border_style="solid"][vc_column_text css= ” ” text_direction= ”default ”]</p><blockquote><p>"Drawing on my career in medicine and my experience as a manager in hospitals and universities, I decided to pursue my commitment to the development of my community by getting involved in provincial politics, under the leadership of Charles Milliard. As a resident of the region for over thirty years, I know the people who live here and the issues that concern them. I am also aware of Sherbrooke's considerable potential, and I hope that, if the population places its trust in me, I will be able to contribute concrete ideas and proposals to the development of our community and of Quebec as a whole. It is with great enthusiasm that I embark on this adventure!<br>- Pierre Cossette, QLP candidate in Sherbrooke</p></blockquote>[/vc_column_text][/vc_column][/vc_row][vc_row type="in_container " full_screen_row_position="middle" column_margin="default" column_direction="default" column_direction_tablet="default" column_direction_phone="default" scene_position="center" text_color="dark " text_align="left" row_border_radius="none" row_border_radius_applies="bg " row_position_desktop="default" row_position_tablet="inherit" row_position_phone="inherit" overflow="visible" overlay_strength= "0.3" gradient_direction="left_to_right" shape_divider_position="bottom" bg_image_animation="none"][vc_column column_padding="no-extra-padding" column_padding_tablet="inherit" column_padding_phone="inherit" column_padding_position="all " flex_gap_desktop="10px" column_element_direction_desktop="default" column_element_spacing="default" desktop_text_alignment="default" tablet_text_alignment="default" phone_text_alignment= "default" background_color_opacity="1" background_hover_color_opacity="1" column_backdrop_filter="none" column_shadow="none" column_border_radius="none" column_link_target= "_self" column_position="default" gradient_direction="left_to_right" overlay_strength="0.3" width= "1/1" tablet_width_inherit="default" animation_type="default" bg_image_animation="none" border_type="simple" column_border_width="none" column_border_style="solid"][vc_column_text css="" text_direction="default"]<blockquote><p>"Pierre Cossette's arrival is great news for the Estrie region, which will be able to express itself strongly with the Quebec Liberal Party. Pierre's candidacy fits perfectly with our desire to find innovative solutions to the challenges facing our society, and to improve public services in Quebec, particularly in health and education. His experience and knowledge of local players make him the ideal candidate to represent the colors of the Quebec Liberal Party in the riding of Sherbrooke."<br>- Charles Milliard, Leader of the Quebec Liberal Party</p></blockquote>[/vc_column_text][/vc_column][/vc_row]
