{"id":23955,"date":"2026-06-03T10:23:41","date_gmt":"2026-06-03T14:23:41","guid":{"rendered":"https:\/\/plq.enconstruction.website\/?p=23955"},"modified":"2026-08-31T15:13:29","modified_gmt":"2026-08-31T19:13:29","slug":"madwa-nika-cadet-candidate-officielle-du-parti-liberal-du-quebec-dans-bourassa-sauve","status":"publish","type":"communique","link":"https:\/\/plq.org\/en\/communique\/madwa-nika-cadet-candidate-officielle-du-parti-liberal-du-quebec-dans-bourassa-sauve\/","title":{"rendered":"Madwa-Nika Cadet, candidate officielle du Parti lib\u00e9ral du Qu\u00e9bec dans Bourassa-Sauv\u00e9"},"content":{"rendered":"[vc_row type=\"in_container\u00a0\" full_screen_row_position=\"middle\" column_margin=\"default\" column_direction=\"default\" column_direction_tablet=\"default\" column_direction_phone=\"default\" scene_position=\"center\" text_color=\"dark\u00a0\" text_align=\"left\" row_border_radius=\"none\" row_border_radius_applies=\"bg\u00a0\" row_position_desktop=\"default\" row_position_tablet=\"inherit\" row_position_phone=\"inherit\" overflow=\"visible\" overlay_strength=\u00a0\"0.3\" gradient_direction=\"left_to_right\" shape_divider_position=\"bottom\" bg_image_animation=\"none\"][vc_column column_padding=\"no-extra-padding\" column_padding_tablet=\"inherit\" column_padding_phone=\"inherit\" column_padding_position=\"all\u00a0\" flex_gap_desktop=\"10px\" column_element_direction_desktop=\"default\" column_element_spacing=\"default\" desktop_text_alignment=\"default\" tablet_text_alignment=\"default\" phone_text_alignment=\u00a0\"default\" background_color_opacity=\"1\" background_hover_color_opacity=\"1\" column_backdrop_filter=\"none\" column_shadow=\"none\" column_border_radius=\"none\" column_link_target=\u00a0\"_self\" column_position=\"default\" gradient_direction=\"left_to_right\" overlay_strength=\"0.3\" width=\u00a0\"1\/1\" tablet_width_inherit=\"default\" animation_type=\"default\" bg_image_animation=\"none\" border_type=\"simple\" column_border_width=\"none\" column_border_style=\"solid\"][image_with_animation image_url=\"23956\" image_size=\"full\" max_width=\"100%\u00a0\" max_width_mobile=\"default\" animation_type=\"entrance\" animation=\"None\" animation_movement_type=\"transform_y\" hover_animation=\"none\" alignment=\"\" border_radius=\"none\u00a0\" box_shadow=\"none\" image_loading=\"default\"][\/vc_column][\/vc_row][vc_row type=\"in_container\u00a0\" full_screen_row_position=\"middle\" column_margin=\"default\" column_direction=\"default\" column_direction_tablet=\"default\" column_direction_phone=\"default\" scene_position=\"center\" text_color=\"dark\u00a0\" text_align=\"left\" row_border_radius=\"none\" row_border_radius_applies=\"bg\u00a0\" row_position_desktop=\"default\" row_position_tablet=\"inherit\" row_position_phone=\"inherit\" overflow=\"visible\" overlay_strength=\u00a0\"0.3\" gradient_direction=\"left_to_right\" shape_divider_position=\"bottom\" bg_image_animation=\"none\"][vc_column column_padding=\"no-extra-padding\" column_padding_tablet=\"inherit\" column_padding_phone=\"inherit\" column_padding_position=\"all\u00a0\" flex_gap_desktop=\"10px\" column_element_direction_desktop=\"default\" column_element_spacing=\"default\" desktop_text_alignment=\"default\" tablet_text_alignment=\"default\" phone_text_alignment=\u00a0\"default\" background_color_opacity=\"1\" background_hover_color_opacity=\"1\" column_backdrop_filter=\"none\" column_shadow=\"none\" column_border_radius=\"none\" column_link_target=\u00a0\"_self\" column_position=\"default\" gradient_direction=\"left_to_right\" overlay_strength=\"0.3\" width=\u00a0\"1\/1\" tablet_width_inherit=\"default\" animation_type=\"default\" bg_image_animation=\"none\" border_type=\"simple\" column_border_width=\"none\" column_border_style=\"solid\"][vc_column_text css=\"\" text_direction=\"default\"]<strong>Montreal, April 27, 2026 - In the presence of the leader of the Quebec Liberal Party, Charles Milliard, and a number of local activists, Madwa-Nika Cadet was officially nominated as the QLP candidate in the Bourassa-Sauv\u00e9 riding.<\/strong>\n<p>A native of Montreal, Ms. Cadet is seeking a second term as MNA for Bourassa-Sauv\u00e9. Over the past four years, she has served as Official Opposition critic for education, the French language, labor, culture and communications, and anti-racism. She is also Vice-Chair of the Public Finance Committee.<\/p>\n<p>A lawyer by training and a member of the Quebec Bar since 2014, Ms. Cadet holds a bachelor's degree in law from the Universit\u00e9 de Sherbrooke and an MBA from the same university. She also holds a master's degree in public policy from Georgetown University in the United States. She worked as an analyst at the World Bank from 2016 to 2018, before practicing as a lawyer at Dentons Canada from 2018 to 2020. In 2022, she made the leap into provincial politics, where she was elected MNA for her riding for her first term.<\/p>\n<p>The MNA for Bourassa-Sauv\u00e9 has been involved with the Quebec Liberal Party for many years. She first served as President of the Quebec Liberal Party Youth Commission in 2013-2014. Nearly a decade later, this time as an MNA, Ms. Cadet co-chairs the QLP's revival committee with Andr\u00e9 Pratte.<\/p>\n<p>Ms. Cadet\u2019s commitment extends beyond politics. Over the years, she has served on the boards of directors of Centraide of Greater Montreal and the Fondation des Offices jeunesse internationaux du Qu\u00e9bec, among other organizations. She was also a co-founder of the Montreal Afro-Canadian Cultural Center, a recipient of the Quebec Black History Month award, and an ambassador for inclusive governance for Concertation Montr\u00e9al.[\/vc_column_text][\/vc_column][\/vc_row][vc_row type=\"in_container\u00a0\" full_screen_row_position=\"middle\" column_margin=\"default\" column_direction=\"default\" column_direction_tablet=\"default\" column_direction_phone=\"default\" scene_position=\"center\" text_color=\"dark\u00a0\" text_align=\"left\" row_border_radius=\"none\" row_border_radius_applies=\"bg\u00a0\" row_position_desktop=\"default\" row_position_tablet=\"inherit\" row_position_phone=\"inherit\" overflow=\"visible\" overlay_strength=\u00a0\"0.3\" gradient_direction=\"left_to_right\" shape_divider_position=\"bottom\" bg_image_animation=\"none\"][vc_column column_padding=\"no-extra-padding\" column_padding_tablet=\"inherit\" column_padding_phone=\"inherit\" column_padding_position=\"all\u00a0\" flex_gap_desktop=\"10px\" column_element_direction_desktop=\"default\" column_element_spacing=\"default\" desktop_text_alignment=\"default\" tablet_text_alignment=\"default\" phone_text_alignment=\u00a0\"default\" background_color_opacity=\"1\" background_hover_color_opacity=\"1\" column_backdrop_filter=\"none\" column_shadow=\"none\" column_border_radius=\"none\" column_link_target=\u00a0\"_self\" column_position=\"default\" gradient_direction=\"left_to_right\" overlay_strength=\"0.3\" width=\u00a0\"1\/1\" tablet_width_inherit=\"default\" animation_type=\"default\" bg_image_animation=\"none\" border_type=\"simple\" column_border_width=\"none\" column_border_style=\"solid\"][vc_column_text css=\"\" text_direction=\"default\"]<\/p><blockquote><p>\"I'm very excited about the idea of running for a second term in the riding of Bourassa-Sauv\u00e9. Over the past four years, I've had the honor of championing a number of issues that are close to my heart: education, the French language and the fight against racism. I intend to continue my commitment under the leadership of our new leader, Charles Milliard, in whom I have complete confidence. Charles is breathing new life into the Liberal Party, and that's one of the main reasons I supported his candidacy in the 2025 leadership race.\"<br>- Madwa-Nika Cadet, QLP candidate in Bourassa-Sauv\u00e9<\/p><\/blockquote>[\/vc_column_text][\/vc_column][\/vc_row][vc_row type=\"in_container\u00a0\" full_screen_row_position=\"middle\" column_margin=\"default\" column_direction=\"default\" column_direction_tablet=\"default\" column_direction_phone=\"default\" scene_position=\"center\" text_color=\"dark\u00a0\" text_align=\"left\" row_border_radius=\"none\" row_border_radius_applies=\"bg\u00a0\" row_position_desktop=\"default\" row_position_tablet=\"inherit\" row_position_phone=\"inherit\" overflow=\"visible\" overlay_strength=\u00a0\"0.3\" gradient_direction=\"left_to_right\" shape_divider_position=\"bottom\" bg_image_animation=\"none\"][vc_column column_padding=\"no-extra-padding\" column_padding_tablet=\"inherit\" column_padding_phone=\"inherit\" column_padding_position=\"all\u00a0\" flex_gap_desktop=\"10px\" column_element_direction_desktop=\"default\" column_element_spacing=\"default\" desktop_text_alignment=\"default\" tablet_text_alignment=\"default\" phone_text_alignment=\u00a0\"default\" background_color_opacity=\"1\" background_hover_color_opacity=\"1\" column_backdrop_filter=\"none\" column_shadow=\"none\" column_border_radius=\"none\" column_link_target=\u00a0\"_self\" column_position=\"default\" gradient_direction=\"left_to_right\" overlay_strength=\"0.3\" width=\u00a0\"1\/1\" tablet_width_inherit=\"default\" animation_type=\"default\" bg_image_animation=\"none\" border_type=\"simple\" column_border_width=\"none\" column_border_style=\"solid\"][vc_column_text css=\"\" text_direction=\"default\"]<blockquote><p>\"For four years now, the Liberal caucus has been fortunate to be able to count on Madwa-Nika's presence around the table. However, her involvement with our political party goes back a long way. First as president of the CJPLQ, she was also one of the main architects of the party's re-launch committee. As spokesperson for the Francophonie and the French language, Madwa embodies the federalist nationalism that we are promoting in the Quebec Liberal Party. I look forward to campaigning alongside her next fall!\"<br>- Charles Milliard, Leader of the Quebec Liberal Party<\/p><\/blockquote>[\/vc_column_text][\/vc_column][\/vc_row]","protected":false},"featured_media":23956,"template":"","meta":{"_acf_changed":false,"_seopress_titles_title":"","_seopress_titles_desc":"","_seopress_robots_index":"","_seopress_robots_follow":"","_seopress_robots_imageindex":"","_seopress_robots_snippet":"","_seopress_robots_primary_cat":"","_seopress_robots_breadcrumbs":"","_seopress_robots_freeze_modified_date":"","_seopress_robots_custom_modified_date":"","_seopress_robots_canonical":"","_seopress_social_fb_title":"","_seopress_social_fb_desc":"","_seopress_social_fb_img":"","_seopress_social_fb_img_attachment_id":0,"_seopress_social_fb_img_width":0,"_seopress_social_fb_img_height":0,"_seopress_social_twitter_title":"","_seopress_social_twitter_desc":"","_seopress_social_twitter_img":"","_seopress_social_twitter_img_attachment_id":0,"_seopress_social_twitter_img_width":0,"_seopress_social_twitter_img_height":0,"_seopress_redirections_value":"","_seopress_redirections_enabled":"","_seopress_redirections_enabled_regex":"","_seopress_redirections_logged_status":"","_seopress_redirections_param":"","_seopress_redirections_type":0,"_seopress_analysis_target_kw":"","_seopress_news_disabled":"","_seopress_video_disabled":"","_seopress_video":[],"_seopress_pro_schemas_manual":[],"_seopress_pro_rich_snippets_disable_all":"","_seopress_pro_rich_snippets_disable":[],"_seopress_pro_schemas":[],"inline_featured_image":false},"circonscription":[22],"dossier":[175],"langue":[173,174],"nouvelle-a-la-une":[],"class_list":["post-23955","communique","type-communique","status-publish","has-post-thumbnail","circonscription-bourassa-sauve","dossier-le-parti","langue-francais","langue-anglais"],"acf":[],"_links":{"self":[{"href":"https:\/\/plq.org\/en\/wp-json\/wp\/v2\/communique\/23955","targetHints":{"allow":["GET"]}}],"collection":[{"href":"https:\/\/plq.org\/en\/wp-json\/wp\/v2\/communique"}],"about":[{"href":"https:\/\/plq.org\/en\/wp-json\/wp\/v2\/types\/communique"}],"wp:featuredmedia":[{"embeddable":true,"href":"https:\/\/plq.org\/en\/wp-json\/wp\/v2\/media\/23956"}],"wp:attachment":[{"href":"https:\/\/plq.org\/en\/wp-json\/wp\/v2\/media?parent=23955"}],"wp:term":[{"taxonomy":"circonscription","embeddable":true,"href":"https:\/\/plq.org\/en\/wp-json\/wp\/v2\/circonscription?post=23955"},{"taxonomy":"dossier","embeddable":true,"href":"https:\/\/plq.org\/en\/wp-json\/wp\/v2\/dossier?post=23955"},{"taxonomy":"langue","embeddable":true,"href":"https:\/\/plq.org\/en\/wp-json\/wp\/v2\/langue?post=23955"},{"taxonomy":"nouvelle-a-la-une","embeddable":true,"href":"https:\/\/plq.org\/en\/wp-json\/wp\/v2\/nouvelle-a-la-une?post=23955"}],"curies":[{"name":"wp","href":"https:\/\/api.w.org\/{rel}","templated":true}]}}

Madwa-Nika Cadet, candidate officielle du Parti libéral du Québec dans Bourassa-Sauvé

[vc_row type="in_container " full_screen_row_position="middle" column_margin="default" column_direction="default" column_direction_tablet="default" column_direction_phone="default" scene_position="center" text_color="dark " text_align="left" row_border_radius="none" row_border_radius_applies="bg " row_position_desktop="default" row_position_tablet="inherit" row_position_phone="inherit" overflow="visible" overlay_strength= "0.3" gradient_direction="left_to_right" shape_divider_position="bottom" bg_image_animation="none"][vc_column column_padding="no-extra-padding" column_padding_tablet="inherit" column_padding_phone="inherit" column_padding_position="all " flex_gap_desktop="10px" column_element_direction_desktop="default" column_element_spacing="default" desktop_text_alignment="default" tablet_text_alignment="default" phone_text_alignment= "default" background_color_opacity="1" background_hover_color_opacity="1" column_backdrop_filter="none" column_shadow="none" column_border_radius="none" column_link_target= "_self" column_position="default" gradient_direction="left_to_right" overlay_strength="0.3" width= "1/1" tablet_width_inherit="default" animation_type="default" bg_image_animation="none" border_type="simple" column_border_width="none" column_border_style="solid"][image_with_animation image_url="23956" image_size="full" max_width="100% " max_width_mobile="default" animation_type="entrance" animation="None" animation_movement_type="transform_y" hover_animation="none" alignment="" border_radius="none " box_shadow="none" image_loading="default"][/vc_column][/vc_row][vc_row type="in_container " full_screen_row_position="middle" column_margin="default" column_direction="default" column_direction_tablet="default" column_direction_phone="default" scene_position="center" text_color="dark " text_align="left" row_border_radius="none" row_border_radius_applies="bg " row_position_desktop="default" row_position_tablet="inherit" row_position_phone="inherit" overflow="visible" overlay_strength= "0.3" gradient_direction="left_to_right" shape_divider_position="bottom" bg_image_animation="none"][vc_column column_padding="no-extra-padding" column_padding_tablet="inherit" column_padding_phone="inherit" column_padding_position="all " flex_gap_desktop="10px" column_element_direction_desktop="default" column_element_spacing="default" desktop_text_alignment="default" tablet_text_alignment="default" phone_text_alignment= "default" background_color_opacity="1" background_hover_color_opacity="1" column_backdrop_filter="none" column_shadow="none" column_border_radius="none" column_link_target= "_self" column_position="default" gradient_direction="left_to_right" overlay_strength="0.3" width= "1/1" tablet_width_inherit="default" animation_type="default" bg_image_animation="none" border_type="simple" column_border_width="none" column_border_style="solid"][vc_column_text css="" text_direction="default"]<strong>Montreal, April 27, 2026 - In the presence of the leader of the Quebec Liberal Party, Charles Milliard, and a number of local activists, Madwa-Nika Cadet was officially nominated as the QLP candidate in the Bourassa-Sauvé riding.</strong>
<p>A native of Montreal, Ms. Cadet is seeking a second term as MNA for Bourassa-Sauvé. Over the past four years, she has served as Official Opposition critic for education, the French language, labor, culture and communications, and anti-racism. She is also Vice-Chair of the Public Finance Committee.</p>
<p>A lawyer by training and a member of the Quebec Bar since 2014, Ms. Cadet holds a bachelor's degree in law from the Université de Sherbrooke and an MBA from the same university. She also holds a master's degree in public policy from Georgetown University in the United States. She worked as an analyst at the World Bank from 2016 to 2018, before practicing as a lawyer at Dentons Canada from 2018 to 2020. In 2022, she made the leap into provincial politics, where she was elected MNA for her riding for her first term.</p>
<p>The MNA for Bourassa-Sauvé has been involved with the Quebec Liberal Party for many years. She first served as President of the Quebec Liberal Party Youth Commission in 2013-2014. Nearly a decade later, this time as an MNA, Ms. Cadet co-chairs the QLP's revival committee with André Pratte.</p>
<p>Ms. Cadet’s commitment extends beyond politics. Over the years, she has served on the boards of directors of Centraide of Greater Montreal and the Fondation des Offices jeunesse internationaux du Québec, among other organizations. She was also a co-founder of the Montreal Afro-Canadian Cultural Center, a recipient of the Quebec Black History Month award, and an ambassador for inclusive governance for Concertation Montréal.[/vc_column_text][/vc_column][/vc_row][vc_row type="in_container " full_screen_row_position="middle" column_margin="default" column_direction="default" column_direction_tablet="default" column_direction_phone="default" scene_position="center" text_color="dark " text_align="left" row_border_radius="none" row_border_radius_applies="bg " row_position_desktop="default" row_position_tablet="inherit" row_position_phone="inherit" overflow="visible" overlay_strength= "0.3" gradient_direction="left_to_right" shape_divider_position="bottom" bg_image_animation="none"][vc_column column_padding="no-extra-padding" column_padding_tablet="inherit" column_padding_phone="inherit" column_padding_position="all " flex_gap_desktop="10px" column_element_direction_desktop="default" column_element_spacing="default" desktop_text_alignment="default" tablet_text_alignment="default" phone_text_alignment= "default" background_color_opacity="1" background_hover_color_opacity="1" column_backdrop_filter="none" column_shadow="none" column_border_radius="none" column_link_target= "_self" column_position="default" gradient_direction="left_to_right" overlay_strength="0.3" width= "1/1" tablet_width_inherit="default" animation_type="default" bg_image_animation="none" border_type="simple" column_border_width="none" column_border_style="solid"][vc_column_text css="" text_direction="default"]</p><blockquote><p>"I'm very excited about the idea of running for a second term in the riding of Bourassa-Sauvé. Over the past four years, I've had the honor of championing a number of issues that are close to my heart: education, the French language and the fight against racism. I intend to continue my commitment under the leadership of our new leader, Charles Milliard, in whom I have complete confidence. Charles is breathing new life into the Liberal Party, and that's one of the main reasons I supported his candidacy in the 2025 leadership race."<br>- Madwa-Nika Cadet, QLP candidate in Bourassa-Sauvé</p></blockquote>[/vc_column_text][/vc_column][/vc_row][vc_row type="in_container " full_screen_row_position="middle" column_margin="default" column_direction="default" column_direction_tablet="default" column_direction_phone="default" scene_position="center" text_color="dark " text_align="left" row_border_radius="none" row_border_radius_applies="bg " row_position_desktop="default" row_position_tablet="inherit" row_position_phone="inherit" overflow="visible" overlay_strength= "0.3" gradient_direction="left_to_right" shape_divider_position="bottom" bg_image_animation="none"][vc_column column_padding="no-extra-padding" column_padding_tablet="inherit" column_padding_phone="inherit" column_padding_position="all " flex_gap_desktop="10px" column_element_direction_desktop="default" column_element_spacing="default" desktop_text_alignment="default" tablet_text_alignment="default" phone_text_alignment= "default" background_color_opacity="1" background_hover_color_opacity="1" column_backdrop_filter="none" column_shadow="none" column_border_radius="none" column_link_target= "_self" column_position="default" gradient_direction="left_to_right" overlay_strength="0.3" width= "1/1" tablet_width_inherit="default" animation_type="default" bg_image_animation="none" border_type="simple" column_border_width="none" column_border_style="solid"][vc_column_text css="" text_direction="default"]<blockquote><p>"For four years now, the Liberal caucus has been fortunate to be able to count on Madwa-Nika's presence around the table. However, her involvement with our political party goes back a long way. First as president of the CJPLQ, she was also one of the main architects of the party's re-launch committee. As spokesperson for the Francophonie and the French language, Madwa embodies the federalist nationalism that we are promoting in the Quebec Liberal Party. I look forward to campaigning alongside her next fall!"<br>- Charles Milliard, Leader of the Quebec Liberal Party</p></blockquote>[/vc_column_text][/vc_column][/vc_row]
