{"id":23977,"date":"2026-06-04T09:23:07","date_gmt":"2026-06-04T13:23:07","guid":{"rendered":"https:\/\/plq.enconstruction.website\/?p=23977"},"modified":"2026-08-31T15:12:57","modified_gmt":"2026-08-31T19:12:57","slug":"michelle-setlakwe-candidate-officielle-du-parti-liberal-du-quebec-dans-mont-royal-outremont","status":"publish","type":"communique","link":"https:\/\/plq.org\/en\/communique\/michelle-setlakwe-candidate-officielle-du-parti-liberal-du-quebec-dans-mont-royal-outremont\/","title":{"rendered":"Michelle Setlakwe, candidate officielle du Parti lib\u00e9ral du Qu\u00e9bec dans Mont-Royal-Outremont"},"content":{"rendered":"[vc_row type=\"in_container\u00a0\" full_screen_row_position=\"middle\" column_margin=\"default\" column_direction=\"default\" column_direction_tablet=\"default\" column_direction_phone=\"default\" scene_position=\"center\" text_color=\"dark\u00a0\" text_align=\"left\" row_border_radius=\"none\" row_border_radius_applies=\"bg\u00a0\" row_position_desktop=\"default\" row_position_tablet=\"inherit\" row_position_phone=\"inherit\" overflow=\"visible\" overlay_strength=\u00a0\"0.3\" gradient_direction=\"left_to_right\" shape_divider_position=\"bottom\" bg_image_animation=\"none\"][vc_column column_padding=\"no-extra-padding\" column_padding_tablet=\"inherit\" column_padding_phone=\"inherit\" column_padding_position=\"all\u00a0\" flex_gap_desktop=\"10px\" column_element_direction_desktop=\"default\" column_element_spacing=\"default\" desktop_text_alignment=\"default\" tablet_text_alignment=\"default\" phone_text_alignment=\u00a0\"default\" background_color_opacity=\"1\" background_hover_color_opacity=\"1\" column_backdrop_filter=\"none\" column_shadow=\"none\" column_border_radius=\"none\" column_link_target=\u00a0\"_self\" column_position=\"default\" gradient_direction=\"left_to_right\" overlay_strength=\"0.3\" width=\u00a0\"1\/1\" tablet_width_inherit=\"default\" animation_type=\"default\" bg_image_animation=\"none\" border_type=\"simple\" column_border_width=\"none\" column_border_style=\"solid\"][image_with_animation image_url=\"23978\" image_size=\"full\" max_width=\"100%\u00a0\" max_width_mobile=\"default\" animation_type=\"entrance\" animation=\"None\" animation_movement_type=\"transform_y\" hover_animation=\"none\" alignment=\"\" border_radius=\"none\u00a0\" box_shadow=\"none\" image_loading=\"default\"][\/vc_column][\/vc_row][vc_row type=\"in_container\u00a0\" full_screen_row_position=\"middle\" column_margin=\"default\" column_direction=\"default\" column_direction_tablet=\"default\" column_direction_phone=\"default\" scene_position=\"center\" text_color=\"dark\u00a0\" text_align=\"left\" row_border_radius=\"none\" row_border_radius_applies=\"bg\u00a0\" row_position_desktop=\"default\" row_position_tablet=\"inherit\" row_position_phone=\"inherit\" overflow=\"visible\" overlay_strength=\u00a0\"0.3\" gradient_direction=\"left_to_right\" shape_divider_position=\"bottom\" bg_image_animation=\"none\"][vc_column column_padding=\"no-extra-padding\" column_padding_tablet=\"inherit\" column_padding_phone=\"inherit\" column_padding_position=\"all\u00a0\" flex_gap_desktop=\"10px\" column_element_direction_desktop=\"default\" column_element_spacing=\"default\" desktop_text_alignment=\"default\" tablet_text_alignment=\"default\" phone_text_alignment=\u00a0\"default\" background_color_opacity=\"1\" background_hover_color_opacity=\"1\" column_backdrop_filter=\"none\" column_shadow=\"none\" column_border_radius=\"none\" column_link_target=\u00a0\"_self\" column_position=\"default\" gradient_direction=\"left_to_right\" overlay_strength=\"0.3\" width=\u00a0\"1\/1\" tablet_width_inherit=\"default\" animation_type=\"default\" bg_image_animation=\"none\" border_type=\"simple\" column_border_width=\"none\" column_border_style=\"solid\"][vc_column_text css=\"\" text_direction=\"default\"]<strong>Montreal, April 13, 2026 - In the presence of the leader of the Quebec Liberal Party, Charles Milliard, and a number of local activists, Michelle Setlakwe was officially nominated as the QLP candidate in the riding of Mont-Royal-Outremont.<\/strong>\n<p>A native of Thetford Mines who has lived in Mont-Royal-Outremont for over 30 years, Ms. Setlakwe is seeking a second term as the riding's MNA. Over the past four years, she has served as Official Opposition critic for higher education, municipal affairs, privacy, cybersecurity and digital issues. She is also the spokesperson responsible for the Chaudi\u00e8re-Appalaches region, in addition to being the Chair of the Official Opposition Caucus.<\/p>\n<p>Trained as a lawyer and a member of the Bar since 1996, Ms. Setlakwe practiced business law at the prestigious firm Norton Rose Fulbright for over a decade, before becoming a corporate lawyer at Transat A.T. Inc. Inc. Her political involvement began in 2016, when she became a municipal councillor for the Town of Mount Royal, a position she held until 2021. She then made the leap into provincial politics in 2022, when she was elected for her first term as the MNA for her riding.<\/p>\n<p>Ms. Setlakwe\u2019s commitment extends beyond politics. She has volunteered with the CHU Sainte-Justine Foundation, Coll\u00e8ge Jean-de-Br\u00e9beuf, and Duceppe. She also served as a board member and president of the Saint-Cl\u00e9ment Foundation from 2010 to 2017. In that capacity, she was twice awarded the France-Racicot Prize for her dedication to the foundation and her years of volunteer work at the Saint-Cl\u00e9ment schools in Ville Mont-Royal.[\/vc_column_text][\/vc_column][\/vc_row][vc_row type=\"in_container\u00a0\" full_screen_row_position=\"middle\" column_margin=\"default\" column_direction=\"default\" column_direction_tablet=\"default\" column_direction_phone=\"default\" scene_position=\"center\" text_color=\"dark\u00a0\" text_align=\"left\" row_border_radius=\"none\" row_border_radius_applies=\"bg\u00a0\" row_position_desktop=\"default\" row_position_tablet=\"inherit\" row_position_phone=\"inherit\" overflow=\"visible\" overlay_strength=\u00a0\"0.3\" gradient_direction=\"left_to_right\" shape_divider_position=\"bottom\" bg_image_animation=\"none\"][vc_column column_padding=\"no-extra-padding\" column_padding_tablet=\"inherit\" column_padding_phone=\"inherit\" column_padding_position=\"all\u00a0\" flex_gap_desktop=\"10px\" column_element_direction_desktop=\"default\" column_element_spacing=\"default\" desktop_text_alignment=\"default\" tablet_text_alignment=\"default\" phone_text_alignment=\u00a0\"default\" background_color_opacity=\"1\" background_hover_color_opacity=\"1\" column_backdrop_filter=\"none\" column_shadow=\"none\" column_border_radius=\"none\" column_link_target=\u00a0\"_self\" column_position=\"default\" gradient_direction=\"left_to_right\" overlay_strength=\"0.3\" width=\u00a0\"1\/1\" tablet_width_inherit=\"default\" animation_type=\"default\" bg_image_animation=\"none\" border_type=\"simple\" column_border_width=\"none\" column_border_style=\"solid\"][vc_column_text css= \u201c\u201d text_direction= \u201cdefault\u201d]<\/p><blockquote><p>\"It is with great enthusiasm that I seek a second mandate to continue representing the citizens of Mont-Royal-Outremont. Over the past few years, I have been deeply rooted in the field, listening to residents' concerns and committed to our community. I wish to pursue this commitment with seriousness and determination, as part of Charles Milliard's team, with the goal of forming the next government.\"<br>- Michelle Setlakwe, QLP candidate in Mont-Royal-Outremont<\/p><\/blockquote>[\/vc_column_text][\/vc_column][\/vc_row][vc_row type=\"in_container\u00a0\" full_screen_row_position=\"middle\" column_margin=\"default\" column_direction=\"default\" column_direction_tablet=\"default\" column_direction_phone=\"default\" scene_position=\"center\" text_color=\"dark\u00a0\" text_align=\"left\" row_border_radius=\"none\" row_border_radius_applies=\"bg\u00a0\" row_position_desktop=\"default\" row_position_tablet=\"inherit\" row_position_phone=\"inherit\" overflow=\"visible\" overlay_strength=\u00a0\"0.3\" gradient_direction=\"left_to_right\" shape_divider_position=\"bottom\" bg_image_animation=\"none\"][vc_column column_padding=\"no-extra-padding\" column_padding_tablet=\"inherit\" column_padding_phone=\"inherit\" column_padding_position=\"all\u00a0\" flex_gap_desktop=\"10px\" column_element_direction_desktop=\"default\" column_element_spacing=\"default\" desktop_text_alignment=\"default\" tablet_text_alignment=\"default\" phone_text_alignment=\u00a0\"default\" background_color_opacity=\"1\" background_hover_color_opacity=\"1\" column_backdrop_filter=\"none\" column_shadow=\"none\" column_border_radius=\"none\" column_link_target=\u00a0\"_self\" column_position=\"default\" gradient_direction=\"left_to_right\" overlay_strength=\"0.3\" width=\u00a0\"1\/1\" tablet_width_inherit=\"default\" animation_type=\"default\" bg_image_animation=\"none\" border_type=\"simple\" column_border_width=\"none\" column_border_style=\"solid\"][vc_column_text css=\"\" text_direction=\"default\"]<blockquote><p>\"Michelle Setlakwe's candidacy for the Liberal team is good news for the voters of Mont-Royal-Outremont, as well as for the caucus. A native of Thetford Mines, Michelle is equally familiar with the realities of Montreal and the regions. As a member of the opposition, she has championed many important issues, such as higher education, municipal affairs, privacy, cybersecurity and digital issues. I'm very happy to have her by my side for the general election next October!\" - Charles Milliard, Leader of the Quebec Liberal Party<\/p><\/blockquote>[\/vc_column_text][\/vc_column][\/vc_row]","protected":false},"featured_media":23978,"template":"","meta":{"_acf_changed":false,"_seopress_titles_title":"","_seopress_titles_desc":"","_seopress_robots_index":"","_seopress_robots_follow":"","_seopress_robots_imageindex":"","_seopress_robots_snippet":"","_seopress_robots_primary_cat":"","_seopress_robots_breadcrumbs":"","_seopress_robots_freeze_modified_date":"","_seopress_robots_custom_modified_date":"","_seopress_robots_canonical":"","_seopress_social_fb_title":"","_seopress_social_fb_desc":"","_seopress_social_fb_img":"","_seopress_social_fb_img_attachment_id":0,"_seopress_social_fb_img_width":0,"_seopress_social_fb_img_height":0,"_seopress_social_twitter_title":"","_seopress_social_twitter_desc":"","_seopress_social_twitter_img":"","_seopress_social_twitter_img_attachment_id":0,"_seopress_social_twitter_img_width":0,"_seopress_social_twitter_img_height":0,"_seopress_redirections_value":"","_seopress_redirections_enabled":"","_seopress_redirections_enabled_regex":"","_seopress_redirections_logged_status":"","_seopress_redirections_param":"","_seopress_redirections_type":0,"_seopress_analysis_target_kw":"","_seopress_news_disabled":"","_seopress_video_disabled":"","_seopress_video":[],"_seopress_pro_schemas_manual":[],"_seopress_pro_rich_snippets_disable_all":"","_seopress_pro_rich_snippets_disable":[],"_seopress_pro_schemas":[],"inline_featured_image":false},"circonscription":[85],"dossier":[175],"langue":[173,174],"nouvelle-a-la-une":[],"class_list":["post-23977","communique","type-communique","status-publish","has-post-thumbnail","circonscription-mont-royal-outremont","dossier-le-parti","langue-francais","langue-anglais"],"acf":[],"_links":{"self":[{"href":"https:\/\/plq.org\/en\/wp-json\/wp\/v2\/communique\/23977","targetHints":{"allow":["GET"]}}],"collection":[{"href":"https:\/\/plq.org\/en\/wp-json\/wp\/v2\/communique"}],"about":[{"href":"https:\/\/plq.org\/en\/wp-json\/wp\/v2\/types\/communique"}],"wp:featuredmedia":[{"embeddable":true,"href":"https:\/\/plq.org\/en\/wp-json\/wp\/v2\/media\/23978"}],"wp:attachment":[{"href":"https:\/\/plq.org\/en\/wp-json\/wp\/v2\/media?parent=23977"}],"wp:term":[{"taxonomy":"circonscription","embeddable":true,"href":"https:\/\/plq.org\/en\/wp-json\/wp\/v2\/circonscription?post=23977"},{"taxonomy":"dossier","embeddable":true,"href":"https:\/\/plq.org\/en\/wp-json\/wp\/v2\/dossier?post=23977"},{"taxonomy":"langue","embeddable":true,"href":"https:\/\/plq.org\/en\/wp-json\/wp\/v2\/langue?post=23977"},{"taxonomy":"nouvelle-a-la-une","embeddable":true,"href":"https:\/\/plq.org\/en\/wp-json\/wp\/v2\/nouvelle-a-la-une?post=23977"}],"curies":[{"name":"wp","href":"https:\/\/api.w.org\/{rel}","templated":true}]}}

Michelle Setlakwe, candidate officielle du Parti libéral du Québec dans Mont-Royal-Outremont

[vc_row type="in_container " full_screen_row_position="middle" column_margin="default" column_direction="default" column_direction_tablet="default" column_direction_phone="default" scene_position="center" text_color="dark " text_align="left" row_border_radius="none" row_border_radius_applies="bg " row_position_desktop="default" row_position_tablet="inherit" row_position_phone="inherit" overflow="visible" overlay_strength= "0.3" gradient_direction="left_to_right" shape_divider_position="bottom" bg_image_animation="none"][vc_column column_padding="no-extra-padding" column_padding_tablet="inherit" column_padding_phone="inherit" column_padding_position="all " flex_gap_desktop="10px" column_element_direction_desktop="default" column_element_spacing="default" desktop_text_alignment="default" tablet_text_alignment="default" phone_text_alignment= "default" background_color_opacity="1" background_hover_color_opacity="1" column_backdrop_filter="none" column_shadow="none" column_border_radius="none" column_link_target= "_self" column_position="default" gradient_direction="left_to_right" overlay_strength="0.3" width= "1/1" tablet_width_inherit="default" animation_type="default" bg_image_animation="none" border_type="simple" column_border_width="none" column_border_style="solid"][image_with_animation image_url="23978" image_size="full" max_width="100% " max_width_mobile="default" animation_type="entrance" animation="None" animation_movement_type="transform_y" hover_animation="none" alignment="" border_radius="none " box_shadow="none" image_loading="default"][/vc_column][/vc_row][vc_row type="in_container " full_screen_row_position="middle" column_margin="default" column_direction="default" column_direction_tablet="default" column_direction_phone="default" scene_position="center" text_color="dark " text_align="left" row_border_radius="none" row_border_radius_applies="bg " row_position_desktop="default" row_position_tablet="inherit" row_position_phone="inherit" overflow="visible" overlay_strength= "0.3" gradient_direction="left_to_right" shape_divider_position="bottom" bg_image_animation="none"][vc_column column_padding="no-extra-padding" column_padding_tablet="inherit" column_padding_phone="inherit" column_padding_position="all " flex_gap_desktop="10px" column_element_direction_desktop="default" column_element_spacing="default" desktop_text_alignment="default" tablet_text_alignment="default" phone_text_alignment= "default" background_color_opacity="1" background_hover_color_opacity="1" column_backdrop_filter="none" column_shadow="none" column_border_radius="none" column_link_target= "_self" column_position="default" gradient_direction="left_to_right" overlay_strength="0.3" width= "1/1" tablet_width_inherit="default" animation_type="default" bg_image_animation="none" border_type="simple" column_border_width="none" column_border_style="solid"][vc_column_text css="" text_direction="default"]<strong>Montreal, April 13, 2026 - In the presence of the leader of the Quebec Liberal Party, Charles Milliard, and a number of local activists, Michelle Setlakwe was officially nominated as the QLP candidate in the riding of Mont-Royal-Outremont.</strong>
<p>A native of Thetford Mines who has lived in Mont-Royal-Outremont for over 30 years, Ms. Setlakwe is seeking a second term as the riding's MNA. Over the past four years, she has served as Official Opposition critic for higher education, municipal affairs, privacy, cybersecurity and digital issues. She is also the spokesperson responsible for the Chaudière-Appalaches region, in addition to being the Chair of the Official Opposition Caucus.</p>
<p>Trained as a lawyer and a member of the Bar since 1996, Ms. Setlakwe practiced business law at the prestigious firm Norton Rose Fulbright for over a decade, before becoming a corporate lawyer at Transat A.T. Inc. Inc. Her political involvement began in 2016, when she became a municipal councillor for the Town of Mount Royal, a position she held until 2021. She then made the leap into provincial politics in 2022, when she was elected for her first term as the MNA for her riding.</p>
<p>Ms. Setlakwe’s commitment extends beyond politics. She has volunteered with the CHU Sainte-Justine Foundation, Collège Jean-de-Brébeuf, and Duceppe. She also served as a board member and president of the Saint-Clément Foundation from 2010 to 2017. In that capacity, she was twice awarded the France-Racicot Prize for her dedication to the foundation and her years of volunteer work at the Saint-Clément schools in Ville Mont-Royal.[/vc_column_text][/vc_column][/vc_row][vc_row type="in_container " full_screen_row_position="middle" column_margin="default" column_direction="default" column_direction_tablet="default" column_direction_phone="default" scene_position="center" text_color="dark " text_align="left" row_border_radius="none" row_border_radius_applies="bg " row_position_desktop="default" row_position_tablet="inherit" row_position_phone="inherit" overflow="visible" overlay_strength= "0.3" gradient_direction="left_to_right" shape_divider_position="bottom" bg_image_animation="none"][vc_column column_padding="no-extra-padding" column_padding_tablet="inherit" column_padding_phone="inherit" column_padding_position="all " flex_gap_desktop="10px" column_element_direction_desktop="default" column_element_spacing="default" desktop_text_alignment="default" tablet_text_alignment="default" phone_text_alignment= "default" background_color_opacity="1" background_hover_color_opacity="1" column_backdrop_filter="none" column_shadow="none" column_border_radius="none" column_link_target= "_self" column_position="default" gradient_direction="left_to_right" overlay_strength="0.3" width= "1/1" tablet_width_inherit="default" animation_type="default" bg_image_animation="none" border_type="simple" column_border_width="none" column_border_style="solid"][vc_column_text css= “” text_direction= “default”]</p><blockquote><p>"It is with great enthusiasm that I seek a second mandate to continue representing the citizens of Mont-Royal-Outremont. Over the past few years, I have been deeply rooted in the field, listening to residents' concerns and committed to our community. I wish to pursue this commitment with seriousness and determination, as part of Charles Milliard's team, with the goal of forming the next government."<br>- Michelle Setlakwe, QLP candidate in Mont-Royal-Outremont</p></blockquote>[/vc_column_text][/vc_column][/vc_row][vc_row type="in_container " full_screen_row_position="middle" column_margin="default" column_direction="default" column_direction_tablet="default" column_direction_phone="default" scene_position="center" text_color="dark " text_align="left" row_border_radius="none" row_border_radius_applies="bg " row_position_desktop="default" row_position_tablet="inherit" row_position_phone="inherit" overflow="visible" overlay_strength= "0.3" gradient_direction="left_to_right" shape_divider_position="bottom" bg_image_animation="none"][vc_column column_padding="no-extra-padding" column_padding_tablet="inherit" column_padding_phone="inherit" column_padding_position="all " flex_gap_desktop="10px" column_element_direction_desktop="default" column_element_spacing="default" desktop_text_alignment="default" tablet_text_alignment="default" phone_text_alignment= "default" background_color_opacity="1" background_hover_color_opacity="1" column_backdrop_filter="none" column_shadow="none" column_border_radius="none" column_link_target= "_self" column_position="default" gradient_direction="left_to_right" overlay_strength="0.3" width= "1/1" tablet_width_inherit="default" animation_type="default" bg_image_animation="none" border_type="simple" column_border_width="none" column_border_style="solid"][vc_column_text css="" text_direction="default"]<blockquote><p>"Michelle Setlakwe's candidacy for the Liberal team is good news for the voters of Mont-Royal-Outremont, as well as for the caucus. A native of Thetford Mines, Michelle is equally familiar with the realities of Montreal and the regions. As a member of the opposition, she has championed many important issues, such as higher education, municipal affairs, privacy, cybersecurity and digital issues. I'm very happy to have her by my side for the general election next October!" - Charles Milliard, Leader of the Quebec Liberal Party</p></blockquote>[/vc_column_text][/vc_column][/vc_row]
