{"id":23993,"date":"2026-06-03T11:01:31","date_gmt":"2026-06-03T15:01:31","guid":{"rendered":"https:\/\/plq.enconstruction.website\/?p=23993"},"modified":"2026-08-31T15:13:19","modified_gmt":"2026-08-31T19:13:19","slug":"paul-landry-candidat-officiel-du-parti-liberal-du-quebec-dans-prevost","status":"publish","type":"communique","link":"https:\/\/plq.org\/en\/communique\/paul-landry-candidat-officiel-du-parti-liberal-du-quebec-dans-prevost\/","title":{"rendered":"Paul Landry, candidat officiel du Parti lib\u00e9ral du Qu\u00e9bec dans Pr\u00e9vost"},"content":{"rendered":"[vc_row type=\"in_container\u00a0\" full_screen_row_position=\"middle\" column_margin=\"default\" column_direction=\"default\" column_direction_tablet=\"default\" column_direction_phone=\"default\" scene_position=\"center\" text_color=\"dark\u00a0\" text_align=\"left\" row_border_radius=\"none\" row_border_radius_applies=\"bg\u00a0\" row_position_desktop=\"default\" row_position_tablet=\"inherit\" row_position_phone=\"inherit\" overflow=\"visible\" overlay_strength=\u00a0\"0.3\" gradient_direction=\"left_to_right\" shape_divider_position=\"bottom\" bg_image_animation=\"none\"][vc_column column_padding=\"no-extra-padding\" column_padding_tablet=\"inherit\" column_padding_phone=\"inherit\" column_padding_position=\"all\u00a0\" flex_gap_desktop=\"10px\" column_element_direction_desktop=\"default\" column_element_spacing=\"default\" desktop_text_alignment=\"default\" tablet_text_alignment=\"default\" phone_text_alignment=\u00a0\"default\" background_color_opacity=\"1\" background_hover_color_opacity=\"1\" column_backdrop_filter=\"none\" column_shadow=\"none\" column_border_radius=\"none\" column_link_target=\u00a0\"_self\" column_position=\"default\" gradient_direction=\"left_to_right\" overlay_strength=\"0.3\" width=\u00a0\"1\/1\" tablet_width_inherit=\"default\" animation_type=\"default\" bg_image_animation=\"none\" border_type=\"simple\" column_border_width=\"none\" column_border_style=\"solid\"][image_with_animation image_url=\"23994\" image_size=\"full\" max_width=\"100%\u00a0\" max_width_mobile=\"default\" animation_type=\"entrance\" animation=\"None\" animation_movement_type=\"transform_y\" hover_animation=\"none\" alignment=\"\" border_radius=\"none\u00a0\" box_shadow=\"none\" image_loading=\"default\"][\/vc_column][\/vc_row][vc_row type=\"in_container\u00a0\" full_screen_row_position=\"middle\" column_margin=\"default\" column_direction=\"default\" column_direction_tablet=\"default\" column_direction_phone=\"default\" scene_position=\"center\" text_color=\"dark\u00a0\" text_align=\"left\" row_border_radius=\"none\" row_border_radius_applies=\"bg\u00a0\" row_position_desktop=\"default\" row_position_tablet=\"inherit\" row_position_phone=\"inherit\" overflow=\"visible\" overlay_strength=\u00a0\"0.3\" gradient_direction=\"left_to_right\" shape_divider_position=\"bottom\" bg_image_animation=\"none\"][vc_column column_padding=\"no-extra-padding\" column_padding_tablet=\"inherit\" column_padding_phone=\"inherit\" column_padding_position=\"all\u00a0\" flex_gap_desktop=\"10px \" column_element_direction_desktop=\"default \" column_element_spacing=\"default \" desktop_text_alignment=\"default \" tablet_text_alignment=\"default \" phone_text_alignment=\u00a0\"default\" background_color_opacity=\"1\" background_hover_color_opacity=\"1\" column_backdrop_filter=\"none\" column_shadow=\"none\" column_border_radius=\"none\" column_link_target=\u00a0\"_self\" column_position=\"default\" gradient_direction=\"left_to_right\" overlay_strength=\"0.3\" width=\u00a0\"1\/1\" tablet_width_inherit=\"default\" animation_type=\"default\" bg_image_animation=\"none\" border_type=\"simple\" column_border_width=\"none\" column_border_style=\"solid\"][vc_column_text css= \u00bb \u00bb text_direction= \u00bbdefault \u00bb]<strong>Qu\u00e9bec City, May 6, 2026 - The Qu\u00e9bec Liberal Party is pleased to announce the candidacy of Mr. Paul Landry in the riding of Pr\u00e9vost for the upcoming general election.<\/strong>\n<p>With a background rooted in community involvement, Paul Landry has distinguished himself by his ability to bring people together and propose concrete solutions to local issues. Coming from a background where the values of solidarity, hard work and listening are central, he developed a keen interest in public life and collective well-being at a very early age.<\/p>\n<p>Over the years, he has acquired a wide range of experiences, both professionally and in the community, working with a variety of stakeholders. His involvement in projects such as economic development, access to services and family support is testimony to his desire to make a tangible impact in his community. Recognized for his pragmatic and humane approach, he favors dialogue and consultation in order to make progress on issues of concern to citizens.<\/p>\n<p>In Pr\u00e9vost, Paul Landry wishes to actively contribute to the region's vitality, notably by supporting the local economy, providing access to affordable housing and strengthening local services. He also attaches particular importance to issues affecting young people, seniors and local infrastructure.<\/p>\n<p>Convinced that politics should be a force for positive change, Paul Landry hopes to represent the citizens of Pr\u00e9vost with integrity, transparency, and determination.[\/vc_column_text][\/vc_column][\/vc_row][vc_row type=\"in_container\u00a0\" full_screen_row_position=\"middle\" column_margin=\"default\" column_direction=\"default\" column_direction_tablet=\"default\" column_direction_phone=\"default\" scene_position=\"center\" text_color=\"dark\u00a0\" text_align=\"left\" row_border_radius=\"none\" row_border_radius_applies=\"bg\u00a0\" row_position_desktop=\"default\" row_position_tablet=\"inherit\" row_position_phone=\"inherit\" overflow=\"visible\" overlay_strength=\u00a0\"0.3\" gradient_direction=\"left_to_right\" shape_divider_position=\"bottom\" bg_image_animation=\"none\"][vc_column column_padding=\"no-extra-padding\" column_padding_tablet=\"inherit\" column_padding_phone=\"inherit\" column_padding_position=\"all\u00a0\" flex_gap_desktop=\"10px \" column_element_direction_desktop=\"default \" column_element_spacing=\"default \" desktop_text_alignment=\"default \" tablet_text_alignment=\"default \" phone_text_alignment=\u00a0\"default\" background_color_opacity=\"1\" background_hover_color_opacity=\"1\" column_backdrop_filter=\"none\" column_shadow=\"none\" column_border_radius=\"none\" column_link_target=\u00a0\"_self\" column_position=\"default\" gradient_direction=\"left_to_right\" overlay_strength=\"0.3\" width=\u00a0\"1\/1\" tablet_width_inherit=\"default\" animation_type=\"default\" bg_image_animation=\"none\" border_type=\"simple\" column_border_width=\"none\" column_border_style=\"solid\"][vc_column_text css=\"\" text_direction=\"default\"]<\/p><blockquote><p>\"I'm very proud to carry the colors of the Quebec Liberal Party in Pr\u00e9vost. I want to be a strong, accessible voice for the region's citizens, putting forward concrete solutions to address the concerns of local families, youth, seniors and entrepreneurs. I firmly believe that we can build a dynamic, prosperous region that listens to its communities. With Charles Milliard's team, I'm convinced we can offer a serious alternative and form the next government.\"<br>- Paul Landry, QLP candidate in Pr\u00e9vost<\/p><\/blockquote>[\/vc_column_text][\/vc_column][\/vc_row][vc_row type=\"in_container\u00a0\" full_screen_row_position=\"middle\" column_margin=\"default\" column_direction=\"default\" column_direction_tablet=\"default\" column_direction_phone=\"default\" scene_position=\"center\" text_color=\"dark\u00a0\" text_align=\"left\" row_border_radius=\"none\" row_border_radius_applies=\"bg\u00a0\" row_position_desktop=\"default\" row_position_tablet=\"inherit\" row_position_phone=\"inherit\" overflow=\"visible\" overlay_strength=\u00a0\"0.3\" gradient_direction=\"left_to_right\" shape_divider_position=\"bottom\" bg_image_animation=\"none\"][vc_column column_padding=\"no-extra-padding\" column_padding_tablet=\"inherit\" column_padding_phone=\"inherit\" column_padding_position=\"all\u00a0\" flex_gap_desktop=\"10px\" column_element_direction_desktop=\"default\" column_element_spacing=\"default\" desktop_text_alignment=\"default\" tablet_text_alignment=\"default\" phone_text_alignment=\u00a0\"default\" background_color_opacity=\"1\" background_hover_color_opacity=\"1\" column_backdrop_filter=\"none\" column_shadow=\"none\" column_border_radius=\"none\" column_link_target=\u00a0\"_self\" column_position=\"default\" gradient_direction=\"left_to_right\" overlay_strength=\"0.3\" width=\u00a0\"1\/1\" tablet_width_inherit=\"default\" animation_type=\"default\" bg_image_animation=\"none\" border_type=\"simple\" column_border_width=\"none\" column_border_style=\"solid\"][vc_column_text css=\"\" text_direction=\"default\"]<blockquote><p>\"Paul Landry is a committed person, deeply rooted in his community, who understands the realities and priorities of the citizens of Pr\u00e9vost. His human approach, his sense of dialogue and his willingness to take concrete action for his region make him an excellent candidate for our team. With candidates like Paul across Quebec, we're building a strong, regionally-focused team ready to address the real priorities of Quebecers.\"<br>- Charles Milliard, Leader of the Quebec Liberal Party<\/p><\/blockquote>[\/vc_column_text][\/vc_column][\/vc_row]","protected":false},"featured_media":23994,"template":"","meta":{"_acf_changed":false,"_seopress_titles_title":"","_seopress_titles_desc":"","_seopress_robots_index":"","_seopress_robots_follow":"","_seopress_robots_imageindex":"","_seopress_robots_snippet":"","_seopress_robots_primary_cat":"","_seopress_robots_breadcrumbs":"","_seopress_robots_freeze_modified_date":"","_seopress_robots_custom_modified_date":"","_seopress_robots_canonical":"","_seopress_social_fb_title":"","_seopress_social_fb_desc":"","_seopress_social_fb_img":"","_seopress_social_fb_img_attachment_id":0,"_seopress_social_fb_img_width":0,"_seopress_social_fb_img_height":0,"_seopress_social_twitter_title":"","_seopress_social_twitter_desc":"","_seopress_social_twitter_img":"","_seopress_social_twitter_img_attachment_id":0,"_seopress_social_twitter_img_width":0,"_seopress_social_twitter_img_height":0,"_seopress_redirections_value":"","_seopress_redirections_enabled":"","_seopress_redirections_enabled_regex":"","_seopress_redirections_logged_status":"","_seopress_redirections_param":"","_seopress_redirections_type":0,"_seopress_analysis_target_kw":"","_seopress_news_disabled":"","_seopress_video_disabled":"","_seopress_video":[],"_seopress_pro_schemas_manual":[],"_seopress_pro_rich_snippets_disable_all":"","_seopress_pro_rich_snippets_disable":[],"_seopress_pro_schemas":[],"inline_featured_image":false},"circonscription":[96],"dossier":[175],"langue":[173,174],"nouvelle-a-la-une":[],"class_list":["post-23993","communique","type-communique","status-publish","has-post-thumbnail","circonscription-prevost","dossier-le-parti","langue-francais","langue-anglais"],"acf":[],"_links":{"self":[{"href":"https:\/\/plq.org\/en\/wp-json\/wp\/v2\/communique\/23993","targetHints":{"allow":["GET"]}}],"collection":[{"href":"https:\/\/plq.org\/en\/wp-json\/wp\/v2\/communique"}],"about":[{"href":"https:\/\/plq.org\/en\/wp-json\/wp\/v2\/types\/communique"}],"wp:featuredmedia":[{"embeddable":true,"href":"https:\/\/plq.org\/en\/wp-json\/wp\/v2\/media\/23994"}],"wp:attachment":[{"href":"https:\/\/plq.org\/en\/wp-json\/wp\/v2\/media?parent=23993"}],"wp:term":[{"taxonomy":"circonscription","embeddable":true,"href":"https:\/\/plq.org\/en\/wp-json\/wp\/v2\/circonscription?post=23993"},{"taxonomy":"dossier","embeddable":true,"href":"https:\/\/plq.org\/en\/wp-json\/wp\/v2\/dossier?post=23993"},{"taxonomy":"langue","embeddable":true,"href":"https:\/\/plq.org\/en\/wp-json\/wp\/v2\/langue?post=23993"},{"taxonomy":"nouvelle-a-la-une","embeddable":true,"href":"https:\/\/plq.org\/en\/wp-json\/wp\/v2\/nouvelle-a-la-une?post=23993"}],"curies":[{"name":"wp","href":"https:\/\/api.w.org\/{rel}","templated":true}]}}

Paul Landry, candidat officiel du Parti libéral du Québec dans Prévost

[vc_row type="in_container " full_screen_row_position="middle" column_margin="default" column_direction="default" column_direction_tablet="default" column_direction_phone="default" scene_position="center" text_color="dark " text_align="left" row_border_radius="none" row_border_radius_applies="bg " row_position_desktop="default" row_position_tablet="inherit" row_position_phone="inherit" overflow="visible" overlay_strength= "0.3" gradient_direction="left_to_right" shape_divider_position="bottom" bg_image_animation="none"][vc_column column_padding="no-extra-padding" column_padding_tablet="inherit" column_padding_phone="inherit" column_padding_position="all " flex_gap_desktop="10px" column_element_direction_desktop="default" column_element_spacing="default" desktop_text_alignment="default" tablet_text_alignment="default" phone_text_alignment= "default" background_color_opacity="1" background_hover_color_opacity="1" column_backdrop_filter="none" column_shadow="none" column_border_radius="none" column_link_target= "_self" column_position="default" gradient_direction="left_to_right" overlay_strength="0.3" width= "1/1" tablet_width_inherit="default" animation_type="default" bg_image_animation="none" border_type="simple" column_border_width="none" column_border_style="solid"][image_with_animation image_url="23994" image_size="full" max_width="100% " max_width_mobile="default" animation_type="entrance" animation="None" animation_movement_type="transform_y" hover_animation="none" alignment="" border_radius="none " box_shadow="none" image_loading="default"][/vc_column][/vc_row][vc_row type="in_container " full_screen_row_position="middle" column_margin="default" column_direction="default" column_direction_tablet="default" column_direction_phone="default" scene_position="center" text_color="dark " text_align="left" row_border_radius="none" row_border_radius_applies="bg " row_position_desktop="default" row_position_tablet="inherit" row_position_phone="inherit" overflow="visible" overlay_strength= "0.3" gradient_direction="left_to_right" shape_divider_position="bottom" bg_image_animation="none"][vc_column column_padding="no-extra-padding" column_padding_tablet="inherit" column_padding_phone="inherit" column_padding_position="all " flex_gap_desktop="10px " column_element_direction_desktop="default " column_element_spacing="default " desktop_text_alignment="default " tablet_text_alignment="default " phone_text_alignment= "default" background_color_opacity="1" background_hover_color_opacity="1" column_backdrop_filter="none" column_shadow="none" column_border_radius="none" column_link_target= "_self" column_position="default" gradient_direction="left_to_right" overlay_strength="0.3" width= "1/1" tablet_width_inherit="default" animation_type="default" bg_image_animation="none" border_type="simple" column_border_width="none" column_border_style="solid"][vc_column_text css= » » text_direction= »default »]<strong>Québec City, May 6, 2026 - The Québec Liberal Party is pleased to announce the candidacy of Mr. Paul Landry in the riding of Prévost for the upcoming general election.</strong>
<p>With a background rooted in community involvement, Paul Landry has distinguished himself by his ability to bring people together and propose concrete solutions to local issues. Coming from a background where the values of solidarity, hard work and listening are central, he developed a keen interest in public life and collective well-being at a very early age.</p>
<p>Over the years, he has acquired a wide range of experiences, both professionally and in the community, working with a variety of stakeholders. His involvement in projects such as economic development, access to services and family support is testimony to his desire to make a tangible impact in his community. Recognized for his pragmatic and humane approach, he favors dialogue and consultation in order to make progress on issues of concern to citizens.</p>
<p>In Prévost, Paul Landry wishes to actively contribute to the region's vitality, notably by supporting the local economy, providing access to affordable housing and strengthening local services. He also attaches particular importance to issues affecting young people, seniors and local infrastructure.</p>
<p>Convinced that politics should be a force for positive change, Paul Landry hopes to represent the citizens of Prévost with integrity, transparency, and determination.[/vc_column_text][/vc_column][/vc_row][vc_row type="in_container " full_screen_row_position="middle" column_margin="default" column_direction="default" column_direction_tablet="default" column_direction_phone="default" scene_position="center" text_color="dark " text_align="left" row_border_radius="none" row_border_radius_applies="bg " row_position_desktop="default" row_position_tablet="inherit" row_position_phone="inherit" overflow="visible" overlay_strength= "0.3" gradient_direction="left_to_right" shape_divider_position="bottom" bg_image_animation="none"][vc_column column_padding="no-extra-padding" column_padding_tablet="inherit" column_padding_phone="inherit" column_padding_position="all " flex_gap_desktop="10px " column_element_direction_desktop="default " column_element_spacing="default " desktop_text_alignment="default " tablet_text_alignment="default " phone_text_alignment= "default" background_color_opacity="1" background_hover_color_opacity="1" column_backdrop_filter="none" column_shadow="none" column_border_radius="none" column_link_target= "_self" column_position="default" gradient_direction="left_to_right" overlay_strength="0.3" width= "1/1" tablet_width_inherit="default" animation_type="default" bg_image_animation="none" border_type="simple" column_border_width="none" column_border_style="solid"][vc_column_text css="" text_direction="default"]</p><blockquote><p>"I'm very proud to carry the colors of the Quebec Liberal Party in Prévost. I want to be a strong, accessible voice for the region's citizens, putting forward concrete solutions to address the concerns of local families, youth, seniors and entrepreneurs. I firmly believe that we can build a dynamic, prosperous region that listens to its communities. With Charles Milliard's team, I'm convinced we can offer a serious alternative and form the next government."<br>- Paul Landry, QLP candidate in Prévost</p></blockquote>[/vc_column_text][/vc_column][/vc_row][vc_row type="in_container " full_screen_row_position="middle" column_margin="default" column_direction="default" column_direction_tablet="default" column_direction_phone="default" scene_position="center" text_color="dark " text_align="left" row_border_radius="none" row_border_radius_applies="bg " row_position_desktop="default" row_position_tablet="inherit" row_position_phone="inherit" overflow="visible" overlay_strength= "0.3" gradient_direction="left_to_right" shape_divider_position="bottom" bg_image_animation="none"][vc_column column_padding="no-extra-padding" column_padding_tablet="inherit" column_padding_phone="inherit" column_padding_position="all " flex_gap_desktop="10px" column_element_direction_desktop="default" column_element_spacing="default" desktop_text_alignment="default" tablet_text_alignment="default" phone_text_alignment= "default" background_color_opacity="1" background_hover_color_opacity="1" column_backdrop_filter="none" column_shadow="none" column_border_radius="none" column_link_target= "_self" column_position="default" gradient_direction="left_to_right" overlay_strength="0.3" width= "1/1" tablet_width_inherit="default" animation_type="default" bg_image_animation="none" border_type="simple" column_border_width="none" column_border_style="solid"][vc_column_text css="" text_direction="default"]<blockquote><p>"Paul Landry is a committed person, deeply rooted in his community, who understands the realities and priorities of the citizens of Prévost. His human approach, his sense of dialogue and his willingness to take concrete action for his region make him an excellent candidate for our team. With candidates like Paul across Quebec, we're building a strong, regionally-focused team ready to address the real priorities of Quebecers."<br>- Charles Milliard, Leader of the Quebec Liberal Party</p></blockquote>[/vc_column_text][/vc_column][/vc_row]
