{"id":24244,"date":"2026-06-09T18:06:03","date_gmt":"2026-06-09T22:06:03","guid":{"rendered":"https:\/\/plq.org\/?p=24244"},"modified":"2026-08-31T15:12:50","modified_gmt":"2026-08-31T19:12:50","slug":"mariliz-turla-vadnais-candidate-officielle-du-parti-liberal-du-quebec-dans-saint-hyacinthe","status":"publish","type":"communique","link":"https:\/\/plq.org\/en\/communique\/mariliz-turla-vadnais-candidate-officielle-du-parti-liberal-du-quebec-dans-saint-hyacinthe\/","title":{"rendered":"Mariliz Turla-Vadnais, candidate officielle du Parti lib\u00e9ral du Qu\u00e9bec dans Saint-Hyacinthe"},"content":{"rendered":"[vc_row type=\"in_container\u00a0\" full_screen_row_position=\"middle\" column_margin=\"default\" column_direction=\"default\" column_direction_tablet=\"default\" column_direction_phone=\"default\" scene_position=\"center\" text_color=\"dark\u00a0\" text_align=\"left\" row_border_radius=\"none\" row_border_radius_applies=\"bg\u00a0\" row_position_desktop=\"default\" row_position_tablet=\"inherit\" row_position_phone=\"inherit\" overflow=\"visible\" overlay_strength=\u00a0\"0.3\" gradient_direction=\"left_to_right\" shape_divider_position=\"bottom\" bg_image_animation=\"none\"][vc_column column_padding=\"no-extra-padding\" column_padding_tablet=\"inherit\" column_padding_phone=\"inherit\" column_padding_position=\"all\u00a0\" flex_gap_desktop=\"10px\" column_element_direction_desktop=\"default\" column_element_spacing=\"default\" desktop_text_alignment=\"default\" tablet_text_alignment=\"default\" phone_text_alignment=\u00a0\"default\" background_color_opacity=\"1\" background_hover_color_opacity=\"1\" column_backdrop_filter=\"none\" column_shadow=\"none\" column_border_radius=\"none\" column_link_target=\u00a0\"_self\" column_position=\"default\" gradient_direction=\"left_to_right\" overlay_strength=\"0.3\" width=\u00a0\"1\/1\" tablet_width_inherit=\"default\" animation_type=\"default\" bg_image_animation=\"none\" border_type=\"simple\" column_border_width=\"none\" column_border_style=\"solid\"][vc_column_text css=\"\" text_direction=\"default\"]<strong>Sherbrooke, June 6, 2026 - As part of the Quebec Liberal Party's General Council meeting in the Eastern Townships, Mariliz Turla-Vadnais has been of\ufb01cially nominated as the Quebec Liberal Party candidate in the Saint-Hyacinthe riding. <\/strong>\n<p>Born and raised in Saint-Hyacinthe, Mariliz Turla-Vadnais has always been driven by the desire to serve her community and contribute concretely to its development. With a degree in communications from the Universit\u00e9 du Qu\u00e9bec \u00e0 Trois-Rivi\u00e8res, she has devoted her career to bringing citizens, organizations and institutions closer together a\ufb01n order to foster dialogue and mutual understanding.<\/p>\n<p>Her career path has led her to work in the public, private and community sectors. At 23, she joined the team of former New Brunswick Premier Brian Gallant, where she acquired a solid understanding of public institutions. An entrepreneur from the age of 24, she also developed a concrete knowledge of the d\u00e9\ufb01s faced by job creators and small businesses.<\/p>\n<p>Elected as a municipal councillor in New Brunswick's Capital Region, she has been particularly involved with Francophone military families and the promotion of the French language. Over the years, she has worked with numerous organizations as a communications strategist, enabling her to better understand the realities of families, workers, farmers, entrepreneurs and community organizations.<\/p>\n<p>Deeply attached to Saint-Hyacinthe\u2014where her roots lie and where her commitment was forged\u2014Mariliz Turla-Vadnais now wishes to put her experience, leadership, and energy to work for the region\u2019s residents and champion the priorities that matter to them in their daily lives.[\/vc_column_text][\/vc_column][\/vc_row][vc_row type=\"in_container\u00a0\" full_screen_row_position=\"middle\" column_margin=\"default\" column_direction=\"default\" column_direction_tablet=\"default\" column_direction_phone=\"default\" scene_position=\"center\" text_color=\"dark\u00a0\" text_align=\"left\" row_border_radius=\"none\" row_border_radius_applies=\"bg\u00a0\" row_position_desktop=\"default\" row_position_tablet=\"inherit\" row_position_phone=\"inherit\" overflow=\"visible\" overlay_strength=\u00a0\"0.3\" gradient_direction=\"left_to_right\" shape_divider_position=\"bottom\" bg_image_animation=\"none\"][vc_column column_padding=\"no-extra-padding\" column_padding_tablet=\"inherit\" column_padding_phone=\"inherit\" column_padding_position=\"all\u00a0\" flex_gap_desktop=\"10px \" column_element_direction_desktop=\"default \" column_element_spacing=\"default \" desktop_text_alignment=\"default \" tablet_text_alignment=\"default \" phone_text_alignment=\u00a0\"default\" background_color_opacity=\"1\" background_hover_color_opacity=\"1\" column_backdrop_filter=\"none\" column_shadow=\"none\" column_border_radius=\"none\" column_link_target=\u00a0\"_self\" column_position=\"default\" gradient_direction=\"left_to_right\" overlay_strength=\"0.3\" width=\u00a0\"1\/1\" tablet_width_inherit=\"default\" animation_type=\"default\" bg_image_animation=\"none\" border_type=\"simple\" column_border_width=\"none\" column_border_style=\"solid\"][vc_column_text css=\"\" text_direction=\"default\"]<\/p><blockquote><p>\"Representing Saint-Hyacinthe is a huge honour for me. This is where I grew up, where my values were forged and where my desire to serve my community was born. Throughout my career, I've learned that the best solutions come from listening and dialogue. I want to put this experience to good use for the citizens of Saint-Hyacinthe and work with determination to address the concerns of our region's families, farmers, entrepreneurs and workers. I am proud to team up with Charles Milliard and convinced that we can form a government that listens to Quebecers.\" - Mariliz Turla-Vadnais, QLP candidate in Saint-Hyacinthe<\/p><\/blockquote>[\/vc_column_text][\/vc_column][\/vc_row][vc_row type=\"in_container\u00a0\" full_screen_row_position=\"middle\" column_margin=\"default\" column_direction=\"default\" column_direction_tablet=\"default\" column_direction_phone=\"default\" scene_position=\"center\" text_color=\"dark\u00a0\" text_align=\"left\" row_border_radius=\"none\" row_border_radius_applies=\"bg\u00a0\" row_position_desktop=\"default\" row_position_tablet=\"inherit\" row_position_phone=\"inherit\" overflow=\"visible\" overlay_strength=\u00a0\"0.3\" gradient_direction=\"left_to_right\" shape_divider_position=\"bottom\" bg_image_animation=\"none\"][vc_column column_padding=\"no-extra-padding\" column_padding_tablet=\"inherit\" column_padding_phone=\"inherit\" column_padding_position=\"all\u00a0\" flex_gap_desktop=\"10px\" column_element_direction_desktop=\"default\" column_element_spacing=\"default\" desktop_text_alignment=\"default\" tablet_text_alignment=\"default\" phone_text_alignment=\u00a0\"default\" background_color_opacity=\"1\" background_hover_color_opacity=\"1\" column_backdrop_filter=\"none\" column_shadow=\"none\" column_border_radius=\"none\" column_link_target=\u00a0\"_self\" column_position=\"default\" gradient_direction=\"left_to_right\" overlay_strength=\"0.3\" width=\u00a0\"1\/1\" tablet_width_inherit=\"default\" animation_type=\"default\" bg_image_animation=\"none\" border_type=\"simple\" column_border_width=\"none\" column_border_style=\"solid\"][vc_column_text css=\"\" text_direction=\"default\"]<blockquote><p>\"Mariliz has an impressive background that combines community involvement, entrepreneurial experience and public service. What particularly stands out for me is her ability to bring people together and build bridges between different milieus. Deeply attached to Saint-Hyacinthe, she understands the realities of her community and wishes to put all her energy at the service of her fellow citizens. Her leadership, authenticity and determination will be invaluable assets for our team and for the future of the region.\" - Charles Milliard, Leader of the Quebec Liberal Party<\/p><\/blockquote>[\/vc_column_text][\/vc_column][\/vc_row]","protected":false},"featured_media":0,"template":"","meta":{"_acf_changed":false,"_seopress_titles_title":"","_seopress_titles_desc":"","_seopress_robots_index":"","_seopress_robots_follow":"","_seopress_robots_imageindex":"","_seopress_robots_snippet":"","_seopress_robots_primary_cat":"","_seopress_robots_breadcrumbs":"","_seopress_robots_freeze_modified_date":"","_seopress_robots_custom_modified_date":"","_seopress_robots_canonical":"","_seopress_social_fb_title":"","_seopress_social_fb_desc":"","_seopress_social_fb_img":"","_seopress_social_fb_img_attachment_id":0,"_seopress_social_fb_img_width":0,"_seopress_social_fb_img_height":0,"_seopress_social_twitter_title":"","_seopress_social_twitter_desc":"","_seopress_social_twitter_img":"","_seopress_social_twitter_img_attachment_id":0,"_seopress_social_twitter_img_width":0,"_seopress_social_twitter_img_height":0,"_seopress_redirections_value":"","_seopress_redirections_enabled":"","_seopress_redirections_enabled_regex":"","_seopress_redirections_logged_status":"","_seopress_redirections_param":"","_seopress_redirections_type":0,"_seopress_analysis_target_kw":"","_seopress_news_disabled":"","_seopress_video_disabled":"","_seopress_video":[],"_seopress_pro_schemas_manual":[],"_seopress_pro_rich_snippets_disable_all":"","_seopress_pro_rich_snippets_disable":[],"_seopress_pro_schemas":[],"inline_featured_image":false},"circonscription":[133],"dossier":[175],"langue":[173,174],"nouvelle-a-la-une":[],"class_list":["post-24244","communique","type-communique","status-publish","circonscription-chef","dossier-le-parti","langue-francais","langue-anglais"],"acf":[],"_links":{"self":[{"href":"https:\/\/plq.org\/en\/wp-json\/wp\/v2\/communique\/24244","targetHints":{"allow":["GET"]}}],"collection":[{"href":"https:\/\/plq.org\/en\/wp-json\/wp\/v2\/communique"}],"about":[{"href":"https:\/\/plq.org\/en\/wp-json\/wp\/v2\/types\/communique"}],"wp:attachment":[{"href":"https:\/\/plq.org\/en\/wp-json\/wp\/v2\/media?parent=24244"}],"wp:term":[{"taxonomy":"circonscription","embeddable":true,"href":"https:\/\/plq.org\/en\/wp-json\/wp\/v2\/circonscription?post=24244"},{"taxonomy":"dossier","embeddable":true,"href":"https:\/\/plq.org\/en\/wp-json\/wp\/v2\/dossier?post=24244"},{"taxonomy":"langue","embeddable":true,"href":"https:\/\/plq.org\/en\/wp-json\/wp\/v2\/langue?post=24244"},{"taxonomy":"nouvelle-a-la-une","embeddable":true,"href":"https:\/\/plq.org\/en\/wp-json\/wp\/v2\/nouvelle-a-la-une?post=24244"}],"curies":[{"name":"wp","href":"https:\/\/api.w.org\/{rel}","templated":true}]}}

Mariliz Turla-Vadnais, candidate officielle du Parti libéral du Québec dans Saint-Hyacinthe

[vc_row type="in_container " full_screen_row_position="middle" column_margin="default" column_direction="default" column_direction_tablet="default" column_direction_phone="default" scene_position="center" text_color="dark " text_align="left" row_border_radius="none" row_border_radius_applies="bg " row_position_desktop="default" row_position_tablet="inherit" row_position_phone="inherit" overflow="visible" overlay_strength= "0.3" gradient_direction="left_to_right" shape_divider_position="bottom" bg_image_animation="none"][vc_column column_padding="no-extra-padding" column_padding_tablet="inherit" column_padding_phone="inherit" column_padding_position="all " flex_gap_desktop="10px" column_element_direction_desktop="default" column_element_spacing="default" desktop_text_alignment="default" tablet_text_alignment="default" phone_text_alignment= "default" background_color_opacity="1" background_hover_color_opacity="1" column_backdrop_filter="none" column_shadow="none" column_border_radius="none" column_link_target= "_self" column_position="default" gradient_direction="left_to_right" overlay_strength="0.3" width= "1/1" tablet_width_inherit="default" animation_type="default" bg_image_animation="none" border_type="simple" column_border_width="none" column_border_style="solid"][vc_column_text css="" text_direction="default"]<strong>Sherbrooke, June 6, 2026 - As part of the Quebec Liberal Party's General Council meeting in the Eastern Townships, Mariliz Turla-Vadnais has been ofﬁcially nominated as the Quebec Liberal Party candidate in the Saint-Hyacinthe riding. </strong>
<p>Born and raised in Saint-Hyacinthe, Mariliz Turla-Vadnais has always been driven by the desire to serve her community and contribute concretely to its development. With a degree in communications from the Université du Québec à Trois-Rivières, she has devoted her career to bringing citizens, organizations and institutions closer together aﬁn order to foster dialogue and mutual understanding.</p>
<p>Her career path has led her to work in the public, private and community sectors. At 23, she joined the team of former New Brunswick Premier Brian Gallant, where she acquired a solid understanding of public institutions. An entrepreneur from the age of 24, she also developed a concrete knowledge of the déﬁs faced by job creators and small businesses.</p>
<p>Elected as a municipal councillor in New Brunswick's Capital Region, she has been particularly involved with Francophone military families and the promotion of the French language. Over the years, she has worked with numerous organizations as a communications strategist, enabling her to better understand the realities of families, workers, farmers, entrepreneurs and community organizations.</p>
<p>Deeply attached to Saint-Hyacinthe—where her roots lie and where her commitment was forged—Mariliz Turla-Vadnais now wishes to put her experience, leadership, and energy to work for the region’s residents and champion the priorities that matter to them in their daily lives.[/vc_column_text][/vc_column][/vc_row][vc_row type="in_container " full_screen_row_position="middle" column_margin="default" column_direction="default" column_direction_tablet="default" column_direction_phone="default" scene_position="center" text_color="dark " text_align="left" row_border_radius="none" row_border_radius_applies="bg " row_position_desktop="default" row_position_tablet="inherit" row_position_phone="inherit" overflow="visible" overlay_strength= "0.3" gradient_direction="left_to_right" shape_divider_position="bottom" bg_image_animation="none"][vc_column column_padding="no-extra-padding" column_padding_tablet="inherit" column_padding_phone="inherit" column_padding_position="all " flex_gap_desktop="10px " column_element_direction_desktop="default " column_element_spacing="default " desktop_text_alignment="default " tablet_text_alignment="default " phone_text_alignment= "default" background_color_opacity="1" background_hover_color_opacity="1" column_backdrop_filter="none" column_shadow="none" column_border_radius="none" column_link_target= "_self" column_position="default" gradient_direction="left_to_right" overlay_strength="0.3" width= "1/1" tablet_width_inherit="default" animation_type="default" bg_image_animation="none" border_type="simple" column_border_width="none" column_border_style="solid"][vc_column_text css="" text_direction="default"]</p><blockquote><p>"Representing Saint-Hyacinthe is a huge honour for me. This is where I grew up, where my values were forged and where my desire to serve my community was born. Throughout my career, I've learned that the best solutions come from listening and dialogue. I want to put this experience to good use for the citizens of Saint-Hyacinthe and work with determination to address the concerns of our region's families, farmers, entrepreneurs and workers. I am proud to team up with Charles Milliard and convinced that we can form a government that listens to Quebecers." - Mariliz Turla-Vadnais, QLP candidate in Saint-Hyacinthe</p></blockquote>[/vc_column_text][/vc_column][/vc_row][vc_row type="in_container " full_screen_row_position="middle" column_margin="default" column_direction="default" column_direction_tablet="default" column_direction_phone="default" scene_position="center" text_color="dark " text_align="left" row_border_radius="none" row_border_radius_applies="bg " row_position_desktop="default" row_position_tablet="inherit" row_position_phone="inherit" overflow="visible" overlay_strength= "0.3" gradient_direction="left_to_right" shape_divider_position="bottom" bg_image_animation="none"][vc_column column_padding="no-extra-padding" column_padding_tablet="inherit" column_padding_phone="inherit" column_padding_position="all " flex_gap_desktop="10px" column_element_direction_desktop="default" column_element_spacing="default" desktop_text_alignment="default" tablet_text_alignment="default" phone_text_alignment= "default" background_color_opacity="1" background_hover_color_opacity="1" column_backdrop_filter="none" column_shadow="none" column_border_radius="none" column_link_target= "_self" column_position="default" gradient_direction="left_to_right" overlay_strength="0.3" width= "1/1" tablet_width_inherit="default" animation_type="default" bg_image_animation="none" border_type="simple" column_border_width="none" column_border_style="solid"][vc_column_text css="" text_direction="default"]<blockquote><p>"Mariliz has an impressive background that combines community involvement, entrepreneurial experience and public service. What particularly stands out for me is her ability to bring people together and build bridges between different milieus. Deeply attached to Saint-Hyacinthe, she understands the realities of her community and wishes to put all her energy at the service of her fellow citizens. Her leadership, authenticity and determination will be invaluable assets for our team and for the future of the region." - Charles Milliard, Leader of the Quebec Liberal Party</p></blockquote>[/vc_column_text][/vc_column][/vc_row]
