{"id":24392,"date":"2026-07-01T12:37:39","date_gmt":"2026-07-01T16:37:39","guid":{"rendered":"https:\/\/plq.org\/?p=24392"},"modified":"2026-08-31T15:12:29","modified_gmt":"2026-08-31T19:12:29","slug":"gil-theriault-candidat-officiel-du-parti-liberal-du-quebec-aux-iles-de-la-madeleine","status":"publish","type":"communique","link":"https:\/\/plq.org\/en\/communique\/gil-theriault-candidat-officiel-du-parti-liberal-du-quebec-aux-iles-de-la-madeleine\/","title":{"rendered":"Gil Th\u00e9riault, candidat officiel du Parti lib\u00e9ral du Qu\u00e9bec aux \u00celes-de-la-Madeleine"},"content":{"rendered":"<p class=\"font-claude-response-body break-words whitespace-normal\">L\u2019\u00c9tang-du-Nord, June 25, 2026 \u2014 In the presence of Quebec Liberal Party leader Charles Milliard, Mr. Gil Th\u00e9riault was officially nominated as the QLP candidate for the \u00celes-de-la-Madeleine riding.<\/p>\n<p class=\"font-claude-response-body break-words whitespace-normal\">A native of Havre-aux-Maisons in the Magdalen Islands, Gil Th\u00e9riault is currently the director of the Association of Coastal Fishermen of the Magdalen Islands. After studying communications in Quebec City and traveling the world, this native of the Magdalen Islands chose to settle there, where he lives with his small family and has been actively involved in his community for several decades.<\/p>\n<p class=\"font-claude-response-body break-words whitespace-normal\">Gil Th\u00e9riault is a well-known figure in Quebec\u2019s fishing industry, particularly in the area of seal hunting, a field in which he has developed in-depth expertise that he has been able to share on the international stage.<\/p>\n<p class=\"font-claude-response-body break-words whitespace-normal\">Deeply rooted in his community, the PLQ candidate recently became a city councilor for the Havre-aux-Maisons and Pointe-aux-Loups district and a member of the Canadian Rangers. Active on the ground, he understands the day-to-day realities of his community and the challenges faced by the residents of the Magdalen Islands. His desire to continue his involvement in provincial politics is thus a natural extension of his public service career.<\/p>\n<p class=\"font-claude-response-body break-words whitespace-normal\">An excellent communicator and popularizer, Gil Th\u00e9riault has, over the years, worked as a journalist, food columnist, lecturer, and photographer. He is also the author of several books, including <em>Les \u00celes de la Madeleine: de mer et de lumi\u00e8re<\/em>, published in 2011 by \u00c9ditions de l\u2019Homme, <em>A Culinary Journey Around the World<\/em>, published by La morue verte in 2012, as well as<em>*Acadian Rainbow: Houses of the \u00celes de la Madeleine*<\/em>, published by \u00c9ditions Broquet in 1996.<\/p>\n<blockquote>\n<p class=\"font-claude-response-body break-words whitespace-normal\">\u201cI am very excited to be running as a candidate for Charles Milliard\u2019s Quebec Liberal Party to represent the region that is close to my heart and the people I love. Several issues are close to my heart, particularly those concerning fishing\u2014the economic engine of our archipelago\u2014as well as the relationship Quebec must maintain with Ottawa. We must prioritize an approach based on collaboration rather than division. The renewal that Charles Milliard embodies for the PLQ, for Quebec, and for the regions is exactly the kind of government the people of the Magdalen Islands deserve.\u201d<\/p>\n<p class=\"font-claude-response-body break-words whitespace-normal\">\u2014 Gil Th\u00e9riault, QLP candidate for the \u00celes-de-la-Madeleine<\/p>\n<p class=\"font-claude-response-body break-words whitespace-normal\">\u201cGil Th\u00e9riault fully embodies the distinctive character of the Magdalen Islands. He represents what it means to be a Madelinot: a passionate advocate for the identity and realities of his community, particularly the fishing industry. Very close to the people, he has represented them at various levels\u2014whether on the municipal council, as a journalist, a speaker, or an author. His run for provincial office is simply the natural extension of his commitment to his community and to his people.\u201d<\/p>\n<p class=\"font-claude-response-body break-words whitespace-normal\">- Charles Milliard, Leader of the Quebec Liberal Party<\/p>\n<\/blockquote>\n","protected":false},"featured_media":0,"template":"","meta":{"_acf_changed":false,"_seopress_titles_title":"","_seopress_titles_desc":"","_seopress_robots_index":"","_seopress_robots_follow":"","_seopress_robots_imageindex":"","_seopress_robots_snippet":"","_seopress_robots_primary_cat":"","_seopress_robots_breadcrumbs":"","_seopress_robots_freeze_modified_date":"","_seopress_robots_custom_modified_date":"","_seopress_robots_canonical":"","_seopress_social_fb_title":"","_seopress_social_fb_desc":"","_seopress_social_fb_img":"","_seopress_social_fb_img_attachment_id":0,"_seopress_social_fb_img_width":0,"_seopress_social_fb_img_height":0,"_seopress_social_twitter_title":"","_seopress_social_twitter_desc":"","_seopress_social_twitter_img":"","_seopress_social_twitter_img_attachment_id":0,"_seopress_social_twitter_img_width":0,"_seopress_social_twitter_img_height":0,"_seopress_redirections_value":"","_seopress_redirections_enabled":"","_seopress_redirections_enabled_regex":"","_seopress_redirections_logged_status":"","_seopress_redirections_param":"","_seopress_redirections_type":0,"_seopress_analysis_target_kw":"","_seopress_news_disabled":"","_seopress_video_disabled":"","_seopress_video":[],"_seopress_pro_schemas_manual":[],"_seopress_pro_rich_snippets_disable_all":"","_seopress_pro_rich_snippets_disable":[],"_seopress_pro_schemas":[],"inline_featured_image":false},"circonscription":[51],"dossier":[175],"langue":[173,174],"nouvelle-a-la-une":[],"class_list":["post-24392","communique","type-communique","status-publish","circonscription-iles-de-la-madeleine","dossier-le-parti","langue-francais","langue-anglais"],"acf":[],"_links":{"self":[{"href":"https:\/\/plq.org\/en\/wp-json\/wp\/v2\/communique\/24392","targetHints":{"allow":["GET"]}}],"collection":[{"href":"https:\/\/plq.org\/en\/wp-json\/wp\/v2\/communique"}],"about":[{"href":"https:\/\/plq.org\/en\/wp-json\/wp\/v2\/types\/communique"}],"wp:attachment":[{"href":"https:\/\/plq.org\/en\/wp-json\/wp\/v2\/media?parent=24392"}],"wp:term":[{"taxonomy":"circonscription","embeddable":true,"href":"https:\/\/plq.org\/en\/wp-json\/wp\/v2\/circonscription?post=24392"},{"taxonomy":"dossier","embeddable":true,"href":"https:\/\/plq.org\/en\/wp-json\/wp\/v2\/dossier?post=24392"},{"taxonomy":"langue","embeddable":true,"href":"https:\/\/plq.org\/en\/wp-json\/wp\/v2\/langue?post=24392"},{"taxonomy":"nouvelle-a-la-une","embeddable":true,"href":"https:\/\/plq.org\/en\/wp-json\/wp\/v2\/nouvelle-a-la-une?post=24392"}],"curies":[{"name":"wp","href":"https:\/\/api.w.org\/{rel}","templated":true}]}}

Gil Thériault, candidat officiel du Parti libéral du Québec aux Îles-de-la-Madeleine

<p class="font-claude-response-body break-words whitespace-normal">L’Étang-du-Nord, June 25, 2026 — In the presence of Quebec Liberal Party leader Charles Milliard, Mr. Gil Thériault was officially nominated as the QLP candidate for the Îles-de-la-Madeleine riding.</p>
<p class="font-claude-response-body break-words whitespace-normal">A native of Havre-aux-Maisons in the Magdalen Islands, Gil Thériault is currently the director of the Association of Coastal Fishermen of the Magdalen Islands. After studying communications in Quebec City and traveling the world, this native of the Magdalen Islands chose to settle there, where he lives with his small family and has been actively involved in his community for several decades.</p>
<p class="font-claude-response-body break-words whitespace-normal">Gil Thériault is a well-known figure in Quebec’s fishing industry, particularly in the area of seal hunting, a field in which he has developed in-depth expertise that he has been able to share on the international stage.</p>
<p class="font-claude-response-body break-words whitespace-normal">Deeply rooted in his community, the PLQ candidate recently became a city councilor for the Havre-aux-Maisons and Pointe-aux-Loups district and a member of the Canadian Rangers. Active on the ground, he understands the day-to-day realities of his community and the challenges faced by the residents of the Magdalen Islands. His desire to continue his involvement in provincial politics is thus a natural extension of his public service career.</p>
<p class="font-claude-response-body break-words whitespace-normal">An excellent communicator and popularizer, Gil Thériault has, over the years, worked as a journalist, food columnist, lecturer, and photographer. He is also the author of several books, including <em>Les Îles de la Madeleine: de mer et de lumière</em>, published in 2011 by Éditions de l’Homme, <em>A Culinary Journey Around the World</em>, published by La morue verte in 2012, as well as<em>*Acadian Rainbow: Houses of the Îles de la Madeleine*</em>, published by Éditions Broquet in 1996.</p>
<blockquote>
<p class="font-claude-response-body break-words whitespace-normal">“I am very excited to be running as a candidate for Charles Milliard’s Quebec Liberal Party to represent the region that is close to my heart and the people I love. Several issues are close to my heart, particularly those concerning fishing—the economic engine of our archipelago—as well as the relationship Quebec must maintain with Ottawa. We must prioritize an approach based on collaboration rather than division. The renewal that Charles Milliard embodies for the PLQ, for Quebec, and for the regions is exactly the kind of government the people of the Magdalen Islands deserve.”</p>
<p class="font-claude-response-body break-words whitespace-normal">— Gil Thériault, QLP candidate for the Îles-de-la-Madeleine</p>
<p class="font-claude-response-body break-words whitespace-normal">“Gil Thériault fully embodies the distinctive character of the Magdalen Islands. He represents what it means to be a Madelinot: a passionate advocate for the identity and realities of his community, particularly the fishing industry. Very close to the people, he has represented them at various levels—whether on the municipal council, as a journalist, a speaker, or an author. His run for provincial office is simply the natural extension of his commitment to his community and to his people.”</p>
<p class="font-claude-response-body break-words whitespace-normal">- Charles Milliard, Leader of the Quebec Liberal Party</p>
</blockquote>
