{"id":24597,"date":"2026-08-10T17:19:36","date_gmt":"2026-08-10T21:19:36","guid":{"rendered":"https:\/\/plq.org\/?p=24597"},"modified":"2026-08-31T15:08:07","modified_gmt":"2026-08-31T19:08:07","slug":"sonia-ziade-candidate-officielle-du-parti-liberal-du-quebec-dans-la-prairie","status":"publish","type":"communique","link":"https:\/\/plq.org\/en\/communique\/sonia-ziade-candidate-officielle-du-parti-liberal-du-quebec-dans-la-prairie\/","title":{"rendered":"Sonia Ziad\u00e9 candidate officielle du Parti lib\u00e9ral du Qu\u00e9bec dans La Prairie"},"content":{"rendered":"<p class=\"PDq2pG_selectionAnchorContainer\" data-start=\"77\" data-end=\"271\">La Prairie, July 31, 2026 \u2014 The Quebec Liberal Party is proud to announce Ms. Sonia Ziad\u00e9 as its candidate in the riding of La Prairie for the upcoming general election.<\/p>\n<p data-start=\"273\" data-end=\"667\">A native of Montreal\u2019s South Shore, Sonia Ziad\u00e9 has devoted more than twenty years of her career to the fields of management, economic development, international relations, and public service. Throughout her professional career, she has developed solid expertise in organizational support, business development, and strategic project management.<\/p>\n<p data-start=\"669\" data-end=\"1057\">A graduate of Laval University and McGill University, Sonia Ziad\u00e9 has also pursued studies in land-use planning and local development. This background, combined with her experience in economic development, gives her a deep understanding of the challenges related to urban growth, infrastructure, mobility, and the harmonious development of communities.<\/p>\n<p data-start=\"1059\" data-end=\"1780\">With professional experience in Washington, D.C., where she worked as a program manager promoting hands-on and theoretical learning for students interested in international trade and free trade agreements, the QLP candidate in La Prairie has gained in-depth knowledge of Canada-U.S. relations and cross-border trade issues. This expertise is particularly valuable in the current economic climate, as many businesses in the region\u2014particularly in the manufacturing and agri-food sectors\u2014are grappling with the uncertainty surrounding trade with our primary economic partner.<\/p>\n<p data-start=\"1782\" data-end=\"2198\">Recognized for her leadership, her dynamism, and her ability to build lasting partnerships, Sonia Ziad\u00e9 now hopes to put her experience to work for the residents of La Prairie, Candiac, Saint-Philippe, and Delson. She intends to bring a pragmatic voice to Quebec City\u2014one that listens to residents and is firmly focused on economic development and the quality of life for families in the region.<\/p>\n<blockquote>\n<p class=\"PDq2pG_selectionAnchorContainer\" data-start=\"2200\" data-end=\"2709\">\u201cLa Prairie is a dynamic region with immense potential. I want to put my experience in economic development, international relations, and management to work for the citizens so that I can help build prosperous communities where families, entrepreneurs, and workers can fully realize their ambitions. I am very proud to represent the Quebec Liberal Party and to work toward building a future that lives up to our region\u2019s potential.\u201d<\/p>\n<p data-start=\"2711\" data-end=\"2758\">\u2014 Sonia Ziad\u00e9, QLP candidate in La Prairie<\/p>\n<p data-start=\"2760\" data-end=\"3270\">\u201cSonia Ziad\u00e9 brings a combination of experiences that directly addresses the challenges Quebec faces today. She understands the realities of business, international economic issues, and the needs of rapidly growing communities. Her leadership, her knowledge of economic development, and her ability to build strong relationships will make her an excellent representative for the citizens of La Prairie. I am very pleased to welcome her to our team.\u201d<\/p>\n<p data-start=\"3272\" data-end=\"3323\" data-is-last-node data-is-only-node>- Charles Milliard, Leader of the Quebec Liberal Party<\/p>\n<\/blockquote>\n","protected":false},"featured_media":0,"template":"","meta":{"_acf_changed":false,"_seopress_titles_title":"","_seopress_titles_desc":"","_seopress_robots_index":"","_seopress_robots_follow":"","_seopress_robots_imageindex":"","_seopress_robots_snippet":"","_seopress_robots_primary_cat":"","_seopress_robots_breadcrumbs":"","_seopress_robots_freeze_modified_date":"","_seopress_robots_custom_modified_date":"","_seopress_robots_canonical":"","_seopress_social_fb_title":"","_seopress_social_fb_desc":"","_seopress_social_fb_img":"","_seopress_social_fb_img_attachment_id":0,"_seopress_social_fb_img_width":0,"_seopress_social_fb_img_height":0,"_seopress_social_twitter_title":"","_seopress_social_twitter_desc":"","_seopress_social_twitter_img":"","_seopress_social_twitter_img_attachment_id":0,"_seopress_social_twitter_img_width":0,"_seopress_social_twitter_img_height":0,"_seopress_redirections_value":"","_seopress_redirections_enabled":"","_seopress_redirections_enabled_regex":"","_seopress_redirections_logged_status":"","_seopress_redirections_param":"","_seopress_redirections_type":0,"_seopress_analysis_target_kw":"","_seopress_news_disabled":"","_seopress_video_disabled":"","_seopress_video":[],"_seopress_pro_schemas_manual":[],"_seopress_pro_rich_snippets_disable_all":"","_seopress_pro_rich_snippets_disable":[],"_seopress_pro_schemas":[],"inline_featured_image":false},"circonscription":[62],"dossier":[175],"langue":[173,174],"nouvelle-a-la-une":[],"class_list":["post-24597","communique","type-communique","status-publish","circonscription-la-prairie","dossier-le-parti","langue-francais","langue-anglais"],"acf":[],"_links":{"self":[{"href":"https:\/\/plq.org\/en\/wp-json\/wp\/v2\/communique\/24597","targetHints":{"allow":["GET"]}}],"collection":[{"href":"https:\/\/plq.org\/en\/wp-json\/wp\/v2\/communique"}],"about":[{"href":"https:\/\/plq.org\/en\/wp-json\/wp\/v2\/types\/communique"}],"wp:attachment":[{"href":"https:\/\/plq.org\/en\/wp-json\/wp\/v2\/media?parent=24597"}],"wp:term":[{"taxonomy":"circonscription","embeddable":true,"href":"https:\/\/plq.org\/en\/wp-json\/wp\/v2\/circonscription?post=24597"},{"taxonomy":"dossier","embeddable":true,"href":"https:\/\/plq.org\/en\/wp-json\/wp\/v2\/dossier?post=24597"},{"taxonomy":"langue","embeddable":true,"href":"https:\/\/plq.org\/en\/wp-json\/wp\/v2\/langue?post=24597"},{"taxonomy":"nouvelle-a-la-une","embeddable":true,"href":"https:\/\/plq.org\/en\/wp-json\/wp\/v2\/nouvelle-a-la-une?post=24597"}],"curies":[{"name":"wp","href":"https:\/\/api.w.org\/{rel}","templated":true}]}}

Sonia Ziadé candidate officielle du Parti libéral du Québec dans La Prairie

<p class="PDq2pG_selectionAnchorContainer" data-start="77" data-end="271">La Prairie, July 31, 2026 — The Quebec Liberal Party is proud to announce Ms. Sonia Ziadé as its candidate in the riding of La Prairie for the upcoming general election.</p>
<p data-start="273" data-end="667">A native of Montreal’s South Shore, Sonia Ziadé has devoted more than twenty years of her career to the fields of management, economic development, international relations, and public service. Throughout her professional career, she has developed solid expertise in organizational support, business development, and strategic project management.</p>
<p data-start="669" data-end="1057">A graduate of Laval University and McGill University, Sonia Ziadé has also pursued studies in land-use planning and local development. This background, combined with her experience in economic development, gives her a deep understanding of the challenges related to urban growth, infrastructure, mobility, and the harmonious development of communities.</p>
<p data-start="1059" data-end="1780">With professional experience in Washington, D.C., where she worked as a program manager promoting hands-on and theoretical learning for students interested in international trade and free trade agreements, the QLP candidate in La Prairie has gained in-depth knowledge of Canada-U.S. relations and cross-border trade issues. This expertise is particularly valuable in the current economic climate, as many businesses in the region—particularly in the manufacturing and agri-food sectors—are grappling with the uncertainty surrounding trade with our primary economic partner.</p>
<p data-start="1782" data-end="2198">Recognized for her leadership, her dynamism, and her ability to build lasting partnerships, Sonia Ziadé now hopes to put her experience to work for the residents of La Prairie, Candiac, Saint-Philippe, and Delson. She intends to bring a pragmatic voice to Quebec City—one that listens to residents and is firmly focused on economic development and the quality of life for families in the region.</p>
<blockquote>
<p class="PDq2pG_selectionAnchorContainer" data-start="2200" data-end="2709">“La Prairie is a dynamic region with immense potential. I want to put my experience in economic development, international relations, and management to work for the citizens so that I can help build prosperous communities where families, entrepreneurs, and workers can fully realize their ambitions. I am very proud to represent the Quebec Liberal Party and to work toward building a future that lives up to our region’s potential.”</p>
<p data-start="2711" data-end="2758">— Sonia Ziadé, QLP candidate in La Prairie</p>
<p data-start="2760" data-end="3270">“Sonia Ziadé brings a combination of experiences that directly addresses the challenges Quebec faces today. She understands the realities of business, international economic issues, and the needs of rapidly growing communities. Her leadership, her knowledge of economic development, and her ability to build strong relationships will make her an excellent representative for the citizens of La Prairie. I am very pleased to welcome her to our team.”</p>
<p data-start="3272" data-end="3323" data-is-last-node data-is-only-node>- Charles Milliard, Leader of the Quebec Liberal Party</p>
</blockquote>
