{"id":24603,"date":"2026-08-10T17:53:56","date_gmt":"2026-08-10T21:53:56","guid":{"rendered":"https:\/\/plq.org\/?p=24603"},"modified":"2026-08-31T15:08:03","modified_gmt":"2026-08-31T19:08:03","slug":"jeremy-ouellet-rousseau-candidat-officiel-du-parti-liberal-du-quebec-dans-portneuf","status":"publish","type":"communique","link":"https:\/\/plq.org\/en\/communique\/jeremy-ouellet-rousseau-candidat-officiel-du-parti-liberal-du-quebec-dans-portneuf\/","title":{"rendered":"Jeremy Ouellet-Rousseau candidat officiel du Parti lib\u00e9ral du Qu\u00e9bec dans Portneuf"},"content":{"rendered":"<p class=\"PDq2pG_selectionAnchorContainer\" data-start=\"84\" data-end=\"281\">Portneuf, August 3, 2026 \u2014 The Quebec Liberal Party is proud to announce the candidacy of Mr. Jeremy Ouellet-Rousseau in the Portneuf riding for the upcoming general election.<\/p>\n<p data-start=\"283\" data-end=\"516\">Jeremy Ouellet-Rousseau, a city councilor for the City of Sainte-Catherine-de-la-Jacques-Cartier, is making the leap to provincial politics to join the Quebec Liberal Party under the leadership of Charles Milliard.<\/p>\n<p data-start=\"518\" data-end=\"967\">After studying accounting, transportation, and business administration, he began his professional career as an operations supervisor at Kaycan, a company specializing in the manufacture of building materials, where he covered a vast territory stretching from Ottawa to Halifax. For more than three years, he held various positions there, including distribution manager for eastern Quebec and part of New Brunswick.<\/p>\n<p data-start=\"969\" data-end=\"1233\">Jeremy Ouellet-Rousseau then became a project manager and later acting head of operations and facilities at the Soci\u00e9t\u00e9 de protection des for\u00eats contre les insectes et les maladies (SOPFIM), where he contributed to projects throughout Quebec.<\/p>\n<p data-start=\"1235\" data-end=\"1512\">More recently, in April 2026, he accepted the position of Chief Operating Officer for the greater Quebec City region at the Ortec Group, a company that specializes in providing engineering, industrial, and environmental services to organizations.<\/p>\n<p data-start=\"1514\" data-end=\"2118\">With a commitment to serving citizens at the heart of his career, Jeremy Ouellet-Rousseau entered local politics and was elected councilor for District 1 of the City of Sainte-Catherine-de-la-Jacques-Cartier with 71.51% of the vote in last November\u2019s election. In this capacity, he also serves as vice-chair of the board of directors and the executive committee of the Office municipal d\u2019habitation du Grand-Portneuf. In addition to his involvement in municipal politics, Jeremy Ouellet-Rousseau also serves on several boards of directors and committees for community organizations in the region.<\/p>\n<blockquote>\n<p data-start=\"2120\" data-end=\"2569\">\u201cI firmly believe that we must unite, come together, and work together to implement concrete solutions that meet the real needs of families, workers, entrepreneurs, municipalities, organizations, seniors, and farmers in Portneuf. Until October 5, I\u2019ll be out in the community, meeting with you, to promote the ideas of the Quebec Liberal Party and Charles Milliard.\u201d<\/p>\n<p data-start=\"2571\" data-end=\"2627\">\u2014 Jeremy Ouellet-Rousseau, QLP candidate in Portneuf<\/p>\n<p data-start=\"2629\" data-end=\"3381\">\u201cI am very pleased that Jeremy has agreed to join our team to represent the citizens of Portneuf, given his deep commitment to his community, both as a city council member and as a board member of the Office municipal d\u2019habitation du Grand-Portneuf. Against a backdrop marked by the housing crisis and deteriorating relations between municipalities and Quebec City over the past eight years, his candidacy is fully in line with our commitment to making progress on these issues. \u201cJeremy and the citizens of Portneuf can count on me to campaign alongside him and deliver a Liberal government that will rebuild Quebec and make the economy the driving force behind our ambitions!\u201d<\/p>\n<p data-start=\"3383\" data-end=\"3434\" data-is-last-node data-is-only-node>- Charles Milliard, Leader of the Quebec Liberal Party<\/p>\n<\/blockquote>\n","protected":false},"featured_media":0,"template":"","meta":{"_acf_changed":false,"_seopress_titles_title":"","_seopress_titles_desc":"","_seopress_robots_index":"","_seopress_robots_follow":"","_seopress_robots_imageindex":"","_seopress_robots_snippet":"","_seopress_robots_primary_cat":"","_seopress_robots_breadcrumbs":"","_seopress_robots_freeze_modified_date":"","_seopress_robots_custom_modified_date":"","_seopress_robots_canonical":"","_seopress_social_fb_title":"","_seopress_social_fb_desc":"","_seopress_social_fb_img":"","_seopress_social_fb_img_attachment_id":0,"_seopress_social_fb_img_width":0,"_seopress_social_fb_img_height":0,"_seopress_social_twitter_title":"","_seopress_social_twitter_desc":"","_seopress_social_twitter_img":"","_seopress_social_twitter_img_attachment_id":0,"_seopress_social_twitter_img_width":0,"_seopress_social_twitter_img_height":0,"_seopress_redirections_value":"","_seopress_redirections_enabled":"","_seopress_redirections_enabled_regex":"","_seopress_redirections_logged_status":"","_seopress_redirections_param":"","_seopress_redirections_type":0,"_seopress_analysis_target_kw":"","_seopress_news_disabled":"","_seopress_video_disabled":"","_seopress_video":[],"_seopress_pro_schemas_manual":[],"_seopress_pro_rich_snippets_disable_all":"","_seopress_pro_rich_snippets_disable":[],"_seopress_pro_schemas":[],"inline_featured_image":false},"circonscription":[95],"dossier":[175],"langue":[173,174],"nouvelle-a-la-une":[],"class_list":["post-24603","communique","type-communique","status-publish","circonscription-portneuf","dossier-le-parti","langue-francais","langue-anglais"],"acf":[],"_links":{"self":[{"href":"https:\/\/plq.org\/en\/wp-json\/wp\/v2\/communique\/24603","targetHints":{"allow":["GET"]}}],"collection":[{"href":"https:\/\/plq.org\/en\/wp-json\/wp\/v2\/communique"}],"about":[{"href":"https:\/\/plq.org\/en\/wp-json\/wp\/v2\/types\/communique"}],"wp:attachment":[{"href":"https:\/\/plq.org\/en\/wp-json\/wp\/v2\/media?parent=24603"}],"wp:term":[{"taxonomy":"circonscription","embeddable":true,"href":"https:\/\/plq.org\/en\/wp-json\/wp\/v2\/circonscription?post=24603"},{"taxonomy":"dossier","embeddable":true,"href":"https:\/\/plq.org\/en\/wp-json\/wp\/v2\/dossier?post=24603"},{"taxonomy":"langue","embeddable":true,"href":"https:\/\/plq.org\/en\/wp-json\/wp\/v2\/langue?post=24603"},{"taxonomy":"nouvelle-a-la-une","embeddable":true,"href":"https:\/\/plq.org\/en\/wp-json\/wp\/v2\/nouvelle-a-la-une?post=24603"}],"curies":[{"name":"wp","href":"https:\/\/api.w.org\/{rel}","templated":true}]}}

Jeremy Ouellet-Rousseau candidat officiel du Parti libéral du Québec dans Portneuf

<p class="PDq2pG_selectionAnchorContainer" data-start="84" data-end="281">Portneuf, August 3, 2026 — The Quebec Liberal Party is proud to announce the candidacy of Mr. Jeremy Ouellet-Rousseau in the Portneuf riding for the upcoming general election.</p>
<p data-start="283" data-end="516">Jeremy Ouellet-Rousseau, a city councilor for the City of Sainte-Catherine-de-la-Jacques-Cartier, is making the leap to provincial politics to join the Quebec Liberal Party under the leadership of Charles Milliard.</p>
<p data-start="518" data-end="967">After studying accounting, transportation, and business administration, he began his professional career as an operations supervisor at Kaycan, a company specializing in the manufacture of building materials, where he covered a vast territory stretching from Ottawa to Halifax. For more than three years, he held various positions there, including distribution manager for eastern Quebec and part of New Brunswick.</p>
<p data-start="969" data-end="1233">Jeremy Ouellet-Rousseau then became a project manager and later acting head of operations and facilities at the Société de protection des forêts contre les insectes et les maladies (SOPFIM), where he contributed to projects throughout Quebec.</p>
<p data-start="1235" data-end="1512">More recently, in April 2026, he accepted the position of Chief Operating Officer for the greater Quebec City region at the Ortec Group, a company that specializes in providing engineering, industrial, and environmental services to organizations.</p>
<p data-start="1514" data-end="2118">With a commitment to serving citizens at the heart of his career, Jeremy Ouellet-Rousseau entered local politics and was elected councilor for District 1 of the City of Sainte-Catherine-de-la-Jacques-Cartier with 71.51% of the vote in last November’s election. In this capacity, he also serves as vice-chair of the board of directors and the executive committee of the Office municipal d’habitation du Grand-Portneuf. In addition to his involvement in municipal politics, Jeremy Ouellet-Rousseau also serves on several boards of directors and committees for community organizations in the region.</p>
<blockquote>
<p data-start="2120" data-end="2569">“I firmly believe that we must unite, come together, and work together to implement concrete solutions that meet the real needs of families, workers, entrepreneurs, municipalities, organizations, seniors, and farmers in Portneuf. Until October 5, I’ll be out in the community, meeting with you, to promote the ideas of the Quebec Liberal Party and Charles Milliard.”</p>
<p data-start="2571" data-end="2627">— Jeremy Ouellet-Rousseau, QLP candidate in Portneuf</p>
<p data-start="2629" data-end="3381">“I am very pleased that Jeremy has agreed to join our team to represent the citizens of Portneuf, given his deep commitment to his community, both as a city council member and as a board member of the Office municipal d’habitation du Grand-Portneuf. Against a backdrop marked by the housing crisis and deteriorating relations between municipalities and Quebec City over the past eight years, his candidacy is fully in line with our commitment to making progress on these issues. “Jeremy and the citizens of Portneuf can count on me to campaign alongside him and deliver a Liberal government that will rebuild Quebec and make the economy the driving force behind our ambitions!”</p>
<p data-start="3383" data-end="3434" data-is-last-node data-is-only-node>- Charles Milliard, Leader of the Quebec Liberal Party</p>
</blockquote>
