{"id":24613,"date":"2026-08-11T08:32:09","date_gmt":"2026-08-11T12:32:09","guid":{"rendered":"https:\/\/plq.org\/?p=24613"},"modified":"2026-08-31T15:08:01","modified_gmt":"2026-08-31T19:08:01","slug":"gilles-delorme-candidat-officiel-du-parti-liberal-du-quebec-dans-richelieu","status":"publish","type":"communique","link":"https:\/\/plq.org\/en\/communique\/gilles-delorme-candidat-officiel-du-parti-liberal-du-quebec-dans-richelieu\/","title":{"rendered":"Gilles Delorme candidat officiel du Parti lib\u00e9ral du Qu\u00e9bec dans Richelieu"},"content":{"rendered":"<p class=\"PDq2pG_selectionAnchorContainer\" data-start=\"76\" data-end=\"265\">Montreal, August 3, 2026 \u2014 The Quebec Liberal Party is proud to announce the candidacy of Mr. Gilles Delorme in the Richelieu riding for the upcoming general election.<\/p>\n<p data-start=\"267\" data-end=\"547\">With more than forty years of experience in human resources management, organizational development, training, and municipal politics, the former mayor of Marieville, Gilles Delorme, is making the leap to provincial politics by joining the Quebec Liberal Party.<\/p>\n<p data-start=\"549\" data-end=\"1033\">With an impressive and diverse academic background, he holds a master\u2019s degree in public administration from the \u00c9cole nationale d\u2019administration publique (\u00c9NAP) and a Bachelor of Science in industrial relations from the Universit\u00e9 de Montr\u00e9al (UdeM). He also holds a diploma in specialized studies in education and training from the University of Sherbrooke (UdeS), as well as a certificate in community recreation from the University of Montreal.<\/p>\n<p data-start=\"1035\" data-end=\"1486\">Gilles Delorme was a partner at Delorme RH Conseil, a consulting firm that provides strategic advice and solutions in human resources management and leadership coaching to executives, managers, and companies. Throughout his career, he has held various executive and advisory roles in both the public and private sectors, particularly in the fields of administration, consulting, and education.<\/p>\n<p data-start=\"1488\" data-end=\"1879\">Throughout his career, the QLP candidate in Richelieu has collaborated with major organizations such as Sant\u00e9 Qu\u00e9bec, the CIUSSS de l\u2019Ouest de Montr\u00e9al, the Marguerite-Bourgeoys School Service Center, Canada Post, Nortel Networks, Right-Axmith Conseil, Hitachi International, the City of Saint-Jean-sur-Richelieu, and the James Bay Development Corporation.<\/p>\n<p data-start=\"1881\" data-end=\"2288\">Alongside his career, Mr. Delorme has also been actively involved in his community by serving on the boards of directors of the Soci\u00e9t\u00e9 d\u2019\u00e9conomie mixte de l\u2019est de la couronne sud (SEMECS), the Chambly-Marieville-Richelieu Water Treatment Plant Operating Corporation, the Haut-Richelieu-Rouville Health and Social Services Center, and the Haut-Richelieu-Rouville Health Foundation.<\/p>\n<blockquote>\n<p data-start=\"2290\" data-end=\"2902\">\u201cAfter more than forty years of helping organizations tackle their management, leadership, and transformation challenges, I believe it is time for me to put my experience to work for the citizens of Richelieu by entering politics. I am convinced that the Quebec Liberal Party, under the leadership of Charles Milliard, is the political party that will be able to revive our economy and improve the quality of our public services. I\u2019m really looking forward to meeting people, listening to their concerns, and engaging with them to earn their trust by October 5.\u201d<\/p>\n<p data-start=\"2904\" data-end=\"2952\">\u2014 Gilles Delorme, QLP candidate in Richelieu<\/p>\n<p data-start=\"2954\" data-end=\"3545\">\u201cGilles Delorme is an excellent candidate for the PLQ in Richelieu. His decades of experience within major organizations, in both the public and private sectors, make him a top choice to join our Liberal team in Mont\u00e9r\u00e9gie. This region deserves a responsible government that puts forward ideas that address citizens\u2019 priorities, as well as candidates of Gilles\u2019 caliber who have the experience needed to implement the election platform we will present in the coming months. Welcome to the team, Gilles!\u201d<\/p>\n<p data-start=\"3547\" data-end=\"3598\" data-is-last-node data-is-only-node>- Charles Milliard, Leader of the Quebec Liberal Party<\/p>\n<\/blockquote>\n","protected":false},"featured_media":0,"template":"","meta":{"_acf_changed":false,"_seopress_titles_title":"","_seopress_titles_desc":"","_seopress_robots_index":"","_seopress_robots_follow":"","_seopress_robots_imageindex":"","_seopress_robots_snippet":"","_seopress_robots_primary_cat":"","_seopress_robots_breadcrumbs":"","_seopress_robots_freeze_modified_date":"","_seopress_robots_custom_modified_date":"","_seopress_robots_canonical":"","_seopress_social_fb_title":"","_seopress_social_fb_desc":"","_seopress_social_fb_img":"","_seopress_social_fb_img_attachment_id":0,"_seopress_social_fb_img_width":0,"_seopress_social_fb_img_height":0,"_seopress_social_twitter_title":"","_seopress_social_twitter_desc":"","_seopress_social_twitter_img":"","_seopress_social_twitter_img_attachment_id":0,"_seopress_social_twitter_img_width":0,"_seopress_social_twitter_img_height":0,"_seopress_redirections_value":"","_seopress_redirections_enabled":"","_seopress_redirections_enabled_regex":"","_seopress_redirections_logged_status":"","_seopress_redirections_param":"","_seopress_redirections_type":0,"_seopress_analysis_target_kw":"","_seopress_news_disabled":"","_seopress_video_disabled":"","_seopress_video":[],"_seopress_pro_schemas_manual":[],"_seopress_pro_rich_snippets_disable_all":"","_seopress_pro_rich_snippets_disable":[],"_seopress_pro_schemas":[],"inline_featured_image":false},"circonscription":[99],"dossier":[175],"langue":[173,174],"nouvelle-a-la-une":[],"class_list":["post-24613","communique","type-communique","status-publish","circonscription-richelieu","dossier-le-parti","langue-francais","langue-anglais"],"acf":[],"_links":{"self":[{"href":"https:\/\/plq.org\/en\/wp-json\/wp\/v2\/communique\/24613","targetHints":{"allow":["GET"]}}],"collection":[{"href":"https:\/\/plq.org\/en\/wp-json\/wp\/v2\/communique"}],"about":[{"href":"https:\/\/plq.org\/en\/wp-json\/wp\/v2\/types\/communique"}],"wp:attachment":[{"href":"https:\/\/plq.org\/en\/wp-json\/wp\/v2\/media?parent=24613"}],"wp:term":[{"taxonomy":"circonscription","embeddable":true,"href":"https:\/\/plq.org\/en\/wp-json\/wp\/v2\/circonscription?post=24613"},{"taxonomy":"dossier","embeddable":true,"href":"https:\/\/plq.org\/en\/wp-json\/wp\/v2\/dossier?post=24613"},{"taxonomy":"langue","embeddable":true,"href":"https:\/\/plq.org\/en\/wp-json\/wp\/v2\/langue?post=24613"},{"taxonomy":"nouvelle-a-la-une","embeddable":true,"href":"https:\/\/plq.org\/en\/wp-json\/wp\/v2\/nouvelle-a-la-une?post=24613"}],"curies":[{"name":"wp","href":"https:\/\/api.w.org\/{rel}","templated":true}]}}

Gilles Delorme candidat officiel du Parti libéral du Québec dans Richelieu

<p class="PDq2pG_selectionAnchorContainer" data-start="76" data-end="265">Montreal, August 3, 2026 — The Quebec Liberal Party is proud to announce the candidacy of Mr. Gilles Delorme in the Richelieu riding for the upcoming general election.</p>
<p data-start="267" data-end="547">With more than forty years of experience in human resources management, organizational development, training, and municipal politics, the former mayor of Marieville, Gilles Delorme, is making the leap to provincial politics by joining the Quebec Liberal Party.</p>
<p data-start="549" data-end="1033">With an impressive and diverse academic background, he holds a master’s degree in public administration from the École nationale d’administration publique (ÉNAP) and a Bachelor of Science in industrial relations from the Université de Montréal (UdeM). He also holds a diploma in specialized studies in education and training from the University of Sherbrooke (UdeS), as well as a certificate in community recreation from the University of Montreal.</p>
<p data-start="1035" data-end="1486">Gilles Delorme was a partner at Delorme RH Conseil, a consulting firm that provides strategic advice and solutions in human resources management and leadership coaching to executives, managers, and companies. Throughout his career, he has held various executive and advisory roles in both the public and private sectors, particularly in the fields of administration, consulting, and education.</p>
<p data-start="1488" data-end="1879">Throughout his career, the QLP candidate in Richelieu has collaborated with major organizations such as Santé Québec, the CIUSSS de l’Ouest de Montréal, the Marguerite-Bourgeoys School Service Center, Canada Post, Nortel Networks, Right-Axmith Conseil, Hitachi International, the City of Saint-Jean-sur-Richelieu, and the James Bay Development Corporation.</p>
<p data-start="1881" data-end="2288">Alongside his career, Mr. Delorme has also been actively involved in his community by serving on the boards of directors of the Société d’économie mixte de l’est de la couronne sud (SEMECS), the Chambly-Marieville-Richelieu Water Treatment Plant Operating Corporation, the Haut-Richelieu-Rouville Health and Social Services Center, and the Haut-Richelieu-Rouville Health Foundation.</p>
<blockquote>
<p data-start="2290" data-end="2902">“After more than forty years of helping organizations tackle their management, leadership, and transformation challenges, I believe it is time for me to put my experience to work for the citizens of Richelieu by entering politics. I am convinced that the Quebec Liberal Party, under the leadership of Charles Milliard, is the political party that will be able to revive our economy and improve the quality of our public services. I’m really looking forward to meeting people, listening to their concerns, and engaging with them to earn their trust by October 5.”</p>
<p data-start="2904" data-end="2952">— Gilles Delorme, QLP candidate in Richelieu</p>
<p data-start="2954" data-end="3545">“Gilles Delorme is an excellent candidate for the PLQ in Richelieu. His decades of experience within major organizations, in both the public and private sectors, make him a top choice to join our Liberal team in Montérégie. This region deserves a responsible government that puts forward ideas that address citizens’ priorities, as well as candidates of Gilles’ caliber who have the experience needed to implement the election platform we will present in the coming months. Welcome to the team, Gilles!”</p>
<p data-start="3547" data-end="3598" data-is-last-node data-is-only-node>- Charles Milliard, Leader of the Quebec Liberal Party</p>
</blockquote>
