{"id":24626,"date":"2026-08-11T09:02:32","date_gmt":"2026-08-11T13:02:32","guid":{"rendered":"https:\/\/plq.org\/?p=24626"},"modified":"2026-08-31T15:07:59","modified_gmt":"2026-08-31T19:07:59","slug":"michel-leblanc-candidat-officiel-du-parti-liberal-du-quebec-dans-marguerite-bourgeoys","status":"publish","type":"communique","link":"https:\/\/plq.org\/en\/communique\/michel-leblanc-candidat-officiel-du-parti-liberal-du-quebec-dans-marguerite-bourgeoys\/","title":{"rendered":"Michel Leblanc candidat officiel du Parti lib\u00e9ral du Qu\u00e9bec dans Marguerite-Bourgeoys"},"content":{"rendered":"<p class=\"PDq2pG_selectionAnchorContainer\" data-start=\"87\" data-end=\"298\">Montreal, August 5, 2026 \u2014 Michel Leblanc was officially announced as the candidate for the Marguerite-Bourgeoys riding alongside Quebec Liberal Party leader Charles Milliard.<\/p>\n<p data-start=\"300\" data-end=\"536\">A father of two boys, the economist by training and former president and CEO of the Chamber of Commerce of Greater Montreal is making the leap into provincial politics to join Charles Milliard and the Quebec Liberal Party.<\/p>\n<p data-start=\"538\" data-end=\"931\">With a bachelor\u2019s and master\u2019s degree in economics from the University of Montreal (UdeM), Michel Leblanc began his professional career as an economist with the Department of Finance Canada. In that role, he reviewed government spending programs to assess their relevance and promote the optimal use of public funds.<\/p>\n<p data-start=\"933\" data-end=\"1427\">Over the years, the QLP candidate in Marguerite-Bourgeoys has held various executive positions at major organizations in the business sector. In particular, he has worked at the Institute for Research on Public Policy, Montr\u00e9al International, G\u00e9nome Qu\u00e9bec, and as a consultant at SECOR. He is also the founding executive of the metropolitan region\u2019s first industrial cluster, the life sciences cluster, now known as Montr\u00e9al InVivo.<\/p>\n<p data-start=\"1429\" data-end=\"1986\">In 2009, Michel Leblanc became president and CEO of the Chamber of Commerce of Greater Montreal, a position he held for 16 years. In this role, he was at the center of decision-making in Quebec\u2019s economic sphere, which gave him a keen understanding of current economic issues. His relationship with the provincial government, in his capacity as president of the province\u2019s leading chamber of commerce, gave him insight into how Quebec\u2019s government must act to foster sustainable economic development.<\/p>\n<blockquote>\n<p data-start=\"1988\" data-end=\"2563\">\u201cAfter working in the business community for more than thirty years, I want to put the knowledge I\u2019ve gained throughout my career to good use by entering provincial politics. The reason for my involvement with the Quebec Liberal Party is simple: to me, the QLP has always been the true party of the economy. I have complete confidence in our leader, Charles Milliard, whom I worked alongside when he was president of the Federation of Quebec Chambers of Commerce. It is an honor for me to be working alongside him once again.\u201d<\/p>\n<p data-start=\"2565\" data-end=\"2624\">\u2014 Michel Leblanc, QLP candidate in Marguerite-Bourgeoys<\/p>\n<p data-start=\"2626\" data-end=\"3144\">\u201cMichel Leblanc\u2019s arrival in the broader Liberal family is great news for Quebec\u2019s political scene. Regardless of his political affiliation, Michel has an impressive track record in economics, thanks to the positions he has held within major organizations. Quebecers deserve a government made up not only of new political faces, but also of people with solid economic experience who can meet the aspirations of the public.\u201d<\/p>\n<p data-start=\"3146\" data-end=\"3197\" data-is-last-node data-is-only-node>- Charles Milliard, Leader of the Quebec Liberal Party<\/p>\n<\/blockquote>\n","protected":false},"featured_media":0,"template":"","meta":{"_acf_changed":false,"_seopress_titles_title":"","_seopress_titles_desc":"","_seopress_robots_index":"","_seopress_robots_follow":"","_seopress_robots_imageindex":"","_seopress_robots_snippet":"","_seopress_robots_primary_cat":"","_seopress_robots_breadcrumbs":"","_seopress_robots_freeze_modified_date":"","_seopress_robots_custom_modified_date":"","_seopress_robots_canonical":"","_seopress_social_fb_title":"","_seopress_social_fb_desc":"","_seopress_social_fb_img":"","_seopress_social_fb_img_attachment_id":0,"_seopress_social_fb_img_width":0,"_seopress_social_fb_img_height":0,"_seopress_social_twitter_title":"","_seopress_social_twitter_desc":"","_seopress_social_twitter_img":"","_seopress_social_twitter_img_attachment_id":0,"_seopress_social_twitter_img_width":0,"_seopress_social_twitter_img_height":0,"_seopress_redirections_value":"","_seopress_redirections_enabled":"","_seopress_redirections_enabled_regex":"","_seopress_redirections_logged_status":"","_seopress_redirections_param":"","_seopress_redirections_type":0,"_seopress_analysis_target_kw":"","_seopress_news_disabled":"","_seopress_video_disabled":"","_seopress_video":[],"_seopress_pro_schemas_manual":[],"_seopress_pro_rich_snippets_disable_all":"","_seopress_pro_rich_snippets_disable":[],"_seopress_pro_schemas":[],"inline_featured_image":false},"circonscription":[74],"dossier":[175],"langue":[173,174],"nouvelle-a-la-une":[],"class_list":["post-24626","communique","type-communique","status-publish","circonscription-marguerite-bourgeoys","dossier-le-parti","langue-francais","langue-anglais"],"acf":[],"_links":{"self":[{"href":"https:\/\/plq.org\/en\/wp-json\/wp\/v2\/communique\/24626","targetHints":{"allow":["GET"]}}],"collection":[{"href":"https:\/\/plq.org\/en\/wp-json\/wp\/v2\/communique"}],"about":[{"href":"https:\/\/plq.org\/en\/wp-json\/wp\/v2\/types\/communique"}],"wp:attachment":[{"href":"https:\/\/plq.org\/en\/wp-json\/wp\/v2\/media?parent=24626"}],"wp:term":[{"taxonomy":"circonscription","embeddable":true,"href":"https:\/\/plq.org\/en\/wp-json\/wp\/v2\/circonscription?post=24626"},{"taxonomy":"dossier","embeddable":true,"href":"https:\/\/plq.org\/en\/wp-json\/wp\/v2\/dossier?post=24626"},{"taxonomy":"langue","embeddable":true,"href":"https:\/\/plq.org\/en\/wp-json\/wp\/v2\/langue?post=24626"},{"taxonomy":"nouvelle-a-la-une","embeddable":true,"href":"https:\/\/plq.org\/en\/wp-json\/wp\/v2\/nouvelle-a-la-une?post=24626"}],"curies":[{"name":"wp","href":"https:\/\/api.w.org\/{rel}","templated":true}]}}

Michel Leblanc candidat officiel du Parti libéral du Québec dans Marguerite-Bourgeoys

<p class="PDq2pG_selectionAnchorContainer" data-start="87" data-end="298">Montreal, August 5, 2026 — Michel Leblanc was officially announced as the candidate for the Marguerite-Bourgeoys riding alongside Quebec Liberal Party leader Charles Milliard.</p>
<p data-start="300" data-end="536">A father of two boys, the economist by training and former president and CEO of the Chamber of Commerce of Greater Montreal is making the leap into provincial politics to join Charles Milliard and the Quebec Liberal Party.</p>
<p data-start="538" data-end="931">With a bachelor’s and master’s degree in economics from the University of Montreal (UdeM), Michel Leblanc began his professional career as an economist with the Department of Finance Canada. In that role, he reviewed government spending programs to assess their relevance and promote the optimal use of public funds.</p>
<p data-start="933" data-end="1427">Over the years, the QLP candidate in Marguerite-Bourgeoys has held various executive positions at major organizations in the business sector. In particular, he has worked at the Institute for Research on Public Policy, Montréal International, Génome Québec, and as a consultant at SECOR. He is also the founding executive of the metropolitan region’s first industrial cluster, the life sciences cluster, now known as Montréal InVivo.</p>
<p data-start="1429" data-end="1986">In 2009, Michel Leblanc became president and CEO of the Chamber of Commerce of Greater Montreal, a position he held for 16 years. In this role, he was at the center of decision-making in Quebec’s economic sphere, which gave him a keen understanding of current economic issues. His relationship with the provincial government, in his capacity as president of the province’s leading chamber of commerce, gave him insight into how Quebec’s government must act to foster sustainable economic development.</p>
<blockquote>
<p data-start="1988" data-end="2563">“After working in the business community for more than thirty years, I want to put the knowledge I’ve gained throughout my career to good use by entering provincial politics. The reason for my involvement with the Quebec Liberal Party is simple: to me, the QLP has always been the true party of the economy. I have complete confidence in our leader, Charles Milliard, whom I worked alongside when he was president of the Federation of Quebec Chambers of Commerce. It is an honor for me to be working alongside him once again.”</p>
<p data-start="2565" data-end="2624">— Michel Leblanc, QLP candidate in Marguerite-Bourgeoys</p>
<p data-start="2626" data-end="3144">“Michel Leblanc’s arrival in the broader Liberal family is great news for Quebec’s political scene. Regardless of his political affiliation, Michel has an impressive track record in economics, thanks to the positions he has held within major organizations. Quebecers deserve a government made up not only of new political faces, but also of people with solid economic experience who can meet the aspirations of the public.”</p>
<p data-start="3146" data-end="3197" data-is-last-node data-is-only-node>- Charles Milliard, Leader of the Quebec Liberal Party</p>
</blockquote>
