{"id":24635,"date":"2026-08-11T11:46:09","date_gmt":"2026-08-11T15:46:09","guid":{"rendered":"https:\/\/plq.org\/?p=24635"},"modified":"2026-08-31T15:07:54","modified_gmt":"2026-08-31T19:07:54","slug":"naima-marylene-indira-som-candidate-officielle-du-parti-liberal-du-quebec-dans-pointe-aux-trembles","status":"publish","type":"communique","link":"https:\/\/plq.org\/en\/communique\/naima-marylene-indira-som-candidate-officielle-du-parti-liberal-du-quebec-dans-pointe-aux-trembles\/","title":{"rendered":"Na\u00efma Maryl\u00e8ne Indira Som candidate officielle du Parti lib\u00e9ral du Qu\u00e9bec dans Pointe-aux-Trembles"},"content":{"rendered":"<p class=\"PDq2pG_selectionAnchorContainer\" data-start=\"100\" data-end=\"311\">Montreal, August 7, 2026 \u2014 The Quebec Liberal Party is proud to announce the candidacy of Ms. Na\u00efma Maryl\u00e8ne Indira Som in the Pointe-aux-Trembles riding for the upcoming general election.<\/p>\n<p data-start=\"313\" data-end=\"514\">Na\u00efma Maryl\u00e8ne Indira Som, a 26-year-old insurance advisor, is making the leap into provincial politics to join the Quebec Liberal Party under the leadership of Charles Milliard.<\/p>\n<p data-start=\"516\" data-end=\"791\">A graduate with a bachelor\u2019s degree in political science from the Universit\u00e9 du Qu\u00e9bec \u00e0 Montr\u00e9al (UQAM), the PLQ candidate in Pointe-aux-Trembles is currently pursuing a master\u2019s degree in the same field, with a concentration in international politics and international law.<\/p>\n<p data-start=\"793\" data-end=\"1103\">In her role as an insurance advisor, she helps individuals and families who are looking to protect what matters most to them. Her experience in management and working with children on the autism spectrum (ASD) has strengthened her sense of responsibility and her focus on finding solutions.<\/p>\n<p data-start=\"1105\" data-end=\"1534\">As a volunteer board member at a youth center, Na\u00efma Maryl\u00e8ne Indira Som believes that lasting change begins with civic engagement. Attuned to the realities faced by families and young people, she advocates for policies based on active listening, integrity, and rigor, and hopes to help improve access to quality education and effective public services.<\/p>\n<blockquote>\n<p data-start=\"1536\" data-end=\"1966\">\u201cIn both my professional and volunteer work, I\u2019ve learned that people want to be heard and want us to keep our promises. That\u2019s what I want to offer the citizens here: a representative who is present, accessible, and diligent. I also want to show my generation that it has a rightful place in the debates that will shape its future, and that is why I am joining forces with Charles Milliard in the run-up to October 5.\u201d<\/p>\n<p data-start=\"1968\" data-end=\"2038\">\u2014 Na\u00efma Maryl\u00e8ne Indira Som, the PLQ candidate in Pointe-aux-Trembles<\/p>\n<p data-start=\"2040\" data-end=\"2707\">\u201cAt 26, Na\u00efma Maryl\u00e8ne Indira Som is part of this new generation that is actively engaged in politics. She has already served the community in various roles, supported families in her work, and served as a volunteer on the board of directors of a youth center. We need this young generation in the National Assembly because they bring bold ideas and represent the voice of our future. Young people aren\u2019t just the citizens of tomorrow\u2014they have something to say today. Pointe-aux-Trembles deserves a representative who has this energy and this sense of service, and I am proud to welcome her to our team.\u201d<\/p>\n<p data-start=\"2709\" data-end=\"2760\" data-is-last-node data-is-only-node>- Charles Milliard, Leader of the Quebec Liberal Party<\/p>\n<\/blockquote>\n","protected":false},"featured_media":0,"template":"","meta":{"_acf_changed":false,"_seopress_titles_title":"","_seopress_titles_desc":"","_seopress_robots_index":"","_seopress_robots_follow":"","_seopress_robots_imageindex":"","_seopress_robots_snippet":"","_seopress_robots_primary_cat":"","_seopress_robots_breadcrumbs":"","_seopress_robots_freeze_modified_date":"","_seopress_robots_custom_modified_date":"","_seopress_robots_canonical":"","_seopress_social_fb_title":"","_seopress_social_fb_desc":"","_seopress_social_fb_img":"","_seopress_social_fb_img_attachment_id":0,"_seopress_social_fb_img_width":0,"_seopress_social_fb_img_height":0,"_seopress_social_twitter_title":"","_seopress_social_twitter_desc":"","_seopress_social_twitter_img":"","_seopress_social_twitter_img_attachment_id":0,"_seopress_social_twitter_img_width":0,"_seopress_social_twitter_img_height":0,"_seopress_redirections_value":"","_seopress_redirections_enabled":"","_seopress_redirections_enabled_regex":"","_seopress_redirections_logged_status":"","_seopress_redirections_param":"","_seopress_redirections_type":0,"_seopress_analysis_target_kw":"","_seopress_news_disabled":"","_seopress_video_disabled":"","_seopress_video":[],"_seopress_pro_schemas_manual":[],"_seopress_pro_rich_snippets_disable_all":"","_seopress_pro_rich_snippets_disable":[],"_seopress_pro_schemas":[],"inline_featured_image":false},"circonscription":[93],"dossier":[175],"langue":[173,174],"nouvelle-a-la-une":[],"class_list":["post-24635","communique","type-communique","status-publish","circonscription-pointe-aux-trembles","dossier-le-parti","langue-francais","langue-anglais"],"acf":[],"_links":{"self":[{"href":"https:\/\/plq.org\/en\/wp-json\/wp\/v2\/communique\/24635","targetHints":{"allow":["GET"]}}],"collection":[{"href":"https:\/\/plq.org\/en\/wp-json\/wp\/v2\/communique"}],"about":[{"href":"https:\/\/plq.org\/en\/wp-json\/wp\/v2\/types\/communique"}],"wp:attachment":[{"href":"https:\/\/plq.org\/en\/wp-json\/wp\/v2\/media?parent=24635"}],"wp:term":[{"taxonomy":"circonscription","embeddable":true,"href":"https:\/\/plq.org\/en\/wp-json\/wp\/v2\/circonscription?post=24635"},{"taxonomy":"dossier","embeddable":true,"href":"https:\/\/plq.org\/en\/wp-json\/wp\/v2\/dossier?post=24635"},{"taxonomy":"langue","embeddable":true,"href":"https:\/\/plq.org\/en\/wp-json\/wp\/v2\/langue?post=24635"},{"taxonomy":"nouvelle-a-la-une","embeddable":true,"href":"https:\/\/plq.org\/en\/wp-json\/wp\/v2\/nouvelle-a-la-une?post=24635"}],"curies":[{"name":"wp","href":"https:\/\/api.w.org\/{rel}","templated":true}]}}

Naïma Marylène Indira Som candidate officielle du Parti libéral du Québec dans Pointe-aux-Trembles

<p class="PDq2pG_selectionAnchorContainer" data-start="100" data-end="311">Montreal, August 7, 2026 — The Quebec Liberal Party is proud to announce the candidacy of Ms. Naïma Marylène Indira Som in the Pointe-aux-Trembles riding for the upcoming general election.</p>
<p data-start="313" data-end="514">Naïma Marylène Indira Som, a 26-year-old insurance advisor, is making the leap into provincial politics to join the Quebec Liberal Party under the leadership of Charles Milliard.</p>
<p data-start="516" data-end="791">A graduate with a bachelor’s degree in political science from the Université du Québec à Montréal (UQAM), the PLQ candidate in Pointe-aux-Trembles is currently pursuing a master’s degree in the same field, with a concentration in international politics and international law.</p>
<p data-start="793" data-end="1103">In her role as an insurance advisor, she helps individuals and families who are looking to protect what matters most to them. Her experience in management and working with children on the autism spectrum (ASD) has strengthened her sense of responsibility and her focus on finding solutions.</p>
<p data-start="1105" data-end="1534">As a volunteer board member at a youth center, Naïma Marylène Indira Som believes that lasting change begins with civic engagement. Attuned to the realities faced by families and young people, she advocates for policies based on active listening, integrity, and rigor, and hopes to help improve access to quality education and effective public services.</p>
<blockquote>
<p data-start="1536" data-end="1966">“In both my professional and volunteer work, I’ve learned that people want to be heard and want us to keep our promises. That’s what I want to offer the citizens here: a representative who is present, accessible, and diligent. I also want to show my generation that it has a rightful place in the debates that will shape its future, and that is why I am joining forces with Charles Milliard in the run-up to October 5.”</p>
<p data-start="1968" data-end="2038">— Naïma Marylène Indira Som, the PLQ candidate in Pointe-aux-Trembles</p>
<p data-start="2040" data-end="2707">“At 26, Naïma Marylène Indira Som is part of this new generation that is actively engaged in politics. She has already served the community in various roles, supported families in her work, and served as a volunteer on the board of directors of a youth center. We need this young generation in the National Assembly because they bring bold ideas and represent the voice of our future. Young people aren’t just the citizens of tomorrow—they have something to say today. Pointe-aux-Trembles deserves a representative who has this energy and this sense of service, and I am proud to welcome her to our team.”</p>
<p data-start="2709" data-end="2760" data-is-last-node data-is-only-node>- Charles Milliard, Leader of the Quebec Liberal Party</p>
</blockquote>
