{"id":24637,"date":"2026-08-11T13:17:56","date_gmt":"2026-08-11T17:17:56","guid":{"rendered":"https:\/\/plq.org\/?p=24637"},"modified":"2026-08-31T15:06:21","modified_gmt":"2026-08-31T19:06:21","slug":"emilie-jutras-candidate-officielle-du-parti-liberal-du-quebec-dans-argenteuil","status":"publish","type":"communique","link":"https:\/\/plq.org\/en\/communique\/emilie-jutras-candidate-officielle-du-parti-liberal-du-quebec-dans-argenteuil\/","title":{"rendered":"\u00c9milie Jutras candidate officielle du Parti lib\u00e9ral du Qu\u00e9bec dans Argenteuil"},"content":{"rendered":"<p class=\"PDq2pG_selectionAnchorContainer\" data-start=\"79\" data-end=\"267\">Lachute, August 7, 2026 \u2014 The Quebec Liberal Party is proud to announce Ms. \u00c9milie Jutras as its candidate in the Argenteuil riding for the upcoming general election.<\/p>\n<p data-start=\"269\" data-end=\"484\">\u00c9milie Jutras, community agriculture coordinator for the Argenteuil RCM, is making the leap into provincial politics to join the ranks of the Quebec Liberal Party under the leadership of Charles Milliard.<\/p>\n<p data-start=\"486\" data-end=\"752\">A mother of two young children, the QLP candidate in Argenteuil grew up in Lachute, where she still lives and works. This daily connection to her community\u2014both as a resident and as a worker\u2014deepens her understanding of the realities of the riding.<\/p>\n<p data-start=\"754\" data-end=\"1130\">In her role at the Argenteuil RCM, she works with families, schools, early childhood centers, community organizations, municipalities, farmers, and numerous local partners. This community-based work has allowed her to assess both the challenges faced by Argenteuil\u2019s communities and their potential for development.<\/p>\n<p data-start=\"1132\" data-end=\"1446\">Her commitment is driven by a desire to build connections, bring people together, and contribute to the development of her region. She advocates for a policy that is accessible, responsive, and grounded in the community, and she aims to put this approach to work for the benefit of families, businesses, and agriculture in Argenteuil.<\/p>\n<blockquote>\n<p data-start=\"1448\" data-end=\"2096\">\u201cI decided to run for office in Argenteuil because, as a mother of two young children, I think every day about the future we want to provide for them: accessible local services, vibrant communities, a strong economy, and opportunities that allow our families to thrive right here, just as my parents and grandparents were able to do. I\u2019ve learned that by bringing the right people together around a shared vision, we can find concrete solutions. It\u2019s this approach to politics\u2014accessible, human, and grounded in the community\u2014that I want to bring to the people of Argenteuil alongside Charles Milliard.\u201d<\/p>\n<p data-start=\"2098\" data-end=\"2147\">\u2014 \u00c9milie Jutras, QLP candidate in Argenteuil<\/p>\n<p data-start=\"2149\" data-end=\"2667\">\u201c\u00c9milie Jutras is exactly the kind of candidate we want for the Quebec Liberal Party\u2014women and men who get involved in politics to help their communities move forward. As a community agriculture coordinator and mother of young children, \u00c9milie knows Argenteuil not just through statistics, but through the people she interacts with every day. The residents of the riding will have in her a representative who is present and attentive to their needs.\u201d<\/p>\n<p data-start=\"2669\" data-end=\"2720\" data-is-last-node data-is-only-node>- Charles Milliard, Leader of the Quebec Liberal Party<\/p>\n<\/blockquote>\n","protected":false},"featured_media":0,"template":"","meta":{"_acf_changed":false,"_seopress_titles_title":"","_seopress_titles_desc":"","_seopress_robots_index":"","_seopress_robots_follow":"","_seopress_robots_imageindex":"","_seopress_robots_snippet":"","_seopress_robots_primary_cat":"","_seopress_robots_breadcrumbs":"","_seopress_robots_freeze_modified_date":"","_seopress_robots_custom_modified_date":"","_seopress_robots_canonical":"","_seopress_social_fb_title":"","_seopress_social_fb_desc":"","_seopress_social_fb_img":"","_seopress_social_fb_img_attachment_id":0,"_seopress_social_fb_img_width":0,"_seopress_social_fb_img_height":0,"_seopress_social_twitter_title":"","_seopress_social_twitter_desc":"","_seopress_social_twitter_img":"","_seopress_social_twitter_img_attachment_id":0,"_seopress_social_twitter_img_width":0,"_seopress_social_twitter_img_height":0,"_seopress_redirections_value":"","_seopress_redirections_enabled":"","_seopress_redirections_enabled_regex":"","_seopress_redirections_logged_status":"","_seopress_redirections_param":"","_seopress_redirections_type":0,"_seopress_analysis_target_kw":"","_seopress_news_disabled":"","_seopress_video_disabled":"","_seopress_video":[],"_seopress_pro_schemas_manual":[],"_seopress_pro_rich_snippets_disable_all":"","_seopress_pro_rich_snippets_disable":[],"_seopress_pro_schemas":[],"inline_featured_image":false},"circonscription":[11],"dossier":[175],"langue":[173,174],"nouvelle-a-la-une":[],"class_list":["post-24637","communique","type-communique","status-publish","circonscription-argenteuil","dossier-le-parti","langue-francais","langue-anglais"],"acf":[],"_links":{"self":[{"href":"https:\/\/plq.org\/en\/wp-json\/wp\/v2\/communique\/24637","targetHints":{"allow":["GET"]}}],"collection":[{"href":"https:\/\/plq.org\/en\/wp-json\/wp\/v2\/communique"}],"about":[{"href":"https:\/\/plq.org\/en\/wp-json\/wp\/v2\/types\/communique"}],"wp:attachment":[{"href":"https:\/\/plq.org\/en\/wp-json\/wp\/v2\/media?parent=24637"}],"wp:term":[{"taxonomy":"circonscription","embeddable":true,"href":"https:\/\/plq.org\/en\/wp-json\/wp\/v2\/circonscription?post=24637"},{"taxonomy":"dossier","embeddable":true,"href":"https:\/\/plq.org\/en\/wp-json\/wp\/v2\/dossier?post=24637"},{"taxonomy":"langue","embeddable":true,"href":"https:\/\/plq.org\/en\/wp-json\/wp\/v2\/langue?post=24637"},{"taxonomy":"nouvelle-a-la-une","embeddable":true,"href":"https:\/\/plq.org\/en\/wp-json\/wp\/v2\/nouvelle-a-la-une?post=24637"}],"curies":[{"name":"wp","href":"https:\/\/api.w.org\/{rel}","templated":true}]}}

Émilie Jutras candidate officielle du Parti libéral du Québec dans Argenteuil

<p class="PDq2pG_selectionAnchorContainer" data-start="79" data-end="267">Lachute, August 7, 2026 — The Quebec Liberal Party is proud to announce Ms. Émilie Jutras as its candidate in the Argenteuil riding for the upcoming general election.</p>
<p data-start="269" data-end="484">Émilie Jutras, community agriculture coordinator for the Argenteuil RCM, is making the leap into provincial politics to join the ranks of the Quebec Liberal Party under the leadership of Charles Milliard.</p>
<p data-start="486" data-end="752">A mother of two young children, the QLP candidate in Argenteuil grew up in Lachute, where she still lives and works. This daily connection to her community—both as a resident and as a worker—deepens her understanding of the realities of the riding.</p>
<p data-start="754" data-end="1130">In her role at the Argenteuil RCM, she works with families, schools, early childhood centers, community organizations, municipalities, farmers, and numerous local partners. This community-based work has allowed her to assess both the challenges faced by Argenteuil’s communities and their potential for development.</p>
<p data-start="1132" data-end="1446">Her commitment is driven by a desire to build connections, bring people together, and contribute to the development of her region. She advocates for a policy that is accessible, responsive, and grounded in the community, and she aims to put this approach to work for the benefit of families, businesses, and agriculture in Argenteuil.</p>
<blockquote>
<p data-start="1448" data-end="2096">“I decided to run for office in Argenteuil because, as a mother of two young children, I think every day about the future we want to provide for them: accessible local services, vibrant communities, a strong economy, and opportunities that allow our families to thrive right here, just as my parents and grandparents were able to do. I’ve learned that by bringing the right people together around a shared vision, we can find concrete solutions. It’s this approach to politics—accessible, human, and grounded in the community—that I want to bring to the people of Argenteuil alongside Charles Milliard.”</p>
<p data-start="2098" data-end="2147">— Émilie Jutras, QLP candidate in Argenteuil</p>
<p data-start="2149" data-end="2667">“Émilie Jutras is exactly the kind of candidate we want for the Quebec Liberal Party—women and men who get involved in politics to help their communities move forward. As a community agriculture coordinator and mother of young children, Émilie knows Argenteuil not just through statistics, but through the people she interacts with every day. The residents of the riding will have in her a representative who is present and attentive to their needs.”</p>
<p data-start="2669" data-end="2720" data-is-last-node data-is-only-node>- Charles Milliard, Leader of the Quebec Liberal Party</p>
</blockquote>
