{"id":24639,"date":"2026-08-11T13:33:55","date_gmt":"2026-08-11T17:33:55","guid":{"rendered":"https:\/\/plq.org\/?p=24639"},"modified":"2026-08-31T15:06:20","modified_gmt":"2026-08-31T19:06:20","slug":"suzanne-pomerleau-candidate-officielle-du-parti-liberal-du-quebec-dans-saint-jerome","status":"publish","type":"communique","link":"https:\/\/plq.org\/en\/communique\/suzanne-pomerleau-candidate-officielle-du-parti-liberal-du-quebec-dans-saint-jerome\/","title":{"rendered":"Suzanne Pomerleau candidate officielle du Parti lib\u00e9ral du Qu\u00e9bec dans Saint-J\u00e9r\u00f4me"},"content":{"rendered":"<p class=\"PDq2pG_selectionAnchorContainer\" data-start=\"85\" data-end=\"286\">Saint-J\u00e9r\u00f4me, August 10, 2026 \u2014 The Quebec Liberal Party is proud to announce the candidacy of Ms. Suzanne Pomerleau in the riding of Saint-J\u00e9r\u00f4me for the upcoming general election.<\/p>\n<p data-start=\"288\" data-end=\"630\">With 42 years of experience as a notary, Suzanne Pomerleau has also taught business law at Coll\u00e8ge Lionel-Groulx in Sainte-Th\u00e9r\u00e8se. Now retired, she hopes to use her experience to help improve the quality of life for families and seniors in the Saint-J\u00e9r\u00f4me riding.<\/p>\n<p data-start=\"632\" data-end=\"834\">A longtime resident of the Laurentian region, the QLP candidate for Saint-J\u00e9r\u00f4me lived in Saint-Sauveur for many years. With a curiosity about the world, she backpacked around the globe at the age of 30.<\/p>\n<blockquote>\n<p data-start=\"836\" data-end=\"1249\">\u201cAfter more than four decades of serving people as a notary and a teacher, I know how important it is to listen before making decisions. That\u2019s what I want to do for the families and seniors of Saint-J\u00e9r\u00f4me. I have confidence in Charles Milliard and his team, and I look forward to meeting the residents of the district during this election campaign.\u201d<\/p>\n<p data-start=\"1251\" data-end=\"1306\">\u2014 Suzanne Pomerleau, QLP candidate in Saint-J\u00e9r\u00f4me<\/p>\n<p data-start=\"1308\" data-end=\"1693\">\u201cSuzanne brings a rare level of thoroughness and experience to our team. With 42 years of experience as a notary, a background in teaching business law, and deep roots in the Laurentians, she is a woman who knows how to support people during the important moments of their lives. Families and seniors in Saint-J\u00e9r\u00f4me will find in her an attentive and competent representative.\u201d<\/p>\n<p data-start=\"1695\" data-end=\"1746\" data-is-last-node data-is-only-node>- Charles Milliard, Leader of the Quebec Liberal Party<\/p>\n<\/blockquote>\n","protected":false},"featured_media":0,"template":"","meta":{"_acf_changed":false,"_seopress_titles_title":"","_seopress_titles_desc":"","_seopress_robots_index":"","_seopress_robots_follow":"","_seopress_robots_imageindex":"","_seopress_robots_snippet":"","_seopress_robots_primary_cat":"","_seopress_robots_breadcrumbs":"","_seopress_robots_freeze_modified_date":"","_seopress_robots_custom_modified_date":"","_seopress_robots_canonical":"","_seopress_social_fb_title":"","_seopress_social_fb_desc":"","_seopress_social_fb_img":"","_seopress_social_fb_img_attachment_id":0,"_seopress_social_fb_img_width":0,"_seopress_social_fb_img_height":0,"_seopress_social_twitter_title":"","_seopress_social_twitter_desc":"","_seopress_social_twitter_img":"","_seopress_social_twitter_img_attachment_id":0,"_seopress_social_twitter_img_width":0,"_seopress_social_twitter_img_height":0,"_seopress_redirections_value":"","_seopress_redirections_enabled":"","_seopress_redirections_enabled_regex":"","_seopress_redirections_logged_status":"","_seopress_redirections_param":"","_seopress_redirections_type":0,"_seopress_analysis_target_kw":"","_seopress_news_disabled":"","_seopress_video_disabled":"","_seopress_video":[],"_seopress_pro_schemas_manual":[],"_seopress_pro_rich_snippets_disable_all":"","_seopress_pro_rich_snippets_disable":[],"_seopress_pro_schemas":[],"inline_featured_image":false},"circonscription":[112],"dossier":[175],"langue":[173,174],"nouvelle-a-la-une":[],"class_list":["post-24639","communique","type-communique","status-publish","circonscription-saint-jerome","dossier-le-parti","langue-francais","langue-anglais"],"acf":[],"_links":{"self":[{"href":"https:\/\/plq.org\/en\/wp-json\/wp\/v2\/communique\/24639","targetHints":{"allow":["GET"]}}],"collection":[{"href":"https:\/\/plq.org\/en\/wp-json\/wp\/v2\/communique"}],"about":[{"href":"https:\/\/plq.org\/en\/wp-json\/wp\/v2\/types\/communique"}],"wp:attachment":[{"href":"https:\/\/plq.org\/en\/wp-json\/wp\/v2\/media?parent=24639"}],"wp:term":[{"taxonomy":"circonscription","embeddable":true,"href":"https:\/\/plq.org\/en\/wp-json\/wp\/v2\/circonscription?post=24639"},{"taxonomy":"dossier","embeddable":true,"href":"https:\/\/plq.org\/en\/wp-json\/wp\/v2\/dossier?post=24639"},{"taxonomy":"langue","embeddable":true,"href":"https:\/\/plq.org\/en\/wp-json\/wp\/v2\/langue?post=24639"},{"taxonomy":"nouvelle-a-la-une","embeddable":true,"href":"https:\/\/plq.org\/en\/wp-json\/wp\/v2\/nouvelle-a-la-une?post=24639"}],"curies":[{"name":"wp","href":"https:\/\/api.w.org\/{rel}","templated":true}]}}

Suzanne Pomerleau candidate officielle du Parti libéral du Québec dans Saint-Jérôme

<p class="PDq2pG_selectionAnchorContainer" data-start="85" data-end="286">Saint-Jérôme, August 10, 2026 — The Quebec Liberal Party is proud to announce the candidacy of Ms. Suzanne Pomerleau in the riding of Saint-Jérôme for the upcoming general election.</p>
<p data-start="288" data-end="630">With 42 years of experience as a notary, Suzanne Pomerleau has also taught business law at Collège Lionel-Groulx in Sainte-Thérèse. Now retired, she hopes to use her experience to help improve the quality of life for families and seniors in the Saint-Jérôme riding.</p>
<p data-start="632" data-end="834">A longtime resident of the Laurentian region, the QLP candidate for Saint-Jérôme lived in Saint-Sauveur for many years. With a curiosity about the world, she backpacked around the globe at the age of 30.</p>
<blockquote>
<p data-start="836" data-end="1249">“After more than four decades of serving people as a notary and a teacher, I know how important it is to listen before making decisions. That’s what I want to do for the families and seniors of Saint-Jérôme. I have confidence in Charles Milliard and his team, and I look forward to meeting the residents of the district during this election campaign.”</p>
<p data-start="1251" data-end="1306">— Suzanne Pomerleau, QLP candidate in Saint-Jérôme</p>
<p data-start="1308" data-end="1693">“Suzanne brings a rare level of thoroughness and experience to our team. With 42 years of experience as a notary, a background in teaching business law, and deep roots in the Laurentians, she is a woman who knows how to support people during the important moments of their lives. Families and seniors in Saint-Jérôme will find in her an attentive and competent representative.”</p>
<p data-start="1695" data-end="1746" data-is-last-node data-is-only-node>- Charles Milliard, Leader of the Quebec Liberal Party</p>
</blockquote>
