{"id":24643,"date":"2026-08-11T13:46:14","date_gmt":"2026-08-11T17:46:14","guid":{"rendered":"https:\/\/plq.org\/?p=24643"},"modified":"2026-08-31T15:06:17","modified_gmt":"2026-08-31T19:06:17","slug":"sebastien-daoust-candidat-officiel-du-parti-liberal-du-quebec-dans-blainville","status":"publish","type":"communique","link":"https:\/\/plq.org\/en\/communique\/sebastien-daoust-candidat-officiel-du-parti-liberal-du-quebec-dans-blainville\/","title":{"rendered":"S\u00e9bastien Daoust candidat officiel du Parti lib\u00e9ral du Qu\u00e9bec dans Blainville"},"content":{"rendered":"<p class=\"PDq2pG_selectionAnchorContainer\" data-start=\"79\" data-end=\"274\">Blainville, August 10, 2026 \u2014 The Quebec Liberal Party is proud to announce the candidacy of Mr. S\u00e9bastien Daoust in the Blainville riding for the upcoming general election.<\/p>\n<p data-start=\"276\" data-end=\"470\">A business analyst by training, entrepreneur, and educator, S\u00e9bastien Daoust has built his career at the intersection of management, entrepreneurship, and Quebec\u2019s agri-food sector.<\/p>\n<p data-start=\"472\" data-end=\"827\">With a master\u2019s degree in management science, specializing in business process optimization and information systems implementation, he led a team of business analysts for several years. He also shares his expertise with the next generation as an adjunct professor at HEC Montr\u00e9al, where he continues to teach today.<\/p>\n<p data-start=\"829\" data-end=\"1224\">Fifteen years ago, Mr. Daoust took the plunge into entrepreneurship by acquiring his own vineyard, a small business that now employs nine people. This experience gave him firsthand insight into the realities faced by Quebec entrepreneurs, particularly in the agricultural sector: bureaucratic red tape, labor issues, market development, and business succession.<\/p>\n<p data-start=\"1226\" data-end=\"1492\">Active in the wine and agri-food sectors, the PLQ candidate in Blainville serves on the boards of directors of the Conseil des vins du Qu\u00e9bec, March\u00e9s publics de Montr\u00e9al, and the Conseil des appellations r\u00e9serv\u00e9es et des termes valorisants.<\/p>\n<p data-start=\"1494\" data-end=\"1904\">As the father of two young daughters, S\u00e9bastien Daoust now wants to put his experience as a manager and entrepreneur to work for Quebec. Convinced that prosperity depends on more productive, competitive, and better-supported businesses, he is entering politics to reduce the administrative burden, facilitate business succession, and give greater prominence to local products and expertise.<\/p>\n<blockquote>\n<p data-start=\"1906\" data-end=\"2485\">\u201cAs an entrepreneur, I\u2019ve spent fifteen years dealing with regulations that slow businesses down instead of helping them grow. I\u2019m running for office in Blainville because I want to put that experience to good use: to create more productive businesses, to ensure business successors don\u2019t give up because of red tape, and to help local products find their place in the market. I have confidence in Charles Milliard and his team to get Quebec\u2019s economy back on track. It is also with this in mind that I want to be the voice of Blainville\u2019s citizens, families, and businesses in Quebec City!\u201d<\/p>\n<p data-start=\"2487\" data-end=\"2538\">\u2014 S\u00e9bastien Daoust, QLP candidate in Blainville<\/p>\n<p data-start=\"2540\" data-end=\"2987\">\u201cS\u00e9bastien knows the business world from the inside\u2014as a manager, an educator, and the owner of an agricultural small business. He knows what it means to hire employees, develop markets, and pass on a business. Families and entrepreneurs in Blainville need a representative who understands their daily lives and knows how to get things done. That\u2019s exactly the kind of representative S\u00e9bastien will be in the National Assembly.\u201d<\/p>\n<p data-start=\"2989\" data-end=\"3040\" data-is-last-node data-is-only-node>- Charles Milliard, Leader of the Quebec Liberal Party<\/p>\n<\/blockquote>\n","protected":false},"featured_media":0,"template":"","meta":{"_acf_changed":false,"_seopress_titles_title":"","_seopress_titles_desc":"","_seopress_robots_index":"","_seopress_robots_follow":"","_seopress_robots_imageindex":"","_seopress_robots_snippet":"","_seopress_robots_primary_cat":"","_seopress_robots_breadcrumbs":"","_seopress_robots_freeze_modified_date":"","_seopress_robots_custom_modified_date":"","_seopress_robots_canonical":"","_seopress_social_fb_title":"","_seopress_social_fb_desc":"","_seopress_social_fb_img":"","_seopress_social_fb_img_attachment_id":0,"_seopress_social_fb_img_width":0,"_seopress_social_fb_img_height":0,"_seopress_social_twitter_title":"","_seopress_social_twitter_desc":"","_seopress_social_twitter_img":"","_seopress_social_twitter_img_attachment_id":0,"_seopress_social_twitter_img_width":0,"_seopress_social_twitter_img_height":0,"_seopress_redirections_value":"","_seopress_redirections_enabled":"","_seopress_redirections_enabled_regex":"","_seopress_redirections_logged_status":"","_seopress_redirections_param":"","_seopress_redirections_type":0,"_seopress_analysis_target_kw":"","_seopress_news_disabled":"","_seopress_video_disabled":"","_seopress_video":[],"_seopress_pro_schemas_manual":[],"_seopress_pro_rich_snippets_disable_all":"","_seopress_pro_rich_snippets_disable":[],"_seopress_pro_schemas":[],"inline_featured_image":false},"circonscription":[19],"dossier":[175],"langue":[173,174],"nouvelle-a-la-une":[],"class_list":["post-24643","communique","type-communique","status-publish","circonscription-blainville","dossier-le-parti","langue-francais","langue-anglais"],"acf":[],"_links":{"self":[{"href":"https:\/\/plq.org\/en\/wp-json\/wp\/v2\/communique\/24643","targetHints":{"allow":["GET"]}}],"collection":[{"href":"https:\/\/plq.org\/en\/wp-json\/wp\/v2\/communique"}],"about":[{"href":"https:\/\/plq.org\/en\/wp-json\/wp\/v2\/types\/communique"}],"wp:attachment":[{"href":"https:\/\/plq.org\/en\/wp-json\/wp\/v2\/media?parent=24643"}],"wp:term":[{"taxonomy":"circonscription","embeddable":true,"href":"https:\/\/plq.org\/en\/wp-json\/wp\/v2\/circonscription?post=24643"},{"taxonomy":"dossier","embeddable":true,"href":"https:\/\/plq.org\/en\/wp-json\/wp\/v2\/dossier?post=24643"},{"taxonomy":"langue","embeddable":true,"href":"https:\/\/plq.org\/en\/wp-json\/wp\/v2\/langue?post=24643"},{"taxonomy":"nouvelle-a-la-une","embeddable":true,"href":"https:\/\/plq.org\/en\/wp-json\/wp\/v2\/nouvelle-a-la-une?post=24643"}],"curies":[{"name":"wp","href":"https:\/\/api.w.org\/{rel}","templated":true}]}}

Sébastien Daoust candidat officiel du Parti libéral du Québec dans Blainville

<p class="PDq2pG_selectionAnchorContainer" data-start="79" data-end="274">Blainville, August 10, 2026 — The Quebec Liberal Party is proud to announce the candidacy of Mr. Sébastien Daoust in the Blainville riding for the upcoming general election.</p>
<p data-start="276" data-end="470">A business analyst by training, entrepreneur, and educator, Sébastien Daoust has built his career at the intersection of management, entrepreneurship, and Quebec’s agri-food sector.</p>
<p data-start="472" data-end="827">With a master’s degree in management science, specializing in business process optimization and information systems implementation, he led a team of business analysts for several years. He also shares his expertise with the next generation as an adjunct professor at HEC Montréal, where he continues to teach today.</p>
<p data-start="829" data-end="1224">Fifteen years ago, Mr. Daoust took the plunge into entrepreneurship by acquiring his own vineyard, a small business that now employs nine people. This experience gave him firsthand insight into the realities faced by Quebec entrepreneurs, particularly in the agricultural sector: bureaucratic red tape, labor issues, market development, and business succession.</p>
<p data-start="1226" data-end="1492">Active in the wine and agri-food sectors, the PLQ candidate in Blainville serves on the boards of directors of the Conseil des vins du Québec, Marchés publics de Montréal, and the Conseil des appellations réservées et des termes valorisants.</p>
<p data-start="1494" data-end="1904">As the father of two young daughters, Sébastien Daoust now wants to put his experience as a manager and entrepreneur to work for Quebec. Convinced that prosperity depends on more productive, competitive, and better-supported businesses, he is entering politics to reduce the administrative burden, facilitate business succession, and give greater prominence to local products and expertise.</p>
<blockquote>
<p data-start="1906" data-end="2485">“As an entrepreneur, I’ve spent fifteen years dealing with regulations that slow businesses down instead of helping them grow. I’m running for office in Blainville because I want to put that experience to good use: to create more productive businesses, to ensure business successors don’t give up because of red tape, and to help local products find their place in the market. I have confidence in Charles Milliard and his team to get Quebec’s economy back on track. It is also with this in mind that I want to be the voice of Blainville’s citizens, families, and businesses in Quebec City!”</p>
<p data-start="2487" data-end="2538">— Sébastien Daoust, QLP candidate in Blainville</p>
<p data-start="2540" data-end="2987">“Sébastien knows the business world from the inside—as a manager, an educator, and the owner of an agricultural small business. He knows what it means to hire employees, develop markets, and pass on a business. Families and entrepreneurs in Blainville need a representative who understands their daily lives and knows how to get things done. That’s exactly the kind of representative Sébastien will be in the National Assembly.”</p>
<p data-start="2989" data-end="3040" data-is-last-node data-is-only-node>- Charles Milliard, Leader of the Quebec Liberal Party</p>
</blockquote>
