{"id":25234,"date":"2026-09-03T11:06:26","date_gmt":"2026-09-03T15:06:26","guid":{"rendered":"https:\/\/plq.org\/?post_type=communique&#038;p=25234"},"modified":"2026-09-03T11:16:24","modified_gmt":"2026-09-03T15:16:24","slug":"le-parti-liberal-du-quebec-veut-rapprocher-les-soins-des-patients-grace-a-la-telesante","status":"publish","type":"communique","link":"https:\/\/plq.org\/en\/communique\/le-parti-liberal-du-quebec-veut-rapprocher-les-soins-des-patients-grace-a-la-telesante\/","title":{"rendered":"Le Parti lib\u00e9ral du Qu\u00e9bec veut rapprocher les soins des patients gr\u00e2ce \u00e0 la t\u00e9l\u00e9sant\u00e9"},"content":{"rendered":"<p><strong>Rivi\u00e8re-du-Loup, September 3, 2026<\/strong> \u2013 Receiving care shouldn\u2019t always mean putting your life on hold. Charles Milliard proposes creating a public telehealth portal available to all Quebecers, to bring care closer to patients and make their lives easier.<\/p>\n<p>Even today, a doctor\u2019s appointment lasting just a few minutes may require taking time off work, arranging childcare, or spending hours on the road. When circumstances allow, Quebecers should be able to avoid these inconveniences.<\/p>\n<p>Telehealth will be fully integrated into primary care and will rely on an interdisciplinary approach to ensure that patients have access to the appropriate healthcare professional based on their needs\u2014such as a nurse, a physician\u2019s assistant, or a doctor. Care that requires an examination or in-person presence will, of course, continue to be provided in person.<\/p>\n<p>This new entry point will also allow us to make better use of everyone\u2019s skills and the network\u2019s resources. In the face of a shortage, the PLQ wants to place its trust in the professionals we train and enable them to contribute fully to patient care.<\/p>\n<blockquote><p>\u201cAn appointment that lasts just a few minutes shouldn\u2019t take up hours of your day. When care can be provided remotely, let\u2019s give Quebecers that option. Our goal is simple: less time waiting or traveling, and more time for family, work, and life.\u201d<\/p>\n<p>- Charles Milliard, Leader of the Quebec Liberal Party<\/p><\/blockquote>\n<p><strong>A team ready to tackle the challenges of our network<\/strong><\/p>\n<p>This team is led by Charles Milliard, a pharmacist himself and the only leader with the necessary knowledge and credibility in the field of health care. His Health team brings together men and women with complementary backgrounds and areas of expertise, all united by a shared goal: to tangibly improve access to care and build a public healthcare system that is stronger, more compassionate, and better suited to the needs of Quebecers.<\/p>\n<p><strong>Gertrude Bourdon:<\/strong> Nurse, seasoned manager, former CEO of the CHU de Qu\u00e9bec, and Liberal candidate in the Jean-Lesage riding.<\/p>\n<p><strong>Pierre Cossette:<\/strong> Physician, professor, renowned administrator, former dean of the Faculty of Medicine and Health Sciences at the University of Sherbrooke, and Liberal candidate in Sherbrooke.<\/p>\n<p><strong>Monsef Derraji:<\/strong> He holds a Ph.D. in public health from the University of Montreal, served as the Liberal Party\u2019s spokesperson on health issues for several years, and was the Liberal candidate in Nelligan.<\/p>\n<p><strong>Andr\u00e9 Fortin:<\/strong> A spokesperson on health issues for several years, a staunch advocate for access to healthcare in rural areas, and a Liberal candidate in Pontiac.<\/p>\n<p><strong>Yvena Luc:<\/strong> A clinical nurse with experience working in hospitals, long-term care facilities (CHSLDs), and community health centers (CLSCs), and an independent candidate in Repentigny.<\/p>\n<p><strong>Agathe Owana<\/strong> <strong>:<\/strong> An experienced social worker specializing in mental health and an independent candidate in Les Plaines.<\/p>\n<p><strong>Annie Pronovost:<\/strong> Night shift mental health nurse and independent candidate in Champlain.<\/p>\n<p><strong>C\u00e9cile Tremblay:<\/strong> She holds a Ph.D. in medicine, specializes in microbiology and infectious diseases, serves as the principal investigator on several major research projects, was a reassuring figure to the public during the COVID-19 pandemic, and is the Liberal candidate in Sainte-Rose.<\/p>\n","protected":false},"featured_media":0,"template":"","meta":{"_acf_changed":false,"_seopress_titles_title":"","_seopress_titles_desc":"","_seopress_robots_index":"","_seopress_robots_follow":"","_seopress_robots_imageindex":"","_seopress_robots_snippet":"","_seopress_robots_primary_cat":"","_seopress_robots_breadcrumbs":"","_seopress_robots_freeze_modified_date":"","_seopress_robots_custom_modified_date":"","_seopress_robots_canonical":"","_seopress_social_fb_title":"","_seopress_social_fb_desc":"","_seopress_social_fb_img":"","_seopress_social_fb_img_attachment_id":0,"_seopress_social_fb_img_width":0,"_seopress_social_fb_img_height":0,"_seopress_social_twitter_title":"","_seopress_social_twitter_desc":"","_seopress_social_twitter_img":"","_seopress_social_twitter_img_attachment_id":0,"_seopress_social_twitter_img_width":0,"_seopress_social_twitter_img_height":0,"_seopress_redirections_value":"","_seopress_redirections_enabled":"","_seopress_redirections_enabled_regex":"","_seopress_redirections_logged_status":"","_seopress_redirections_param":"","_seopress_redirections_type":0,"_seopress_analysis_target_kw":"","_seopress_news_disabled":"","_seopress_video_disabled":"","_seopress_video":[],"_seopress_pro_schemas_manual":[],"_seopress_pro_rich_snippets_disable_all":"","_seopress_pro_rich_snippets_disable":[],"_seopress_pro_schemas":[],"inline_featured_image":false},"circonscription":[133],"dossier":[134],"langue":[173],"nouvelle-a-la-une":[156],"class_list":["post-25234","communique","type-communique","status-publish","circonscription-chef","dossier-services-publics","langue-francais","nouvelle-a-la-une-oui"],"acf":[],"_links":{"self":[{"href":"https:\/\/plq.org\/en\/wp-json\/wp\/v2\/communique\/25234","targetHints":{"allow":["GET"]}}],"collection":[{"href":"https:\/\/plq.org\/en\/wp-json\/wp\/v2\/communique"}],"about":[{"href":"https:\/\/plq.org\/en\/wp-json\/wp\/v2\/types\/communique"}],"wp:attachment":[{"href":"https:\/\/plq.org\/en\/wp-json\/wp\/v2\/media?parent=25234"}],"wp:term":[{"taxonomy":"circonscription","embeddable":true,"href":"https:\/\/plq.org\/en\/wp-json\/wp\/v2\/circonscription?post=25234"},{"taxonomy":"dossier","embeddable":true,"href":"https:\/\/plq.org\/en\/wp-json\/wp\/v2\/dossier?post=25234"},{"taxonomy":"langue","embeddable":true,"href":"https:\/\/plq.org\/en\/wp-json\/wp\/v2\/langue?post=25234"},{"taxonomy":"nouvelle-a-la-une","embeddable":true,"href":"https:\/\/plq.org\/en\/wp-json\/wp\/v2\/nouvelle-a-la-une?post=25234"}],"curies":[{"name":"wp","href":"https:\/\/api.w.org\/{rel}","templated":true}]}}

Le Parti libéral du Québec veut rapprocher les soins des patients grâce à la télésanté

<p><strong>Rivière-du-Loup, September 3, 2026</strong> – Receiving care shouldn’t always mean putting your life on hold. Charles Milliard proposes creating a public telehealth portal available to all Quebecers, to bring care closer to patients and make their lives easier.</p>
<p>Even today, a doctor’s appointment lasting just a few minutes may require taking time off work, arranging childcare, or spending hours on the road. When circumstances allow, Quebecers should be able to avoid these inconveniences.</p>
<p>Telehealth will be fully integrated into primary care and will rely on an interdisciplinary approach to ensure that patients have access to the appropriate healthcare professional based on their needs—such as a nurse, a physician’s assistant, or a doctor. Care that requires an examination or in-person presence will, of course, continue to be provided in person.</p>
<p>This new entry point will also allow us to make better use of everyone’s skills and the network’s resources. In the face of a shortage, the PLQ wants to place its trust in the professionals we train and enable them to contribute fully to patient care.</p>
<blockquote><p>“An appointment that lasts just a few minutes shouldn’t take up hours of your day. When care can be provided remotely, let’s give Quebecers that option. Our goal is simple: less time waiting or traveling, and more time for family, work, and life.”</p>
<p>- Charles Milliard, Leader of the Quebec Liberal Party</p></blockquote>
<p><strong>A team ready to tackle the challenges of our network</strong></p>
<p>This team is led by Charles Milliard, a pharmacist himself and the only leader with the necessary knowledge and credibility in the field of health care. His Health team brings together men and women with complementary backgrounds and areas of expertise, all united by a shared goal: to tangibly improve access to care and build a public healthcare system that is stronger, more compassionate, and better suited to the needs of Quebecers.</p>
<p><strong>Gertrude Bourdon:</strong> Nurse, seasoned manager, former CEO of the CHU de Québec, and Liberal candidate in the Jean-Lesage riding.</p>
<p><strong>Pierre Cossette:</strong> Physician, professor, renowned administrator, former dean of the Faculty of Medicine and Health Sciences at the University of Sherbrooke, and Liberal candidate in Sherbrooke.</p>
<p><strong>Monsef Derraji:</strong> He holds a Ph.D. in public health from the University of Montreal, served as the Liberal Party’s spokesperson on health issues for several years, and was the Liberal candidate in Nelligan.</p>
<p><strong>André Fortin:</strong> A spokesperson on health issues for several years, a staunch advocate for access to healthcare in rural areas, and a Liberal candidate in Pontiac.</p>
<p><strong>Yvena Luc:</strong> A clinical nurse with experience working in hospitals, long-term care facilities (CHSLDs), and community health centers (CLSCs), and an independent candidate in Repentigny.</p>
<p><strong>Agathe Owana</strong> <strong>:</strong> An experienced social worker specializing in mental health and an independent candidate in Les Plaines.</p>
<p><strong>Annie Pronovost:</strong> Night shift mental health nurse and independent candidate in Champlain.</p>
<p><strong>Cécile Tremblay:</strong> She holds a Ph.D. in medicine, specializes in microbiology and infectious diseases, serves as the principal investigator on several major research projects, was a reassuring figure to the public during the COVID-19 pandemic, and is the Liberal candidate in Sainte-Rose.</p>
