{"id":25236,"date":"2026-09-04T11:31:25","date_gmt":"2026-09-04T15:31:25","guid":{"rendered":"https:\/\/plq.org\/?post_type=communique&#038;p=25236"},"modified":"2026-09-04T11:32:20","modified_gmt":"2026-09-04T15:32:20","slug":"le-parti-liberal-du-quebec-veut-investir-60-m-de-plus-par-annee-pour-faire-un-premier-pas-vers-litinerance-zero","status":"publish","type":"communique","link":"https:\/\/plq.org\/en\/communique\/le-parti-liberal-du-quebec-veut-investir-60-m-de-plus-par-annee-pour-faire-un-premier-pas-vers-litinerance-zero\/","title":{"rendered":"Le Parti lib\u00e9ral du Qu\u00e9bec veut investir 60 M$ de plus par ann\u00e9e pour faire un premier pas vers l&rsquo;itin\u00e9rance z\u00e9ro"},"content":{"rendered":"<p><strong>Quebec City, September 4, 2026 <\/strong>\u2013 Au Qu\u00e9bec, dans la nuit du April 15, 2025, 12 077 personnes ont pass\u00e9 la nuit en situation d\u2019itin\u00e9rance visible. C\u2019est une augmentation de plus de 20 % depuis 2022.<\/p>\n<p>Le chef du Parti lib\u00e9ral du Qu\u00e9bec, Charles Milliard, consid\u00e8re qu\u2019il faut agir sur plusieurs fronts afin de freiner cette tendance inqui\u00e9tante. L\u2019itin\u00e9rance ne peut \u00eatre trait\u00e9e uniquement par l\u2019ajout de places d\u2019h\u00e9bergement, puisque les trajectoires menant \u00e0 la rue sont trop nombreuses et vari\u00e9es. C\u2019est pourquoi il pr\u00e9sente aujourd\u2019hui un plan qui repose sur quatre principaux axes.<\/p>\n<p><strong>1. \u00c9viter la rue<\/strong><\/p>\n<ul>\n<li>Accompagner les jeunes quittant les centres jeunesse en d\u00e9ployant un intervenant pivot, un plan de transition et un acc\u00e8s aux services de sant\u00e9 mentale pour chacun;<\/li>\n<li>Pr\u00e9venir les expulsions menant \u00e0 la rue;<\/li>\n<li>Bonifier le Programme de soutien au loyer.<\/li>\n<\/ul>\n<p><strong>2. Soutenir les personnes en situation d\u2019itin\u00e9rance<\/strong><\/p>\n<ul>\n<li>Bonifier le financement des ressources en itin\u00e9rance.<\/li>\n<\/ul>\n<p><strong>3. Sortir de la rue<\/strong><\/p>\n<ul>\n<li>Bonifier les services de sant\u00e9 mentale pour les personnes en situation d\u2019itin\u00e9rance ou de d\u00e9pendance, en soutenant des initiatives locales et des projets destin\u00e9s aux personnes itin\u00e9rantes ou \u00e0 risque vivant avec des probl\u00e8mes de sant\u00e9 mentale;<\/li>\n<li>P\u00e9renniser le financement du programme PRISM\/PRISMD et augmenter progressivement le nombre de points de service selon les besoins r\u00e9gionaux;<\/li>\n<li>Augmenter l\u2019offre d\u2019h\u00e9bergement de transition et les services d\u2019accompagnement.<\/li>\n<\/ul>\n<p><strong>4. R\u00e9fl\u00e9chir collectivement \u00e0 des solutions durables pour lutter contre l\u2019itin\u00e9rance<\/strong><\/p>\n<ul>\n<li>Tenir un sommet national sur l\u2019itin\u00e9rance r\u00e9unissant les municipalit\u00e9s, les nations autochtones, les chercheurs, les organismes communautaires, les r\u00e9seaux de la sant\u00e9 et de l\u2019habitation ainsi que les acteurs \u00e9conomiques, syndicaux et philanthropiques.<\/li>\n<\/ul>\n<p>Au total, ces initiatives repr\u00e9sentent des investissements suppl\u00e9mentaires de 60 millions de dollars par ann\u00e9e.<\/p>\n<p>Rappelons que le Parti lib\u00e9ral du Qu\u00e9bec propose de s\u2019attaquer r\u00e9ellement \u00e0 la crise du logement en se fixant l\u2019objectif ambitieux de construire, \u00e0 terme, 100 000 logements par ann\u00e9e au Qu\u00e9bec et d\u2019ajouter 40 000 logements sociaux et abordables d\u2019ici cinq ans.<\/p>\n<blockquote><p>\u00ab La CAQ a \u00e9chou\u00e9 \u00e0 d\u00e9ployer un plan efficace pour contrer la hausse fulgurante de l\u2019itin\u00e9rance que conna\u00eet le Qu\u00e9bec depuis quatre ans. Il ne faut pas simplement agir dans l\u2019urgence et ajouter des places d\u2019h\u00e9bergement ici et l\u00e0, comme l\u2019a fait la CAQ. Chaque histoire d\u2019itin\u00e9rance repose sur des probl\u00e9matiques diff\u00e9rentes qui n\u00e9cessitent des actions adapt\u00e9es \u00e0 ces r\u00e9alit\u00e9s. Nous proposons un plan concret qui permettra aux personnes d\u2019\u00e9viter la rue ou d\u2019en sortir et de trouver un toit. \u00bb<\/p>\n<p>- Charles Milliard, Leader of the Quebec Liberal Party<\/p><\/blockquote>\n","protected":false},"featured_media":0,"template":"","meta":{"_acf_changed":false,"_seopress_titles_title":"","_seopress_titles_desc":"","_seopress_robots_index":"","_seopress_robots_follow":"","_seopress_robots_imageindex":"","_seopress_robots_snippet":"","_seopress_robots_primary_cat":"","_seopress_robots_breadcrumbs":"","_seopress_robots_freeze_modified_date":"","_seopress_robots_custom_modified_date":"","_seopress_robots_canonical":"","_seopress_social_fb_title":"","_seopress_social_fb_desc":"","_seopress_social_fb_img":"","_seopress_social_fb_img_attachment_id":0,"_seopress_social_fb_img_width":0,"_seopress_social_fb_img_height":0,"_seopress_social_twitter_title":"","_seopress_social_twitter_desc":"","_seopress_social_twitter_img":"","_seopress_social_twitter_img_attachment_id":0,"_seopress_social_twitter_img_width":0,"_seopress_social_twitter_img_height":0,"_seopress_redirections_value":"","_seopress_redirections_enabled":"","_seopress_redirections_enabled_regex":"","_seopress_redirections_logged_status":"","_seopress_redirections_param":"","_seopress_redirections_type":0,"_seopress_analysis_target_kw":"","_seopress_news_disabled":"","_seopress_video_disabled":"","_seopress_video":[],"_seopress_pro_schemas_manual":[],"_seopress_pro_rich_snippets_disable_all":"","_seopress_pro_rich_snippets_disable":[],"_seopress_pro_schemas":[],"inline_featured_image":false},"circonscription":[133],"dossier":[134,176,177],"langue":[173],"nouvelle-a-la-une":[],"class_list":["post-25236","communique","type-communique","status-publish","circonscription-chef","dossier-services-publics","dossier-economie","dossier-logements","langue-francais"],"acf":[],"_links":{"self":[{"href":"https:\/\/plq.org\/en\/wp-json\/wp\/v2\/communique\/25236","targetHints":{"allow":["GET"]}}],"collection":[{"href":"https:\/\/plq.org\/en\/wp-json\/wp\/v2\/communique"}],"about":[{"href":"https:\/\/plq.org\/en\/wp-json\/wp\/v2\/types\/communique"}],"wp:attachment":[{"href":"https:\/\/plq.org\/en\/wp-json\/wp\/v2\/media?parent=25236"}],"wp:term":[{"taxonomy":"circonscription","embeddable":true,"href":"https:\/\/plq.org\/en\/wp-json\/wp\/v2\/circonscription?post=25236"},{"taxonomy":"dossier","embeddable":true,"href":"https:\/\/plq.org\/en\/wp-json\/wp\/v2\/dossier?post=25236"},{"taxonomy":"langue","embeddable":true,"href":"https:\/\/plq.org\/en\/wp-json\/wp\/v2\/langue?post=25236"},{"taxonomy":"nouvelle-a-la-une","embeddable":true,"href":"https:\/\/plq.org\/en\/wp-json\/wp\/v2\/nouvelle-a-la-une?post=25236"}],"curies":[{"name":"wp","href":"https:\/\/api.w.org\/{rel}","templated":true}]}}

Le Parti libéral du Québec veut investir 60 M$ de plus par année pour faire un premier pas vers l&rsquo;itinérance zéro

<p><strong>Quebec City, September 4, 2026 </strong>– Au Québec, dans la nuit du April 15, 2025, 12 077 personnes ont passé la nuit en situation d’itinérance visible. C’est une augmentation de plus de 20 % depuis 2022.</p>
<p>Le chef du Parti libéral du Québec, Charles Milliard, considère qu’il faut agir sur plusieurs fronts afin de freiner cette tendance inquiétante. L’itinérance ne peut être traitée uniquement par l’ajout de places d’hébergement, puisque les trajectoires menant à la rue sont trop nombreuses et variées. C’est pourquoi il présente aujourd’hui un plan qui repose sur quatre principaux axes.</p>
<p><strong>1. Éviter la rue</strong></p>
<ul>
<li>Accompagner les jeunes quittant les centres jeunesse en déployant un intervenant pivot, un plan de transition et un accès aux services de santé mentale pour chacun;</li>
<li>Prévenir les expulsions menant à la rue;</li>
<li>Bonifier le Programme de soutien au loyer.</li>
</ul>
<p><strong>2. Soutenir les personnes en situation d’itinérance</strong></p>
<ul>
<li>Bonifier le financement des ressources en itinérance.</li>
</ul>
<p><strong>3. Sortir de la rue</strong></p>
<ul>
<li>Bonifier les services de santé mentale pour les personnes en situation d’itinérance ou de dépendance, en soutenant des initiatives locales et des projets destinés aux personnes itinérantes ou à risque vivant avec des problèmes de santé mentale;</li>
<li>Pérenniser le financement du programme PRISM/PRISMD et augmenter progressivement le nombre de points de service selon les besoins régionaux;</li>
<li>Augmenter l’offre d’hébergement de transition et les services d’accompagnement.</li>
</ul>
<p><strong>4. Réfléchir collectivement à des solutions durables pour lutter contre l’itinérance</strong></p>
<ul>
<li>Tenir un sommet national sur l’itinérance réunissant les municipalités, les nations autochtones, les chercheurs, les organismes communautaires, les réseaux de la santé et de l’habitation ainsi que les acteurs économiques, syndicaux et philanthropiques.</li>
</ul>
<p>Au total, ces initiatives représentent des investissements supplémentaires de 60 millions de dollars par année.</p>
<p>Rappelons que le Parti libéral du Québec propose de s’attaquer réellement à la crise du logement en se fixant l’objectif ambitieux de construire, à terme, 100 000 logements par année au Québec et d’ajouter 40 000 logements sociaux et abordables d’ici cinq ans.</p>
<blockquote><p>« La CAQ a échoué à déployer un plan efficace pour contrer la hausse fulgurante de l’itinérance que connaît le Québec depuis quatre ans. Il ne faut pas simplement agir dans l’urgence et ajouter des places d’hébergement ici et là, comme l’a fait la CAQ. Chaque histoire d’itinérance repose sur des problématiques différentes qui nécessitent des actions adaptées à ces réalités. Nous proposons un plan concret qui permettra aux personnes d’éviter la rue ou d’en sortir et de trouver un toit. »</p>
<p>- Charles Milliard, Leader of the Quebec Liberal Party</p></blockquote>
